95.33.90.18 - - [14/Nov/2024:18:16:39 +0530] "GET /products/SEG38144.jpg HTTP/1.1" 200 39655 "https://www.krishnamexports.com/category/earrings&page_no=6" "Mozilla/5.0 (Windows NT 10.0; Win64; x64; rv:132.0) Gecko/20100101 Firefox/132.0"
95.33.90.18 - - [14/Nov/2024:18:16:45 +0530] "GET /category/earrings&page_no=7 HTTP/1.1" 200 151615 "https://www.krishnamexports.com/category/earrings&page_no=6" "Mozilla/5.0 (Windows NT 10.0; Win64; x64; rv:132.0) Gecko/20100101 Firefox/132.0"
95.33.90.18 - - [14/Nov/2024:18:16:46 +0530] "GET /products/SEG38140.jpg HTTP/1.1" 200 44518 "https://www.krishnamexports.com/category/earrings&page_no=7" "Mozilla/5.0 (Windows NT 10.0; Win64; x64; rv:132.0) Gecko/20100101 Firefox/132.0"
95.33.90.18 - - [14/Nov/2024:18:16:46 +0530] "GET /products/SEG38143.jpg HTTP/1.1" 200 24155 "https://www.krishnamexports.com/category/earrings&page_no=7" "Mozilla/5.0 (Windows NT 10.0; Win64; x64; rv:132.0) Gecko/20100101 Firefox/132.0"
95.33.90.18 - - [14/Nov/2024:18:16:46 +0530] "GET /products/SEG38137.jpg HTTP/1.1" 200 53030 "https://www.krishnamexports.com/category/earrings&page_no=7" "Mozilla/5.0 (Windows NT 10.0; Win64; x64; rv:132.0) Gecko/20100101 Firefox/132.0"
95.33.90.18 - - [14/Nov/2024:18:16:46 +0530] "GET /products/SEG38141.jpg HTTP/1.1" 200 50595 "https://www.krishnamexports.com/category/earrings&page_no=7" "Mozilla/5.0 (Windows NT 10.0; Win64; x64; rv:132.0) Gecko/20100101 Firefox/132.0"
95.33.90.18 - - [14/Nov/2024:18:16:46 +0530] "GET /products/SEG38142.jpg HTTP/1.1" 200 19800 "https://www.krishnamexports.com/category/earrings&page_no=7" "Mozilla/5.0 (Windows NT 10.0; Win64; x64; rv:132.0) Gecko/20100101 Firefox/132.0"
95.33.90.18 - - [14/Nov/2024:18:16:46 +0530] "GET /products/SEG38139.jpg HTTP/1.1" 200 44567 "https://www.krishnamexports.com/category/earrings&page_no=7" "Mozilla/5.0 (Windows NT 10.0; Win64; x64; rv:132.0) Gecko/20100101 Firefox/132.0"
95.33.90.18 - - [14/Nov/2024:18:16:46 +0530] "GET /products/SEG38136.jpg HTTP/1.1" 200 36406 "https://www.krishnamexports.com/category/earrings&page_no=7" "Mozilla/5.0 (Windows NT 10.0; Win64; x64; rv:132.0) Gecko/20100101 Firefox/132.0"
95.33.90.18 - - [14/Nov/2024:18:16:46 +0530] "GET /products/SEG38138.jpg HTTP/1.1" 200 47720 "https://www.krishnamexports.com/category/earrings&page_no=7" "Mozilla/5.0 (Windows NT 10.0; Win64; x64; rv:132.0) Gecko/20100101 Firefox/132.0"
95.33.90.18 - - [14/Nov/2024:18:16:46 +0530] "GET /products/SEG38135.jpg HTTP/1.1" 200 35836 "https://www.krishnamexports.com/category/earrings&page_no=7" "Mozilla/5.0 (Windows NT 10.0; Win64; x64; rv:132.0) Gecko/20100101 Firefox/132.0"
95.33.90.18 - - [14/Nov/2024:18:16:46 +0530] "GET /products/SEG38134.jpg HTTP/1.1" 200 40965 "https://www.krishnamexports.com/category/earrings&page_no=7" "Mozilla/5.0 (Windows NT 10.0; Win64; x64; rv:132.0) Gecko/20100101 Firefox/132.0"
95.33.90.18 - - [14/Nov/2024:18:16:46 +0530] "GET /products/SEG38133.jpg HTTP/1.1" 200 36731 "https://www.krishnamexports.com/category/earrings&page_no=7" "Mozilla/5.0 (Windows NT 10.0; Win64; x64; rv:132.0) Gecko/20100101 Firefox/132.0"
95.33.90.18 - - [14/Nov/2024:18:16:46 +0530] "GET /products/SEG38132.jpg HTTP/1.1" 200 48120 "https://www.krishnamexports.com/category/earrings&page_no=7" "Mozilla/5.0 (Windows NT 10.0; Win64; x64; rv:132.0) Gecko/20100101 Firefox/132.0"
95.33.90.18 - - [14/Nov/2024:18:16:46 +0530] "GET /products/SEG38129.jpg HTTP/1.1" 200 53770 "https://www.krishnamexports.com/category/earrings&page_no=7" "Mozilla/5.0 (Windows NT 10.0; Win64; x64; rv:132.0) Gecko/20100101 Firefox/132.0"
95.33.90.18 - - [14/Nov/2024:18:16:46 +0530] "GET /products/SEG38124.jpg HTTP/1.1" 200 11194 "https://www.krishnamexports.com/category/earrings&page_no=7" "Mozilla/5.0 (Windows NT 10.0; Win64; x64; rv:132.0) Gecko/20100101 Firefox/132.0"
95.33.90.18 - - [14/Nov/2024:18:16:46 +0530] "GET /products/SEG38128.jpg HTTP/1.1" 200 21991 "https://www.krishnamexports.com/category/earrings&page_no=7" "Mozilla/5.0 (Windows NT 10.0; Win64; x64; rv:132.0) Gecko/20100101 Firefox/132.0"
185.191.171.15 - - [14/Nov/2024:18:16:50 +0530] "GET /product/K298256?c=113&keyword=freshman HTTP/1.1" 200 77380 "-" "Mozilla/5.0 (compatible; SemrushBot/7~bl; +http://www.semrush.com/bot.html)"
66.249.79.37 - - [14/Nov/2024:18:17:01 +0530] "GET /175801635.phtml HTTP/1.1" 404 - "-" "Mozilla/5.0 (Linux; Android 6.0.1; Nexus 5X Build/MMB29P) AppleWebKit/537.36 (KHTML, like Gecko) Chrome/131.0.6778.69 Mobile Safari/537.36 (compatible; Googlebot/2.1; +http://www.google.com/bot.html)"
95.33.90.18 - - [14/Nov/2024:18:17:01 +0530] "GET /page/quality HTTP/1.1" 200 73869 "https://www.krishnamexports.com/category/earrings&page_no=7" "Mozilla/5.0 (Windows NT 10.0; Win64; x64; rv:132.0) Gecko/20100101 Firefox/132.0"
185.2.4.145 - - [14/Nov/2024:18:16:57 +0530] "GET / HTTP/1.1" 200 181616 "http://krishnamexports.com" "Mozilla/5.0 (Windows NT 10.0; WOW64; rv:56.0) Gecko/20100101 Firefox/56.0"
95.33.90.18 - - [14/Nov/2024:18:17:03 +0530] "GET /page/assets/img/product/product-details-img1.jpg HTTP/1.1" 200 73869 "https://www.krishnamexports.com/page/quality" "Mozilla/5.0 (Windows NT 10.0; Win64; x64; rv:132.0) Gecko/20100101 Firefox/132.0"
95.33.90.18 - - [14/Nov/2024:18:17:03 +0530] "GET /page/assets/img/product/product-details-img2.jpg HTTP/1.1" 200 73869 "https://www.krishnamexports.com/page/quality" "Mozilla/5.0 (Windows NT 10.0; Win64; x64; rv:132.0) Gecko/20100101 Firefox/132.0"
95.33.90.18 - - [14/Nov/2024:18:17:03 +0530] "GET /page/assets/img/product/product-details-img3.jpg HTTP/1.1" 200 73869 "https://www.krishnamexports.com/page/quality" "Mozilla/5.0 (Windows NT 10.0; Win64; x64; rv:132.0) Gecko/20100101 Firefox/132.0"
95.33.90.18 - - [14/Nov/2024:18:17:03 +0530] "GET /page/assets/img/product/product-details-img4.jpg HTTP/1.1" 200 73869 "https://www.krishnamexports.com/page/quality" "Mozilla/5.0 (Windows NT 10.0; Win64; x64; rv:132.0) Gecko/20100101 Firefox/132.0"
95.33.90.18 - - [14/Nov/2024:18:17:03 +0530] "GET /page/assets/img/product/product-details-img5.jpg HTTP/1.1" 200 73869 "https://www.krishnamexports.com/page/quality" "Mozilla/5.0 (Windows NT 10.0; Win64; x64; rv:132.0) Gecko/20100101 Firefox/132.0"
95.33.90.18 - - [14/Nov/2024:18:17:04 +0530] "GET /page/assets/img/product/product-details-img5.jpg HTTP/1.1" 200 73869 "https://www.krishnamexports.com/page/quality" "Mozilla/5.0 (Windows NT 10.0; Win64; x64; rv:132.0) Gecko/20100101 Firefox/132.0"
95.33.90.18 - - [14/Nov/2024:18:17:04 +0530] "GET /page/assets/img/product/product-details-img4.jpg HTTP/1.1" 200 73869 "https://www.krishnamexports.com/page/quality" "Mozilla/5.0 (Windows NT 10.0; Win64; x64; rv:132.0) Gecko/20100101 Firefox/132.0"
95.33.90.18 - - [14/Nov/2024:18:17:04 +0530] "GET /page/assets/img/product/product-details-img3.jpg HTTP/1.1" 200 73869 "https://www.krishnamexports.com/page/quality" "Mozilla/5.0 (Windows NT 10.0; Win64; x64; rv:132.0) Gecko/20100101 Firefox/132.0"
185.191.171.15 - - [14/Nov/2024:18:17:04 +0530] "GET /product/U941558?c=123&keyword=diamond HTTP/1.1" 200 77380 "-" "Mozilla/5.0 (compatible; SemrushBot/7~bl; +http://www.semrush.com/bot.html)"
95.33.90.18 - - [14/Nov/2024:18:17:05 +0530] "GET /page/assets/img/product/product-details-img2.jpg HTTP/1.1" 200 73869 "https://www.krishnamexports.com/page/quality" "Mozilla/5.0 (Windows NT 10.0; Win64; x64; rv:132.0) Gecko/20100101 Firefox/132.0"
95.33.90.18 - - [14/Nov/2024:18:17:05 +0530] "GET /page/assets/img/product/product-details-img1.jpg HTTP/1.1" 200 73869 "https://www.krishnamexports.com/page/quality" "Mozilla/5.0 (Windows NT 10.0; Win64; x64; rv:132.0) Gecko/20100101 Firefox/132.0"
95.33.90.18 - - [14/Nov/2024:18:17:09 +0530] "GET /page/manufacturing HTTP/1.1" 200 73869 "https://www.krishnamexports.com/page/quality" "Mozilla/5.0 (Windows NT 10.0; Win64; x64; rv:132.0) Gecko/20100101 Firefox/132.0"
95.33.90.18 - - [14/Nov/2024:18:17:10 +0530] "GET /page/assets/img/product/product-details-img1.jpg HTTP/1.1" 200 73869 "https://www.krishnamexports.com/page/manufacturing" "Mozilla/5.0 (Windows NT 10.0; Win64; x64; rv:132.0) Gecko/20100101 Firefox/132.0"
95.33.90.18 - - [14/Nov/2024:18:17:10 +0530] "GET /page/assets/img/product/product-details-img2.jpg HTTP/1.1" 200 73869 "https://www.krishnamexports.com/page/manufacturing" "Mozilla/5.0 (Windows NT 10.0; Win64; x64; rv:132.0) Gecko/20100101 Firefox/132.0"
95.33.90.18 - - [14/Nov/2024:18:17:10 +0530] "GET /page/assets/img/product/product-details-img4.jpg HTTP/1.1" 200 73869 "https://www.krishnamexports.com/page/manufacturing" "Mozilla/5.0 (Windows NT 10.0; Win64; x64; rv:132.0) Gecko/20100101 Firefox/132.0"
95.33.90.18 - - [14/Nov/2024:18:17:10 +0530] "GET /page/assets/img/product/product-details-img3.jpg HTTP/1.1" 200 73869 "https://www.krishnamexports.com/page/manufacturing" "Mozilla/5.0 (Windows NT 10.0; Win64; x64; rv:132.0) Gecko/20100101 Firefox/132.0"
95.33.90.18 - - [14/Nov/2024:18:17:10 +0530] "GET /page/assets/img/product/product-details-img5.jpg HTTP/1.1" 200 73869 "https://www.krishnamexports.com/page/manufacturing" "Mozilla/5.0 (Windows NT 10.0; Win64; x64; rv:132.0) Gecko/20100101 Firefox/132.0"
95.33.90.18 - - [14/Nov/2024:18:17:11 +0530] "GET /page/assets/img/product/product-details-img5.jpg HTTP/1.1" 200 73869 "https://www.krishnamexports.com/page/manufacturing" "Mozilla/5.0 (Windows NT 10.0; Win64; x64; rv:132.0) Gecko/20100101 Firefox/132.0"
95.33.90.18 - - [14/Nov/2024:18:17:11 +0530] "GET /page/assets/img/product/product-details-img4.jpg HTTP/1.1" 200 73869 "https://www.krishnamexports.com/page/manufacturing" "Mozilla/5.0 (Windows NT 10.0; Win64; x64; rv:132.0) Gecko/20100101 Firefox/132.0"
95.33.90.18 - - [14/Nov/2024:18:17:11 +0530] "GET /page/assets/img/product/product-details-img3.jpg HTTP/1.1" 200 73869 "https://www.krishnamexports.com/page/manufacturing" "Mozilla/5.0 (Windows NT 10.0; Win64; x64; rv:132.0) Gecko/20100101 Firefox/132.0"
95.33.90.18 - - [14/Nov/2024:18:17:11 +0530] "GET /page/assets/img/product/product-details-img1.jpg HTTP/1.1" 200 73869 "https://www.krishnamexports.com/page/manufacturing" "Mozilla/5.0 (Windows NT 10.0; Win64; x64; rv:132.0) Gecko/20100101 Firefox/132.0"
95.33.90.18 - - [14/Nov/2024:18:17:11 +0530] "GET /page/assets/img/product/product-details-img2.jpg HTTP/1.1" 200 73869 "https://www.krishnamexports.com/page/manufacturing" "Mozilla/5.0 (Windows NT 10.0; Win64; x64; rv:132.0) Gecko/20100101 Firefox/132.0"
95.33.90.18 - - [14/Nov/2024:18:17:14 +0530] "GET /page/about-us HTTP/1.1" 200 73869 "https://www.krishnamexports.com/page/manufacturing" "Mozilla/5.0 (Windows NT 10.0; Win64; x64; rv:132.0) Gecko/20100101 Firefox/132.0"
95.33.90.18 - - [14/Nov/2024:18:17:14 +0530] "GET /page/assets/img/product/product-details-img1.jpg HTTP/1.1" 200 73869 "https://www.krishnamexports.com/page/about-us" "Mozilla/5.0 (Windows NT 10.0; Win64; x64; rv:132.0) Gecko/20100101 Firefox/132.0"
95.33.90.18 - - [14/Nov/2024:18:17:14 +0530] "GET /page/assets/img/product/product-details-img2.jpg HTTP/1.1" 200 73869 "https://www.krishnamexports.com/page/about-us" "Mozilla/5.0 (Windows NT 10.0; Win64; x64; rv:132.0) Gecko/20100101 Firefox/132.0"
95.33.90.18 - - [14/Nov/2024:18:17:15 +0530] "GET /page/assets/img/product/product-details-img3.jpg HTTP/1.1" 200 73869 "https://www.krishnamexports.com/page/about-us" "Mozilla/5.0 (Windows NT 10.0; Win64; x64; rv:132.0) Gecko/20100101 Firefox/132.0"
95.33.90.18 - - [14/Nov/2024:18:17:15 +0530] "GET /page/assets/img/product/product-details-img4.jpg HTTP/1.1" 200 73869 "https://www.krishnamexports.com/page/about-us" "Mozilla/5.0 (Windows NT 10.0; Win64; x64; rv:132.0) Gecko/20100101 Firefox/132.0"
95.33.90.18 - - [14/Nov/2024:18:17:15 +0530] "GET /page/assets/img/product/product-details-img5.jpg HTTP/1.1" 200 73869 "https://www.krishnamexports.com/page/about-us" "Mozilla/5.0 (Windows NT 10.0; Win64; x64; rv:132.0) Gecko/20100101 Firefox/132.0"
95.33.90.18 - - [14/Nov/2024:18:17:16 +0530] "GET /page/assets/img/product/product-details-img5.jpg HTTP/1.1" 200 73869 "https://www.krishnamexports.com/page/about-us" "Mozilla/5.0 (Windows NT 10.0; Win64; x64; rv:132.0) Gecko/20100101 Firefox/132.0"
95.33.90.18 - - [14/Nov/2024:18:17:16 +0530] "GET /page/assets/img/product/product-details-img4.jpg HTTP/1.1" 200 73869 "https://www.krishnamexports.com/page/about-us" "Mozilla/5.0 (Windows NT 10.0; Win64; x64; rv:132.0) Gecko/20100101 Firefox/132.0"
95.33.90.18 - - [14/Nov/2024:18:17:16 +0530] "GET /page/assets/img/product/product-details-img3.jpg HTTP/1.1" 200 73869 "https://www.krishnamexports.com/page/about-us" "Mozilla/5.0 (Windows NT 10.0; Win64; x64; rv:132.0) Gecko/20100101 Firefox/132.0"
95.33.90.18 - - [14/Nov/2024:18:17:16 +0530] "GET /page/assets/img/product/product-details-img2.jpg HTTP/1.1" 200 73869 "https://www.krishnamexports.com/page/about-us" "Mozilla/5.0 (Windows NT 10.0; Win64; x64; rv:132.0) Gecko/20100101 Firefox/132.0"
95.33.90.18 - - [14/Nov/2024:18:17:16 +0530] "GET /page/assets/img/product/product-details-img1.jpg HTTP/1.1" 200 73869 "https://www.krishnamexports.com/page/about-us" "Mozilla/5.0 (Windows NT 10.0; Win64; x64; rv:132.0) Gecko/20100101 Firefox/132.0"
54.36.148.120 - - [14/Nov/2024:18:17:16 +0530] "GET /product/silver-earrings-trible HTTP/1.1" 200 1076429 "-" "Mozilla/5.0 (compatible; AhrefsBot/7.0; +http://ahrefs.com/robot/)"
66.249.79.35 - - [14/Nov/2024:18:17:18 +0530] "GET /199978433.phtml HTTP/1.1" 404 - "-" "Mozilla/5.0 (Linux; Android 6.0.1; Nexus 5X Build/MMB29P) AppleWebKit/537.36 (KHTML, like Gecko) Chrome/131.0.6778.69 Mobile Safari/537.36 (compatible; Googlebot/2.1; +http://www.google.com/bot.html)"
95.33.90.18 - - [14/Nov/2024:18:17:35 +0530] "GET /page/manufacturing HTTP/1.1" 200 73869 "https://www.krishnamexports.com/page/quality" "Mozilla/5.0 (Windows NT 10.0; Win64; x64; rv:132.0) Gecko/20100101 Firefox/132.0"
95.33.90.18 - - [14/Nov/2024:18:17:36 +0530] "GET /page/assets/img/product/product-details-img1.jpg HTTP/1.1" 200 73869 "https://www.krishnamexports.com/page/manufacturing" "Mozilla/5.0 (Windows NT 10.0; Win64; x64; rv:132.0) Gecko/20100101 Firefox/132.0"
95.33.90.18 - - [14/Nov/2024:18:17:36 +0530] "GET /page/assets/img/product/product-details-img3.jpg HTTP/1.1" 200 73869 "https://www.krishnamexports.com/page/manufacturing" "Mozilla/5.0 (Windows NT 10.0; Win64; x64; rv:132.0) Gecko/20100101 Firefox/132.0"
95.33.90.18 - - [14/Nov/2024:18:17:36 +0530] "GET /page/assets/img/product/product-details-img2.jpg HTTP/1.1" 200 73869 "https://www.krishnamexports.com/page/manufacturing" "Mozilla/5.0 (Windows NT 10.0; Win64; x64; rv:132.0) Gecko/20100101 Firefox/132.0"
95.33.90.18 - - [14/Nov/2024:18:17:36 +0530] "GET /page/assets/img/product/product-details-img4.jpg HTTP/1.1" 200 73869 "https://www.krishnamexports.com/page/manufacturing" "Mozilla/5.0 (Windows NT 10.0; Win64; x64; rv:132.0) Gecko/20100101 Firefox/132.0"
95.33.90.18 - - [14/Nov/2024:18:17:36 +0530] "GET /page/assets/img/product/product-details-img5.jpg HTTP/1.1" 200 73869 "https://www.krishnamexports.com/page/manufacturing" "Mozilla/5.0 (Windows NT 10.0; Win64; x64; rv:132.0) Gecko/20100101 Firefox/132.0"
85.208.96.210 - - [14/Nov/2024:18:17:36 +0530] "GET /product/H805123?c=729&keyword=pompous HTTP/1.1" 200 77380 "-" "Mozilla/5.0 (compatible; SemrushBot/7~bl; +http://www.semrush.com/bot.html)"
185.191.171.16 - - [14/Nov/2024:18:17:44 +0530] "GET /product/N33189?c=325&keyword=enquire HTTP/1.1" 200 77380 "-" "Mozilla/5.0 (compatible; SemrushBot/7~bl; +http://www.semrush.com/bot.html)"
85.208.96.198 - - [14/Nov/2024:18:17:53 +0530] "GET /product/S674354?c=271&keyword=composite HTTP/1.1" 200 77380 "-" "Mozilla/5.0 (compatible; SemrushBot/7~bl; +http://www.semrush.com/bot.html)"
66.249.79.36 - - [14/Nov/2024:18:18:10 +0530] "GET /144082641.phtml HTTP/1.1" 404 - "-" "Mozilla/5.0 (Linux; Android 6.0.1; Nexus 5X Build/MMB29P) AppleWebKit/537.36 (KHTML, like Gecko) Chrome/131.0.6778.69 Mobile Safari/537.36 (compatible; Googlebot/2.1; +http://www.google.com/bot.html)"
85.208.96.206 - - [14/Nov/2024:18:18:17 +0530] "GET /product/X986983?c=775&keyword=passivity HTTP/1.1" 200 77380 "-" "Mozilla/5.0 (compatible; SemrushBot/7~bl; +http://www.semrush.com/bot.html)"
185.191.171.11 - - [14/Nov/2024:18:18:23 +0530] "GET /product/S617752?c=919&keyword=stepchild HTTP/1.1" 200 77380 "-" "Mozilla/5.0 (compatible; SemrushBot/7~bl; +http://www.semrush.com/bot.html)"
85.208.96.200 - - [14/Nov/2024:18:18:27 +0530] "GET /product/K454360?c=269&keyword=financier HTTP/1.1" 200 77380 "-" "Mozilla/5.0 (compatible; SemrushBot/7~bl; +http://www.semrush.com/bot.html)"
66.249.68.35 - - [14/Nov/2024:18:18:30 +0530] "GET /99721584.phtml HTTP/1.1" 404 - "-" "Mozilla/5.0 (Linux; Android 6.0.1; Nexus 5X Build/MMB29P) AppleWebKit/537.36 (KHTML, like Gecko) Chrome/130.0.6723.116 Mobile Safari/537.36 (compatible; Googlebot/2.1; +http://www.google.com/bot.html)"
85.208.96.194 - - [14/Nov/2024:18:18:50 +0530] "GET /product/O905204?c=618&keyword=smear HTTP/1.1" 200 77380 "-" "Mozilla/5.0 (compatible; SemrushBot/7~bl; +http://www.semrush.com/bot.html)"
85.208.96.206 - - [14/Nov/2024:18:19:02 +0530] "GET /product/D466495?c=872&keyword=update HTTP/1.1" 200 77380 "-" "Mozilla/5.0 (compatible; SemrushBot/7~bl; +http://www.semrush.com/bot.html)"
85.208.96.194 - - [14/Nov/2024:18:19:12 +0530] "GET /product/X125291?c=978&keyword=browse HTTP/1.1" 200 77380 "-" "Mozilla/5.0 (compatible; SemrushBot/7~bl; +http://www.semrush.com/bot.html)"
85.208.96.199 - - [14/Nov/2024:18:19:23 +0530] "GET /product/F710663?c=689&keyword=tenet HTTP/1.1" 200 77380 "-" "Mozilla/5.0 (compatible; SemrushBot/7~bl; +http://www.semrush.com/bot.html)"
66.249.79.37 - - [14/Nov/2024:18:19:27 +0530] "GET /240823863.phtml HTTP/1.1" 404 - "-" "Mozilla/5.0 (Linux; Android 6.0.1; Nexus 5X Build/MMB29P) AppleWebKit/537.36 (KHTML, like Gecko) Chrome/131.0.6778.69 Mobile Safari/537.36 (compatible; Googlebot/2.1; +http://www.google.com/bot.html)"
85.208.96.205 - - [14/Nov/2024:18:19:40 +0530] "GET /product/B191075?c=687&keyword=Adder HTTP/1.1" 200 77380 "-" "Mozilla/5.0 (compatible; SemrushBot/7~bl; +http://www.semrush.com/bot.html)"
85.208.96.212 - - [14/Nov/2024:18:19:57 +0530] "GET /199266372.phtml HTTP/1.1" 404 - "-" "Mozilla/5.0 (compatible; SemrushBot/7~bl; +http://www.semrush.com/bot.html)"
85.208.96.208 - - [14/Nov/2024:18:20:02 +0530] "GET /product/P523473?c=84&keyword=Stanford HTTP/1.1" 200 77380 "-" "Mozilla/5.0 (compatible; SemrushBot/7~bl; +http://www.semrush.com/bot.html)"
85.208.96.202 - - [14/Nov/2024:18:20:16 +0530] "GET /product/D772983?c=626&keyword=passivity HTTP/1.1" 200 77380 "-" "Mozilla/5.0 (compatible; SemrushBot/7~bl; +http://www.semrush.com/bot.html)"
185.191.171.16 - - [14/Nov/2024:18:20:21 +0530] "GET /product/S535150?c=415&keyword=calling HTTP/1.1" 200 77380 "-" "Mozilla/5.0 (compatible; SemrushBot/7~bl; +http://www.semrush.com/bot.html)"
66.249.68.35 - - [14/Nov/2024:18:20:31 +0530] "GET /94822218.phtml HTTP/1.1" 404 - "-" "Mozilla/5.0 (Linux; Android 6.0.1; Nexus 5X Build/MMB29P) AppleWebKit/537.36 (KHTML, like Gecko) Chrome/130.0.6723.116 Mobile Safari/537.36 (compatible; Googlebot/2.1; +http://www.google.com/bot.html)"
185.191.171.6 - - [14/Nov/2024:18:20:32 +0530] "GET /product/H670287?c=105&keyword=slide HTTP/1.1" 200 77380 "-" "Mozilla/5.0 (compatible; SemrushBot/7~bl; +http://www.semrush.com/bot.html)"
185.191.171.14 - - [14/Nov/2024:18:20:45 +0530] "GET /105544512.phtml HTTP/1.1" 404 - "-" "Mozilla/5.0 (compatible; SemrushBot/7~bl; +http://www.semrush.com/bot.html)"
185.191.171.12 - - [14/Nov/2024:18:20:52 +0530] "GET /product/T581691?c=103&keyword=browse HTTP/1.1" 200 77380 "-" "Mozilla/5.0 (compatible; SemrushBot/7~bl; +http://www.semrush.com/bot.html)"
85.208.96.210 - - [14/Nov/2024:18:21:09 +0530] "GET /product/M523652?c=507&keyword=stepchild HTTP/1.1" 200 77380 "-" "Mozilla/5.0 (compatible; SemrushBot/7~bl; +http://www.semrush.com/bot.html)"
114.119.156.71 - - [14/Nov/2024:18:21:19 +0530] "GET /product/silver-earring-withcz-4 HTTP/1.1" 200 1076426 "https://www.krishnamexports.com/product/silver-earrings-seahorse" "Mozilla/5.0 (Linux; Android 7.0;) AppleWebKit/537.36 (KHTML, like Gecko) Mobile Safari/537.36 (compatible; PetalBot;+https://webmaster.petalsearch.com/site/petalbot)"
85.208.96.204 - - [14/Nov/2024:18:21:40 +0530] "GET /15894522.phtml HTTP/1.1" 404 - "-" "Mozilla/5.0 (compatible; SemrushBot/7~bl; +http://www.semrush.com/bot.html)"
54.36.148.234 - - [14/Nov/2024:18:21:46 +0530] "GET /product/sterling-silver-bangles-64 HTTP/1.1" 200 332192 "-" "Mozilla/5.0 (compatible; AhrefsBot/7.0; +http://ahrefs.com/robot/)"
185.191.171.2 - - [14/Nov/2024:18:21:49 +0530] "GET /product/E678058?c=113&keyword=diamond HTTP/1.1" 200 77380 "-" "Mozilla/5.0 (compatible; SemrushBot/7~bl; +http://www.semrush.com/bot.html)"
185.191.171.6 - - [14/Nov/2024:18:21:53 +0530] "GET /product/Y588950?c=608&keyword=calling HTTP/1.1" 200 77380 "-" "Mozilla/5.0 (compatible; SemrushBot/7~bl; +http://www.semrush.com/bot.html)"
85.208.96.207 - - [14/Nov/2024:18:21:58 +0530] "GET /product/G367256?c=241&keyword=freshman HTTP/1.1" 200 77380 "-" "Mozilla/5.0 (compatible; SemrushBot/7~bl; +http://www.semrush.com/bot.html)"
85.208.96.195 - - [14/Nov/2024:18:22:01 +0530] "GET /product/U675084?c=471&keyword=hesitantly HTTP/1.1" 200 77380 "-" "Mozilla/5.0 (compatible; SemrushBot/7~bl; +http://www.semrush.com/bot.html)"
85.208.96.203 - - [14/Nov/2024:18:22:12 +0530] "GET /38709792.phtml HTTP/1.1" 404 - "-" "Mozilla/5.0 (compatible; SemrushBot/7~bl; +http://www.semrush.com/bot.html)"
85.208.96.203 - - [14/Nov/2024:18:22:21 +0530] "GET /product/U430918?c=262&keyword=Addict HTTP/1.1" 200 77380 "-" "Mozilla/5.0 (compatible; SemrushBot/7~bl; +http://www.semrush.com/bot.html)"
185.191.171.18 - - [14/Nov/2024:18:22:27 +0530] "GET /product/M579578?c=853&keyword=rebellion HTTP/1.1" 200 77380 "-" "Mozilla/5.0 (compatible; SemrushBot/7~bl; +http://www.semrush.com/bot.html)"
66.249.68.36 - - [14/Nov/2024:18:22:32 +0530] "GET /203096538.phtml HTTP/1.1" 404 - "-" "Mozilla/5.0 (Linux; Android 6.0.1; Nexus 5X Build/MMB29P) AppleWebKit/537.36 (KHTML, like Gecko) Chrome/130.0.6723.116 Mobile Safari/537.36 (compatible; Googlebot/2.1; +http://www.google.com/bot.html)"
85.208.96.201 - - [14/Nov/2024:18:22:47 +0530] "GET /product/T203391?c=871&keyword=browse HTTP/1.1" 200 77380 "-" "Mozilla/5.0 (compatible; SemrushBot/7~bl; +http://www.semrush.com/bot.html)"
185.191.171.8 - - [14/Nov/2024:18:22:50 +0530] "GET /product/H903429?c=502&keyword=seamless HTTP/1.1" 200 77380 "-" "Mozilla/5.0 (compatible; SemrushBot/7~bl; +http://www.semrush.com/bot.html)"
85.208.96.195 - - [14/Nov/2024:18:23:02 +0530] "GET /product/W819126?c=336&keyword=traverse HTTP/1.1" 200 77380 "-" "Mozilla/5.0 (compatible; SemrushBot/7~bl; +http://www.semrush.com/bot.html)"
185.191.171.19 - - [14/Nov/2024:18:23:22 +0530] "GET /product/N131911?c=907&keyword=troupe HTTP/1.1" 200 77380 "-" "Mozilla/5.0 (compatible; SemrushBot/7~bl; +http://www.semrush.com/bot.html)"
185.191.171.13 - - [14/Nov/2024:18:23:26 +0530] "GET /product/R779445?c=296&keyword=symmetric HTTP/1.1" 200 77380 "-" "Mozilla/5.0 (compatible; SemrushBot/7~bl; +http://www.semrush.com/bot.html)"
85.208.96.196 - - [14/Nov/2024:18:23:42 +0530] "GET /product/B168793?c=894&keyword=influenza HTTP/1.1" 200 77380 "-" "Mozilla/5.0 (compatible; SemrushBot/7~bl; +http://www.semrush.com/bot.html)"
185.191.171.7 - - [14/Nov/2024:18:23:55 +0530] "GET /product/E35338?c=681&keyword=preference HTTP/1.1" 200 77380 "-" "Mozilla/5.0 (compatible; SemrushBot/7~bl; +http://www.semrush.com/bot.html)"
85.208.96.194 - - [14/Nov/2024:18:23:58 +0530] "GET /product/X945773?c=145&keyword=Stanford HTTP/1.1" 200 77380 "-" "Mozilla/5.0 (compatible; SemrushBot/7~bl; +http://www.semrush.com/bot.html)"
52.167.144.217 - - [14/Nov/2024:18:24:02 +0530] "GET /74192328.phtml HTTP/1.1" 404 - "-" "Mozilla/5.0 AppleWebKit/537.36 (KHTML, like Gecko; compatible; bingbot/2.0; +http://www.bing.com/bingbot.htm) Chrome/116.0.1938.76 Safari/537.36"
54.36.149.3 - - [14/Nov/2024:18:24:06 +0530] "GET /product/silver-cz-rings-infinity HTTP/1.1" 200 859088 "-" "Mozilla/5.0 (compatible; AhrefsBot/7.0; +http://ahrefs.com/robot/)"
85.208.96.209 - - [14/Nov/2024:18:24:22 +0530] "GET /product/D437323?c=441&keyword=pompous HTTP/1.1" 200 77380 "-" "Mozilla/5.0 (compatible; SemrushBot/7~bl; +http://www.semrush.com/bot.html)"
66.249.68.34 - - [14/Nov/2024:18:24:33 +0530] "GET /36841932.phtml HTTP/1.1" 404 - "-" "Mozilla/5.0 (Linux; Android 6.0.1; Nexus 5X Build/MMB29P) AppleWebKit/537.36 (KHTML, like Gecko) Chrome/130.0.6723.116 Mobile Safari/537.36 (compatible; Googlebot/2.1; +http://www.google.com/bot.html)"
185.191.171.14 - - [14/Nov/2024:18:24:50 +0530] "GET /product/I621746?c=878&keyword=perpetual HTTP/1.1" 200 77380 "-" "Mozilla/5.0 (compatible; SemrushBot/7~bl; +http://www.semrush.com/bot.html)"
185.191.171.14 - - [14/Nov/2024:18:25:06 +0530] "GET /product/F699223?c=273&keyword=pompous HTTP/1.1" 200 77380 "-" "Mozilla/5.0 (compatible; SemrushBot/7~bl; +http://www.semrush.com/bot.html)"
85.208.96.193 - - [14/Nov/2024:18:25:10 +0530] "GET /product/E148542?c=792&keyword=response HTTP/1.1" 200 77380 "-" "Mozilla/5.0 (compatible; SemrushBot/7~bl; +http://www.semrush.com/bot.html)"
185.191.171.17 - - [14/Nov/2024:18:25:23 +0530] "GET /product/Y64998?c=1000&keyword=freezer HTTP/1.1" 200 77380 "-" "Mozilla/5.0 (compatible; SemrushBot/7~bl; +http://www.semrush.com/bot.html)"
185.191.171.18 - - [14/Nov/2024:18:25:27 +0530] "GET /product/J674865?c=398&keyword=perforce HTTP/1.1" 200 77380 "-" "Mozilla/5.0 (compatible; SemrushBot/7~bl; +http://www.semrush.com/bot.html)"
85.208.96.201 - - [14/Nov/2024:18:25:33 +0530] "GET /product/O957022?c=534&keyword=revamp HTTP/1.1" 200 77380 "-" "Mozilla/5.0 (compatible; SemrushBot/7~bl; +http://www.semrush.com/bot.html)"
185.191.171.13 - - [14/Nov/2024:18:25:53 +0530] "GET /product/H713161?c=920&keyword=cotton HTTP/1.1" 200 77380 "-" "Mozilla/5.0 (compatible; SemrushBot/7~bl; +http://www.semrush.com/bot.html)"
85.208.96.212 - - [14/Nov/2024:18:26:02 +0530] "GET /114390846.phtml HTTP/1.1" 404 - "-" "Mozilla/5.0 (compatible; SemrushBot/7~bl; +http://www.semrush.com/bot.html)"
85.208.96.210 - - [14/Nov/2024:18:26:05 +0530] "GET /80907957.phtml HTTP/1.1" 404 - "-" "Mozilla/5.0 (compatible; SemrushBot/7~bl; +http://www.semrush.com/bot.html)"
85.208.96.206 - - [14/Nov/2024:18:26:19 +0530] "GET /product/E366188?c=672&keyword=Persia HTTP/1.1" 200 77380 "-" "Mozilla/5.0 (compatible; SemrushBot/7~bl; +http://www.semrush.com/bot.html)"
114.119.156.71 - - [14/Nov/2024:18:26:19 +0530] "GET /product/silver-earring-with-cz-gemstone-9 HTTP/1.1" 200 1077038 "https://www.krishnamexports.com/product/silver-earrings-seahorse" "Mozilla/5.0 (Linux; Android 7.0;) AppleWebKit/537.36 (KHTML, like Gecko) Mobile Safari/537.36 (compatible; PetalBot;+https://webmaster.petalsearch.com/site/petalbot)"
54.36.148.223 - - [14/Nov/2024:18:26:32 +0530] "GET /product/sterling-silver-bangles-8 HTTP/1.1" 200 332194 "-" "Mozilla/5.0 (compatible; AhrefsBot/7.0; +http://ahrefs.com/robot/)"
185.191.171.11 - - [14/Nov/2024:18:26:32 +0530] "GET /product/X129919?c=807&keyword=septet HTTP/1.1" 200 77380 "-" "Mozilla/5.0 (compatible; SemrushBot/7~bl; +http://www.semrush.com/bot.html)"
85.208.96.206 - - [14/Nov/2024:18:26:51 +0530] "GET /product/I152160?c=574&keyword=financier HTTP/1.1" 200 77380 "-" "Mozilla/5.0 (compatible; SemrushBot/7~bl; +http://www.semrush.com/bot.html)"
85.208.96.206 - - [14/Nov/2024:18:27:04 +0530] "GET /product/F346689?c=985&keyword=enquire HTTP/1.1" 200 77380 "-" "Mozilla/5.0 (compatible; SemrushBot/7~bl; +http://www.semrush.com/bot.html)"
85.208.96.210 - - [14/Nov/2024:18:27:09 +0530] "GET /product/A978276?c=530&keyword=stealth HTTP/1.1" 200 77380 "-" "Mozilla/5.0 (compatible; SemrushBot/7~bl; +http://www.semrush.com/bot.html)"
185.191.171.3 - - [14/Nov/2024:18:27:18 +0530] "GET /product/I53152?c=950&keyword=stepchild HTTP/1.1" 200 77380 "-" "Mozilla/5.0 (compatible; SemrushBot/7~bl; +http://www.semrush.com/bot.html)"
66.249.79.37 - - [14/Nov/2024:18:27:26 +0530] "GET /124089811.phtml HTTP/1.1" 404 - "-" "Mozilla/5.0 (Linux; Android 6.0.1; Nexus 5X Build/MMB29P) AppleWebKit/537.36 (KHTML, like Gecko) Chrome/131.0.6778.69 Mobile Safari/537.36 (compatible; Googlebot/2.1; +http://www.google.com/bot.html)"
66.249.68.36 - - [14/Nov/2024:18:27:34 +0530] "GET /247809024.phtml HTTP/1.1" 404 - "-" "Mozilla/5.0 (Linux; Android 6.0.1; Nexus 5X Build/MMB29P) AppleWebKit/537.36 (KHTML, like Gecko) Chrome/130.0.6723.116 Mobile Safari/537.36 (compatible; Googlebot/2.1; +http://www.google.com/bot.html)"
185.191.171.1 - - [14/Nov/2024:18:27:40 +0530] "GET /product/Y603874?c=818&keyword=unusable HTTP/1.1" 200 77380 "-" "Mozilla/5.0 (compatible; SemrushBot/7~bl; +http://www.semrush.com/bot.html)"
85.208.96.194 - - [14/Nov/2024:18:27:45 +0530] "GET /product/O113868?c=611&keyword=moped HTTP/1.1" 200 77380 "-" "Mozilla/5.0 (compatible; SemrushBot/7~bl; +http://www.semrush.com/bot.html)"
66.249.79.36 - - [14/Nov/2024:18:28:12 +0530] "GET /102437219.phtml HTTP/1.1" 404 - "-" "Mozilla/5.0 (Linux; Android 6.0.1; Nexus 5X Build/MMB29P) AppleWebKit/537.36 (KHTML, like Gecko) Chrome/131.0.6778.69 Mobile Safari/537.36 (compatible; Googlebot/2.1; +http://www.google.com/bot.html)"
85.208.96.208 - - [14/Nov/2024:18:28:14 +0530] "GET /product/Q339160?c=333&keyword=financier HTTP/1.1" 200 77380 "-" "Mozilla/5.0 (compatible; SemrushBot/7~bl; +http://www.semrush.com/bot.html)"
85.208.96.204 - - [14/Nov/2024:18:28:23 +0530] "GET /product/H696365?c=997&keyword=perforce HTTP/1.1" 200 77380 "-" "Mozilla/5.0 (compatible; SemrushBot/7~bl; +http://www.semrush.com/bot.html)"
85.208.96.194 - - [14/Nov/2024:18:28:37 +0530] "GET /product/H752369?c=585&keyword=moisture HTTP/1.1" 200 77380 "-" "Mozilla/5.0 (compatible; SemrushBot/7~bl; +http://www.semrush.com/bot.html)"
185.191.171.10 - - [14/Nov/2024:18:28:50 +0530] "GET /robots.txt HTTP/1.1" 404 - "-" "Mozilla/5.0 (compatible; SemrushBot/7~bl; +http://www.semrush.com/bot.html)"
85.208.96.202 - - [14/Nov/2024:18:28:51 +0530] "GET /product/U152718?c=213&keyword=Addict HTTP/1.1" 200 77380 "-" "Mozilla/5.0 (compatible; SemrushBot/7~bl; +http://www.semrush.com/bot.html)"
54.36.148.1 - - [14/Nov/2024:18:28:54 +0530] "GET /subcategory/c-z-rings?page_no=4 HTTP/1.1" 200 185749 "-" "Mozilla/5.0 (compatible; AhrefsBot/7.0; +http://ahrefs.com/robot/)"
185.191.171.2 - - [14/Nov/2024:18:28:56 +0530] "GET /77671764.phtml HTTP/1.1" 404 - "-" "Mozilla/5.0 (compatible; SemrushBot/7~bl; +http://www.semrush.com/bot.html)"
66.249.68.36 - - [14/Nov/2024:18:29:09 +0530] "GET /8069841.phtml HTTP/1.1" 404 - "-" "Mozilla/5.0 (Linux; Android 6.0.1; Nexus 5X Build/MMB29P) AppleWebKit/537.36 (KHTML, like Gecko) Chrome/130.0.6723.116 Mobile Safari/537.36 (compatible; GoogleOther)"
185.191.171.1 - - [14/Nov/2024:18:29:17 +0530] "GET /product/W483128?c=398&keyword=flight HTTP/1.1" 200 77380 "-" "Mozilla/5.0 (compatible; SemrushBot/7~bl; +http://www.semrush.com/bot.html)"
185.191.171.15 - - [14/Nov/2024:18:29:25 +0530] "GET /product/X720327?c=379&keyword=message HTTP/1.1" 200 77380 "-" "Mozilla/5.0 (compatible; SemrushBot/7~bl; +http://www.semrush.com/bot.html)"
185.191.171.14 - - [14/Nov/2024:18:29:41 +0530] "GET /171585918.phtml HTTP/1.1" 404 - "-" "Mozilla/5.0 (compatible; SemrushBot/7~bl; +http://www.semrush.com/bot.html)"
185.191.171.2 - - [14/Nov/2024:18:29:54 +0530] "GET /product/J671927?c=898&keyword=message HTTP/1.1" 200 77380 "-" "Mozilla/5.0 (compatible; SemrushBot/7~bl; +http://www.semrush.com/bot.html)"
185.191.171.4 - - [14/Nov/2024:18:30:04 +0530] "GET /product/M609946?c=508&keyword=perpetual HTTP/1.1" 200 77380 "-" "Mozilla/5.0 (compatible; SemrushBot/7~bl; +http://www.semrush.com/bot.html)"
85.208.96.197 - - [14/Nov/2024:18:30:19 +0530] "GET /product/K749122?c=765&keyword=revamp HTTP/1.1" 200 77380 "-" "Mozilla/5.0 (compatible; SemrushBot/7~bl; +http://www.semrush.com/bot.html)"
85.208.96.203 - - [14/Nov/2024:18:30:25 +0530] "GET /product/S614528?c=192&keyword=flight HTTP/1.1" 200 77380 "-" "Mozilla/5.0 (compatible; SemrushBot/7~bl; +http://www.semrush.com/bot.html)"
66.249.68.35 - - [14/Nov/2024:18:30:37 +0530] "GET /164979396.phtml HTTP/1.1" 404 - "-" "Mozilla/5.0 (Linux; Android 6.0.1; Nexus 5X Build/MMB29P) AppleWebKit/537.36 (KHTML, like Gecko) Chrome/130.0.6723.116 Mobile Safari/537.36 (compatible; Googlebot/2.1; +http://www.google.com/bot.html)"
114.119.134.207 - - [14/Nov/2024:18:31:20 +0530] "GET /product/silver-cz-rings-circle HTTP/1.1" 200 859068 "https://www.krishnamexports.com/product/silver-cz-rings-line" "Mozilla/5.0 (Linux; Android 7.0;) AppleWebKit/537.36 (KHTML, like Gecko) Mobile Safari/537.36 (compatible; PetalBot;+https://webmaster.petalsearch.com/site/petalbot)"
185.191.171.17 - - [14/Nov/2024:18:31:23 +0530] "GET /product/G808840?c=232&keyword=sucrose HTTP/1.1" 200 77380 "-" "Mozilla/5.0 (compatible; SemrushBot/7~bl; +http://www.semrush.com/bot.html)"
85.208.96.195 - - [14/Nov/2024:18:31:27 +0530] "GET /product/Y113618?c=640&keyword=Addict HTTP/1.1" 200 77380 "-" "Mozilla/5.0 (compatible; SemrushBot/7~bl; +http://www.semrush.com/bot.html)"
85.208.96.212 - - [14/Nov/2024:18:31:30 +0530] "GET /product/N48243?c=796&keyword=mobilehome HTTP/1.1" 200 77380 "-" "Mozilla/5.0 (compatible; SemrushBot/7~bl; +http://www.semrush.com/bot.html)"
185.191.171.2 - - [14/Nov/2024:18:31:33 +0530] "GET /product/B489269?c=326&keyword=moisture HTTP/1.1" 200 77380 "-" "Mozilla/5.0 (compatible; SemrushBot/7~bl; +http://www.semrush.com/bot.html)"
185.191.171.12 - - [14/Nov/2024:18:31:36 +0530] "GET /product/C662534?c=261&keyword=protein HTTP/1.1" 200 77380 "-" "Mozilla/5.0 (compatible; SemrushBot/7~bl; +http://www.semrush.com/bot.html)"
54.36.148.171 - - [14/Nov/2024:18:31:37 +0530] "GET /product/silver-cz-rings-square HTTP/1.1" 200 859068 "-" "Mozilla/5.0 (compatible; AhrefsBot/7.0; +http://ahrefs.com/robot/)"
85.208.96.197 - - [14/Nov/2024:18:31:40 +0530] "GET /product/G45896?c=140&keyword=scissoring HTTP/1.1" 200 77380 "-" "Mozilla/5.0 (compatible; SemrushBot/7~bl; +http://www.semrush.com/bot.html)"
66.249.68.34 - - [14/Nov/2024:18:31:43 +0530] "GET /157217652.phtml HTTP/1.1" 404 - "-" "Mozilla/5.0 (Linux; Android 6.0.1; Nexus 5X Build/MMB29P) AppleWebKit/537.36 (KHTML, like Gecko) Chrome/130.0.6723.116 Mobile Safari/537.36 (compatible; Googlebot/2.1; +http://www.google.com/bot.html)"
66.249.68.35 - - [14/Nov/2024:18:31:44 +0530] "GET /9847791.phtml HTTP/1.1" 404 - "-" "Mozilla/5.0 (Linux; Android 6.0.1; Nexus 5X Build/MMB29P) AppleWebKit/537.36 (KHTML, like Gecko) Chrome/130.0.6723.116 Mobile Safari/537.36 (compatible; Googlebot/2.1; +http://www.google.com/bot.html)"
66.249.68.35 - - [14/Nov/2024:18:31:45 +0530] "GET /246104541.phtml HTTP/1.1" 404 - "-" "Mozilla/5.0 (Linux; Android 6.0.1; Nexus 5X Build/MMB29P) AppleWebKit/537.36 (KHTML, like Gecko) Chrome/130.0.6723.116 Mobile Safari/537.36 (compatible; Googlebot/2.1; +http://www.google.com/bot.html)"
185.191.171.13 - - [14/Nov/2024:18:31:49 +0530] "GET /product/U93204?c=525&keyword=smear HTTP/1.1" 200 77380 "-" "Mozilla/5.0 (compatible; SemrushBot/7~bl; +http://www.semrush.com/bot.html)"
185.191.171.13 - - [14/Nov/2024:18:32:28 +0530] "GET /product/B746383?c=257&keyword=passivity HTTP/1.1" 200 77380 "-" "Mozilla/5.0 (compatible; SemrushBot/7~bl; +http://www.semrush.com/bot.html)"
85.208.96.198 - - [14/Nov/2024:18:32:32 +0530] "GET /product/G397494?c=96&keyword=providence HTTP/1.1" 200 77380 "-" "Mozilla/5.0 (compatible; SemrushBot/7~bl; +http://www.semrush.com/bot.html)"
85.208.96.199 - - [14/Nov/2024:18:32:35 +0530] "GET /product/S243300?c=550&keyword=stair HTTP/1.1" 200 77380 "-" "Mozilla/5.0 (compatible; SemrushBot/7~bl; +http://www.semrush.com/bot.html)"
138.199.35.45 - - [14/Nov/2024:18:32:42 +0530] "GET /contact-us HTTP/1.1" 200 91150 "-" "Mozilla/5.0 (X11; Linux x86_64) AppleWebKit/537.36 (KHTML, like Gecko) Chrome/114.0.0.0 Safari/537.36 Vivaldi/5.3.2679.68"
85.208.96.202 - - [14/Nov/2024:18:33:03 +0530] "GET /product/M754584?c=837&keyword=hesitantly HTTP/1.1" 200 77380 "-" "Mozilla/5.0 (compatible; SemrushBot/7~bl; +http://www.semrush.com/bot.html)"
185.191.171.13 - - [14/Nov/2024:18:33:30 +0530] "GET /product/D670543?c=251&keyword=mobilehome HTTP/1.1" 200 77380 "-" "Mozilla/5.0 (compatible; SemrushBot/7~bl; +http://www.semrush.com/bot.html)"
185.191.171.9 - - [14/Nov/2024:18:33:35 +0530] "GET /product/D812919?c=974&keyword=septet HTTP/1.1" 200 77380 "-" "Mozilla/5.0 (compatible; SemrushBot/7~bl; +http://www.semrush.com/bot.html)"
66.249.79.37 - - [14/Nov/2024:18:33:36 +0530] "GET /248070449.phtml HTTP/1.1" 404 - "-" "Mozilla/5.0 (Linux; Android 6.0.1; Nexus 5X Build/MMB29P) AppleWebKit/537.36 (KHTML, like Gecko) Chrome/131.0.6778.69 Mobile Safari/537.36 (compatible; Googlebot/2.1; +http://www.google.com/bot.html)"
85.208.96.196 - - [14/Nov/2024:18:33:37 +0530] "GET /product/T10029?c=296&keyword=seamless HTTP/1.1" 200 77380 "-" "Mozilla/5.0 (compatible; SemrushBot/7~bl; +http://www.semrush.com/bot.html)"
85.208.96.211 - - [14/Nov/2024:18:33:56 +0530] "GET /product/I419310?c=360&keyword=rouge HTTP/1.1" 200 77380 "-" "Mozilla/5.0 (compatible; SemrushBot/7~bl; +http://www.semrush.com/bot.html)"
54.36.148.107 - - [14/Nov/2024:18:34:06 +0530] "GET /product/silver-pendants-with-cz-cross-35 HTTP/1.1" 200 921612 "-" "Mozilla/5.0 (compatible; AhrefsBot/7.0; +http://ahrefs.com/robot/)"
85.208.96.195 - - [14/Nov/2024:18:34:11 +0530] "GET /product/X767907?c=255&keyword=plaque HTTP/1.1" 200 77380 "-" "Mozilla/5.0 (compatible; SemrushBot/7~bl; +http://www.semrush.com/bot.html)"
85.208.96.210 - - [14/Nov/2024:18:34:18 +0530] "GET /product/N181727?c=289&keyword=message HTTP/1.1" 200 77380 "-" "Mozilla/5.0 (compatible; SemrushBot/7~bl; +http://www.semrush.com/bot.html)"
85.208.96.205 - - [14/Nov/2024:18:34:24 +0530] "GET /product/L650453?c=827&keyword=appendectomy HTTP/1.1" 200 77380 "-" "Mozilla/5.0 (compatible; SemrushBot/7~bl; +http://www.semrush.com/bot.html)"
66.249.68.35 - - [14/Nov/2024:18:34:46 +0530] "GET /52989039.phtml HTTP/1.1" 404 - "-" "Mozilla/5.0 (Linux; Android 6.0.1; Nexus 5X Build/MMB29P) AppleWebKit/537.36 (KHTML, like Gecko) Chrome/130.0.6723.116 Mobile Safari/537.36 (compatible; Googlebot/2.1; +http://www.google.com/bot.html)"
85.208.96.198 - - [14/Nov/2024:18:35:12 +0530] "GET /product/U928168?c=364&keyword=moped HTTP/1.1" 200 77380 "-" "Mozilla/5.0 (compatible; SemrushBot/7~bl; +http://www.semrush.com/bot.html)"
185.191.171.18 - - [14/Nov/2024:18:35:24 +0530] "GET /product/I562856?c=874&keyword=freshman HTTP/1.1" 200 77380 "-" "Mozilla/5.0 (compatible; SemrushBot/7~bl; +http://www.semrush.com/bot.html)"
85.208.96.211 - - [14/Nov/2024:18:35:27 +0530] "GET /product/R97647?c=492&keyword=sci-fi HTTP/1.1" 200 77380 "-" "Mozilla/5.0 (compatible; SemrushBot/7~bl; +http://www.semrush.com/bot.html)"
85.208.96.205 - - [14/Nov/2024:18:35:30 +0530] "GET /product/W320342?c=516&keyword=response HTTP/1.1" 200 77380 "-" "Mozilla/5.0 (compatible; SemrushBot/7~bl; +http://www.semrush.com/bot.html)"
85.208.96.203 - - [14/Nov/2024:18:35:32 +0530] "GET /53958528.phtml HTTP/1.1" 404 - "-" "Mozilla/5.0 (compatible; SemrushBot/7~bl; +http://www.semrush.com/bot.html)"
185.191.171.13 - - [14/Nov/2024:18:35:51 +0530] "GET /product/W867876?c=542&keyword=stealth HTTP/1.1" 200 77380 "-" "Mozilla/5.0 (compatible; SemrushBot/7~bl; +http://www.semrush.com/bot.html)"
85.208.96.210 - - [14/Nov/2024:18:35:58 +0530] "GET /product/B234131?c=816&keyword=displease HTTP/1.1" 200 77380 "-" "Mozilla/5.0 (compatible; SemrushBot/7~bl; +http://www.semrush.com/bot.html)"
85.208.96.194 - - [14/Nov/2024:18:36:08 +0530] "GET /product/X562871?c=200&keyword=Taipei HTTP/1.1" 200 77380 "-" "Mozilla/5.0 (compatible; SemrushBot/7~bl; +http://www.semrush.com/bot.html)"
185.191.171.17 - - [14/Nov/2024:18:36:14 +0530] "GET /product/F370479?c=918&keyword=ordering HTTP/1.1" 200 77380 "-" "Mozilla/5.0 (compatible; SemrushBot/7~bl; +http://www.semrush.com/bot.html)"
54.36.149.8 - - [14/Nov/2024:18:36:19 +0530] "GET /product/silver-earrings-with-gemstone-9 HTTP/1.1" 200 1077052 "-" "Mozilla/5.0 (compatible; AhrefsBot/7.0; +http://ahrefs.com/robot/)"
114.119.135.64 - - [14/Nov/2024:18:36:19 +0530] "GET /product/silver-cz-rings-butterfly HTTP/1.1" 200 859098 "https://www.krishnamexports.com/product/silver-cz-rings-line" "Mozilla/5.0 (Linux; Android 7.0;) AppleWebKit/537.36 (KHTML, like Gecko) Mobile Safari/537.36 (compatible; PetalBot;+https://webmaster.petalsearch.com/site/petalbot)"
66.249.68.36 - - [14/Nov/2024:18:36:47 +0530] "GET /173166066.phtml HTTP/1.1" 404 - "-" "Mozilla/5.0 (Linux; Android 6.0.1; Nexus 5X Build/MMB29P) AppleWebKit/537.36 (KHTML, like Gecko) Chrome/130.0.6723.116 Mobile Safari/537.36 (compatible; Googlebot/2.1; +http://www.google.com/bot.html)"
185.191.171.17 - - [14/Nov/2024:18:36:57 +0530] "GET /product/D827427?c=490&keyword=message HTTP/1.1" 200 77380 "-" "Mozilla/5.0 (compatible; SemrushBot/7~bl; +http://www.semrush.com/bot.html)"
185.191.171.12 - - [14/Nov/2024:18:37:22 +0530] "GET /product/V752383?c=600&keyword=passivity HTTP/1.1" 200 77380 "-" "Mozilla/5.0 (compatible; SemrushBot/7~bl; +http://www.semrush.com/bot.html)"
66.249.68.35 - - [14/Nov/2024:18:37:27 +0530] "GET /99448938.phtml HTTP/1.1" 404 - "-" "Mozilla/5.0 (Linux; Android 6.0.1; Nexus 5X Build/MMB29P) AppleWebKit/537.36 (KHTML, like Gecko) Chrome/131.0.6778.69 Mobile Safari/537.36 (compatible; Googlebot/2.1; +http://www.google.com/bot.html)"
185.191.171.7 - - [14/Nov/2024:18:37:45 +0530] "GET /product/J744129?c=192&keyword=seamless HTTP/1.1" 200 77380 "-" "Mozilla/5.0 (compatible; SemrushBot/7~bl; +http://www.semrush.com/bot.html)"
85.208.96.209 - - [14/Nov/2024:18:37:51 +0530] "GET /product/F176623?c=659&keyword=pompous HTTP/1.1" 200 77380 "-" "Mozilla/5.0 (compatible; SemrushBot/7~bl; +http://www.semrush.com/bot.html)"
185.191.171.2 - - [14/Nov/2024:18:37:57 +0530] "GET /product/X651687?c=574&keyword=slide HTTP/1.1" 200 77380 "-" "Mozilla/5.0 (compatible; SemrushBot/7~bl; +http://www.semrush.com/bot.html)"
85.208.96.198 - - [14/Nov/2024:18:38:05 +0530] "GET /215675028.phtml HTTP/1.1" 404 - "-" "Mozilla/5.0 (compatible; SemrushBot/7~bl; +http://www.semrush.com/bot.html)"
54.236.1.11 - - [14/Nov/2024:18:38:16 +0530] "GET /robots.txt HTTP/1.1" 404 - "-" "Mozilla/5.0 (compatible; Pinterestbot/1.0; +http://www.pinterest.com/bot.html)"
54.236.1.11 - - [14/Nov/2024:18:38:18 +0530] "GET / HTTP/1.1" 404 - "-" "Mozilla/5.0 (compatible; Pinterestbot/1.0; +http://www.pinterest.com/bot.html)"
54.36.148.154 - - [14/Nov/2024:18:38:29 +0530] "GET /product/-silver-ring-with-gemstone-123 HTTP/1.1" 200 859065 "-" "Mozilla/5.0 (compatible; AhrefsBot/7.0; +http://ahrefs.com/robot/)"
85.208.96.193 - - [14/Nov/2024:18:38:31 +0530] "GET /product/O335284?c=734&keyword=hesitantly HTTP/1.1" 200 77380 "-" "Mozilla/5.0 (compatible; SemrushBot/7~bl; +http://www.semrush.com/bot.html)"
85.208.96.211 - - [14/Nov/2024:18:38:42 +0530] "GET /product/P328603?c=306&keyword=assessor HTTP/1.1" 200 77380 "-" "Mozilla/5.0 (compatible; SemrushBot/7~bl; +http://www.semrush.com/bot.html)"
185.191.171.6 - - [14/Nov/2024:18:38:48 +0530] "GET /26261226.phtml HTTP/1.1" 404 - "-" "Mozilla/5.0 (compatible; SemrushBot/7~bl; +http://www.semrush.com/bot.html)"
85.208.96.196 - - [14/Nov/2024:18:39:07 +0530] "GET /product/X974529?c=19&keyword=seamless HTTP/1.1" 200 77380 "-" "Mozilla/5.0 (compatible; SemrushBot/7~bl; +http://www.semrush.com/bot.html)"
85.208.96.210 - - [14/Nov/2024:18:39:11 +0530] "GET /product/M741584?c=988&keyword=hesitantly HTTP/1.1" 200 77380 "-" "Mozilla/5.0 (compatible; SemrushBot/7~bl; +http://www.semrush.com/bot.html)"
66.249.68.36 - - [14/Nov/2024:18:39:17 +0530] "GET /241256448.phtml HTTP/1.1" 404 - "-" "Mozilla/5.0 (Linux; Android 6.0.1; Nexus 5X Build/MMB29P) AppleWebKit/537.36 (KHTML, like Gecko) Chrome/131.0.6778.69 Mobile Safari/537.36 (compatible; Googlebot/2.1; +http://www.google.com/bot.html)"
185.191.171.3 - - [14/Nov/2024:18:39:24 +0530] "GET /205766379.phtml HTTP/1.1" 404 - "-" "Mozilla/5.0 (compatible; SemrushBot/7~bl; +http://www.semrush.com/bot.html)"
185.191.171.17 - - [14/Nov/2024:18:39:32 +0530] "GET /product/B418393?c=918&keyword=influenza HTTP/1.1" 200 77380 "-" "Mozilla/5.0 (compatible; SemrushBot/7~bl; +http://www.semrush.com/bot.html)"
185.191.171.13 - - [14/Nov/2024:18:39:44 +0530] "GET /product/J894955?c=24&keyword=reproduce HTTP/1.1" 200 77380 "-" "Mozilla/5.0 (compatible; SemrushBot/7~bl; +http://www.semrush.com/bot.html)"
66.249.68.34 - - [14/Nov/2024:18:39:47 +0530] "GET /198344268.phtml HTTP/1.1" 404 - "-" "Mozilla/5.0 (Linux; Android 6.0.1; Nexus 5X Build/MMB29P) AppleWebKit/537.36 (KHTML, like Gecko) Chrome/130.0.6723.116 Mobile Safari/537.36 (compatible; Googlebot/2.1; +http://www.google.com/bot.html)"
185.191.171.15 - - [14/Nov/2024:18:39:49 +0530] "GET /product/S246602?c=151&keyword=Lincoln HTTP/1.1" 200 77380 "-" "Mozilla/5.0 (compatible; SemrushBot/7~bl; +http://www.semrush.com/bot.html)"
185.191.171.3 - - [14/Nov/2024:18:39:57 +0530] "GET /product/O754768?c=960&keyword=moped HTTP/1.1" 200 77380 "-" "Mozilla/5.0 (compatible; SemrushBot/7~bl; +http://www.semrush.com/bot.html)"
66.249.68.34 - - [14/Nov/2024:18:39:59 +0530] "GET /226682199.phtml HTTP/1.1" 404 - "-" "Mozilla/5.0 (Linux; Android 6.0.1; Nexus 5X Build/MMB29P) AppleWebKit/537.36 (KHTML, like Gecko) Chrome/131.0.6778.69 Mobile Safari/537.36 (compatible; Googlebot/2.1; +http://www.google.com/bot.html)"
40.77.167.51 - - [14/Nov/2024:18:40:04 +0530] "GET /207212634.phtml HTTP/1.1" 404 - "-" "Mozilla/5.0 AppleWebKit/537.36 (KHTML, like Gecko; compatible; bingbot/2.0; +http://www.bing.com/bingbot.htm) Chrome/116.0.1938.76 Safari/537.36"
185.191.171.7 - - [14/Nov/2024:18:40:04 +0530] "GET /product/W690322?c=760&keyword=revamp HTTP/1.1" 200 77380 "-" "Mozilla/5.0 (compatible; SemrushBot/7~bl; +http://www.semrush.com/bot.html)"
185.191.171.4 - - [14/Nov/2024:18:40:08 +0530] "GET /product/L802293?c=423&keyword=influenza HTTP/1.1" 200 77380 "-" "Mozilla/5.0 (compatible; SemrushBot/7~bl; +http://www.semrush.com/bot.html)"
185.191.171.3 - - [14/Nov/2024:18:40:11 +0530] "GET /product/M931384?c=523&keyword=hesitantly HTTP/1.1" 200 77380 "-" "Mozilla/5.0 (compatible; SemrushBot/7~bl; +http://www.semrush.com/bot.html)"
185.191.171.4 - - [14/Nov/2024:18:40:21 +0530] "GET /product/I476640?c=174&keyword=sucrose HTTP/1.1" 200 77380 "-" "Mozilla/5.0 (compatible; SemrushBot/7~bl; +http://www.semrush.com/bot.html)"
185.191.171.11 - - [14/Nov/2024:18:40:28 +0530] "GET /product/J150419?c=777&keyword=septet HTTP/1.1" 200 77380 "-" "Mozilla/5.0 (compatible; SemrushBot/7~bl; +http://www.semrush.com/bot.html)"
85.208.96.194 - - [14/Nov/2024:18:40:33 +0530] "GET /product/Z774773?c=338&keyword=Stanford HTTP/1.1" 200 77380 "-" "Mozilla/5.0 (compatible; SemrushBot/7~bl; +http://www.semrush.com/bot.html)"
185.191.171.6 - - [14/Nov/2024:18:40:40 +0530] "GET /product/I261750?c=971&keyword=calling HTTP/1.1" 200 77380 "-" "Mozilla/5.0 (compatible; SemrushBot/7~bl; +http://www.semrush.com/bot.html)"
54.36.149.93 - - [14/Nov/2024:18:40:43 +0530] "GET /product/silver-cz-rings-16 HTTP/1.1" 200 858980 "-" "Mozilla/5.0 (compatible; AhrefsBot/7.0; +http://ahrefs.com/robot/)"
85.208.96.194 - - [14/Nov/2024:18:41:19 +0530] "GET /221249853.phtml HTTP/1.1" 404 - "-" "Mozilla/5.0 (compatible; SemrushBot/7~bl; +http://www.semrush.com/bot.html)"
114.119.156.133 - - [14/Nov/2024:18:41:19 +0530] "GET /product/silver-cz-rings-9 HTTP/1.1" 200 858982 "https://www.krishnamexports.com/product/silver-cz-rings-line" "Mozilla/5.0 (Linux; Android 7.0;) AppleWebKit/537.36 (KHTML, like Gecko) Mobile Safari/537.36 (compatible; PetalBot;+https://webmaster.petalsearch.com/site/petalbot)"
185.191.171.9 - - [14/Nov/2024:18:41:46 +0530] "GET /product/M379248?c=23&keyword=rejuvenate HTTP/1.1" 200 77380 "-" "Mozilla/5.0 (compatible; SemrushBot/7~bl; +http://www.semrush.com/bot.html)"
85.208.96.201 - - [14/Nov/2024:18:41:58 +0530] "GET /product/V670457?c=608&keyword=conception HTTP/1.1" 200 77380 "-" "Mozilla/5.0 (compatible; SemrushBot/7~bl; +http://www.semrush.com/bot.html)"
185.191.171.14 - - [14/Nov/2024:18:42:23 +0530] "GET /product/W281264?c=771&keyword=reflector HTTP/1.1" 200 77380 "-" "Mozilla/5.0 (compatible; SemrushBot/7~bl; +http://www.semrush.com/bot.html)"
85.208.96.208 - - [14/Nov/2024:18:42:26 +0530] "GET /67530159.phtml HTTP/1.1" 404 - "-" "Mozilla/5.0 (compatible; SemrushBot/7~bl; +http://www.semrush.com/bot.html)"
85.208.96.212 - - [14/Nov/2024:18:42:28 +0530] "GET /product/W828746?c=706&keyword=perpetual HTTP/1.1" 200 77380 "-" "Mozilla/5.0 (compatible; SemrushBot/7~bl; +http://www.semrush.com/bot.html)"
185.191.171.18 - - [14/Nov/2024:18:42:31 +0530] "GET /product/J7029?c=500&keyword=seamless HTTP/1.1" 200 77380 "-" "Mozilla/5.0 (compatible; SemrushBot/7~bl; +http://www.semrush.com/bot.html)"
185.191.171.13 - - [14/Nov/2024:18:42:46 +0530] "GET /product/M457014?c=963&keyword=recycling HTTP/1.1" 200 77380 "-" "Mozilla/5.0 (compatible; SemrushBot/7~bl; +http://www.semrush.com/bot.html)"
66.249.68.36 - - [14/Nov/2024:18:42:48 +0530] "GET /130319820.phtml HTTP/1.1" 404 - "-" "Mozilla/5.0 (Linux; Android 6.0.1; Nexus 5X Build/MMB29P) AppleWebKit/537.36 (KHTML, like Gecko) Chrome/130.0.6723.116 Mobile Safari/537.36 (compatible; Googlebot/2.1; +http://www.google.com/bot.html)"
185.191.171.17 - - [14/Nov/2024:18:42:50 +0530] "GET /29909142.phtml HTTP/1.1" 404 - "-" "Mozilla/5.0 (compatible; SemrushBot/7~bl; +http://www.semrush.com/bot.html)"
85.208.96.203 - - [14/Nov/2024:18:42:50 +0530] "GET /product/N889941?c=73&keyword=manufacture HTTP/1.1" 200 77380 "-" "Mozilla/5.0 (compatible; SemrushBot/7~bl; +http://www.semrush.com/bot.html)"
54.36.148.239 - - [14/Nov/2024:18:43:08 +0530] "GET /product/silver-cuff-earrings-2 HTTP/1.1" 200 1076421 "-" "Mozilla/5.0 (compatible; AhrefsBot/7.0; +http://ahrefs.com/robot/)"
