66.249.68.35 - - [14/Nov/2024:13:33:36 +0530] "GET /245762964.phtml HTTP/1.1" 404 - "-" "Mozilla/5.0 (Linux; Android 6.0.1; Nexus 5X Build/MMB29P) AppleWebKit/537.36 (KHTML, like Gecko) Chrome/130.0.6723.116 Mobile Safari/537.36 (compatible; Googlebot/2.1; +http://www.google.com/bot.html)"
185.191.171.4 - - [14/Nov/2024:13:33:39 +0530] "GET /product/Y659072?c=913&keyword=encourage HTTP/1.1" 200 77380 "-" "Mozilla/5.0 (compatible; SemrushBot/7~bl; +http://www.semrush.com/bot.html)"
185.191.171.17 - - [14/Nov/2024:13:33:41 +0530] "GET /product/42.html?product_id=96 HTTP/1.1" 200 77380 "-" "Mozilla/5.0 (compatible; SemrushBot/7~bl; +http://www.semrush.com/bot.html)"
66.249.68.34 - - [14/Nov/2024:13:33:49 +0530] "GET /55567674.phtml HTTP/1.1" 404 - "-" "Mozilla/5.0 (Linux; Android 6.0.1; Nexus 5X Build/MMB29P) AppleWebKit/537.36 (KHTML, like Gecko) Chrome/130.0.6723.116 Mobile Safari/537.36 (compatible; Googlebot/2.1; +http://www.google.com/bot.html)"
66.249.79.35 - - [14/Nov/2024:13:34:02 +0530] "GET /72041377.phtml HTTP/1.1" 404 - "-" "Mozilla/5.0 (Linux; Android 6.0.1; Nexus 5X Build/MMB29P) AppleWebKit/537.36 (KHTML, like Gecko) Chrome/131.0.6778.69 Mobile Safari/537.36 (compatible; Googlebot/2.1; +http://www.google.com/bot.html)"
54.36.148.126 - - [14/Nov/2024:13:34:01 +0530] "GET /product/silver-ring-leafy-1 HTTP/1.1" 200 858391 "-" "Mozilla/5.0 (compatible; AhrefsBot/7.0; +http://ahrefs.com/robot/)"
185.191.171.12 - - [14/Nov/2024:13:34:20 +0530] "GET /product/T623291?c=198&keyword=browse HTTP/1.1" 200 77380 "-" "Mozilla/5.0 (compatible; SemrushBot/7~bl; +http://www.semrush.com/bot.html)"
185.191.171.9 - - [14/Nov/2024:13:34:30 +0530] "GET /product/G111806?c=364&keyword=ambassador HTTP/1.1" 200 77380 "-" "Mozilla/5.0 (compatible; SemrushBot/7~bl; +http://www.semrush.com/bot.html)"
85.208.96.212 - - [14/Nov/2024:13:34:38 +0530] "GET /product/N466817?c=665&keyword=waveform HTTP/1.1" 200 77380 "-" "Mozilla/5.0 (compatible; SemrushBot/7~bl; +http://www.semrush.com/bot.html)"
185.191.171.9 - - [14/Nov/2024:13:34:44 +0530] "GET /product/H158919?c=432&keyword=septet HTTP/1.1" 200 77380 "-" "Mozilla/5.0 (compatible; SemrushBot/7~bl; +http://www.semrush.com/bot.html)"
66.249.68.36 - - [14/Nov/2024:13:34:50 +0530] "GET /134941761.phtml HTTP/1.1" 404 - "-" "Mozilla/5.0 (Linux; Android 6.0.1; Nexus 5X Build/MMB29P) AppleWebKit/537.36 (KHTML, like Gecko) Chrome/130.0.6723.116 Mobile Safari/537.36 (compatible; Googlebot/2.1; +http://www.google.com/bot.html)"
85.208.96.211 - - [14/Nov/2024:13:34:59 +0530] "GET /product/W33094?c=305&keyword=providence HTTP/1.1" 200 77380 "-" "Mozilla/5.0 (compatible; SemrushBot/7~bl; +http://www.semrush.com/bot.html)"
66.249.68.34 - - [14/Nov/2024:13:35:03 +0530] "GET /213003486.phtml HTTP/1.1" 404 - "-" "Mozilla/5.0 (Linux; Android 6.0.1; Nexus 5X Build/MMB29P) AppleWebKit/537.36 (KHTML, like Gecko) Chrome/130.0.6723.116 Mobile Safari/537.36 (compatible; Googlebot/2.1; +http://www.google.com/bot.html)"
85.208.96.211 - - [14/Nov/2024:13:35:08 +0530] "GET /product/O466428?c=338&keyword=flight HTTP/1.1" 200 77380 "-" "Mozilla/5.0 (compatible; SemrushBot/7~bl; +http://www.semrush.com/bot.html)"
85.208.96.212 - - [14/Nov/2024:13:35:11 +0530] "GET /product/E695868?c=838&keyword=moped HTTP/1.1" 200 77380 "-" "Mozilla/5.0 (compatible; SemrushBot/7~bl; +http://www.semrush.com/bot.html)"
185.191.171.8 - - [14/Nov/2024:13:35:14 +0530] "GET /product/I72626?c=519&keyword=traverse HTTP/1.1" 200 77380 "-" "Mozilla/5.0 (compatible; SemrushBot/7~bl; +http://www.semrush.com/bot.html)"
185.191.171.19 - - [14/Nov/2024:13:35:15 +0530] "GET /135580446.phtml HTTP/1.1" 404 - "-" "Mozilla/5.0 (compatible; SemrushBot/7~bl; +http://www.semrush.com/bot.html)"
66.249.68.35 - - [14/Nov/2024:13:35:15 +0530] "GET /201745701.phtml HTTP/1.1" 404 - "-" "Mozilla/5.0 (Linux; Android 6.0.1; Nexus 5X Build/MMB29P) AppleWebKit/537.36 (KHTML, like Gecko) Chrome/130.0.6723.116 Mobile Safari/537.36 (compatible; Googlebot/2.1; +http://www.google.com/bot.html)"
85.208.96.203 - - [14/Nov/2024:13:35:18 +0530] "GET /product/Z777867?c=491&keyword=injure HTTP/1.1" 200 77380 "-" "Mozilla/5.0 (compatible; SemrushBot/7~bl; +http://www.semrush.com/bot.html)"
185.191.171.13 - - [14/Nov/2024:13:35:21 +0530] "GET /product/C469276?c=382&keyword=stealth HTTP/1.1" 200 77380 "-" "Mozilla/5.0 (compatible; SemrushBot/7~bl; +http://www.semrush.com/bot.html)"
66.249.79.37 - - [14/Nov/2024:13:35:22 +0530] "GET /11721767.phtml HTTP/1.1" 404 - "-" "Mozilla/5.0 (Linux; Android 6.0.1; Nexus 5X Build/MMB29P) AppleWebKit/537.36 (KHTML, like Gecko) Chrome/131.0.6778.69 Mobile Safari/537.36 (compatible; Googlebot/2.1; +http://www.google.com/bot.html)"
66.249.79.37 - - [14/Nov/2024:13:35:24 +0530] "GET /9724657.phtml HTTP/1.1" 404 - "-" "Mozilla/5.0 (Linux; Android 6.0.1; Nexus 5X Build/MMB29P) AppleWebKit/537.36 (KHTML, like Gecko) Chrome/131.0.6778.69 Mobile Safari/537.36 (compatible; Googlebot/2.1; +http://www.google.com/bot.html)"
66.249.68.34 - - [14/Nov/2024:13:35:28 +0530] "GET /32760099.phtml HTTP/1.1" 404 - "-" "Mozilla/5.0 (Linux; Android 6.0.1; Nexus 5X Build/MMB29P) AppleWebKit/537.36 (KHTML, like Gecko) Chrome/130.0.6723.116 Mobile Safari/537.36 (compatible; Googlebot/2.1; +http://www.google.com/bot.html)"
185.191.171.16 - - [14/Nov/2024:13:35:47 +0530] "GET /product/O430834?c=191&keyword=protein HTTP/1.1" 200 77380 "-" "Mozilla/5.0 (compatible; SemrushBot/7~bl; +http://www.semrush.com/bot.html)"
85.208.96.211 - - [14/Nov/2024:13:35:51 +0530] "GET /102932748.phtml HTTP/1.1" 404 - "-" "Mozilla/5.0 (compatible; SemrushBot/7~bl; +http://www.semrush.com/bot.html)"
66.249.79.36 - - [14/Nov/2024:13:35:58 +0530] "GET /109128419.phtml HTTP/1.1" 404 - "-" "Mozilla/5.0 (Linux; Android 6.0.1; Nexus 5X Build/MMB29P) AppleWebKit/537.36 (KHTML, like Gecko) Chrome/131.0.6778.69 Mobile Safari/537.36 (compatible; Googlebot/2.1; +http://www.google.com/bot.html)"
66.249.68.34 - - [14/Nov/2024:13:36:02 +0530] "GET /107819883.phtml HTTP/1.1" 404 - "-" "Mozilla/5.0 (Linux; Android 6.0.1; Nexus 5X Build/MMB29P) AppleWebKit/537.36 (KHTML, like Gecko) Chrome/130.0.6723.116 Mobile Safari/537.36 (compatible; Googlebot/2.1; +http://www.google.com/bot.html)"
185.191.171.12 - - [14/Nov/2024:13:36:16 +0530] "GET /product/O268958?c=410&keyword=diamond HTTP/1.1" 200 77380 "-" "Mozilla/5.0 (compatible; SemrushBot/7~bl; +http://www.semrush.com/bot.html)"
185.191.171.9 - - [14/Nov/2024:13:36:23 +0530] "GET /166300830.phtml HTTP/1.1" 404 - "-" "Mozilla/5.0 (compatible; SemrushBot/7~bl; +http://www.semrush.com/bot.html)"
185.191.171.2 - - [14/Nov/2024:13:36:25 +0530] "GET /product/Q759502?c=717&keyword=Lincoln HTTP/1.1" 200 77380 "-" "Mozilla/5.0 (compatible; SemrushBot/7~bl; +http://www.semrush.com/bot.html)"
85.208.96.208 - - [14/Nov/2024:13:36:31 +0530] "GET /product/Q597730?c=942&keyword=navigate HTTP/1.1" 200 77380 "-" "Mozilla/5.0 (compatible; SemrushBot/7~bl; +http://www.semrush.com/bot.html)"
85.208.96.195 - - [14/Nov/2024:13:36:41 +0530] "GET /product/K578302?c=209&keyword=Lincoln HTTP/1.1" 200 77380 "-" "Mozilla/5.0 (compatible; SemrushBot/7~bl; +http://www.semrush.com/bot.html)"
85.208.96.206 - - [14/Nov/2024:13:36:57 +0530] "GET /product/M395654?c=641&keyword=composite HTTP/1.1" 200 77380 "-" "Mozilla/5.0 (compatible; SemrushBot/7~bl; +http://www.semrush.com/bot.html)"
66.249.68.34 - - [14/Nov/2024:13:37:03 +0530] "GET /173616426.phtml HTTP/1.1" 404 - "-" "Mozilla/5.0 (Linux; Android 6.0.1; Nexus 5X Build/MMB29P) AppleWebKit/537.36 (KHTML, like Gecko) Chrome/130.0.6723.116 Mobile Safari/537.36 (compatible; Googlebot/2.1; +http://www.google.com/bot.html)"
217.182.175.38 - - [14/Nov/2024:13:37:17 +0530] "GET /product/122230.html?product_id=88 HTTP/1.1" 200 77380 "-" "Mozilla/5.0 (compatible; MJ12bot/v1.4.8; http://mj12bot.com/)"
217.182.175.38 - - [14/Nov/2024:13:37:19 +0530] "GET /product/122230.html?product_id=888 HTTP/1.1" 200 77380 "-" "Mozilla/5.0 (compatible; MJ12bot/v1.4.8; http://mj12bot.com/)"
217.182.175.38 - - [14/Nov/2024:13:37:21 +0530] "GET /product/122230.html?product_id=891 HTTP/1.1" 200 77380 "-" "Mozilla/5.0 (compatible; MJ12bot/v1.4.8; http://mj12bot.com/)"
217.182.175.38 - - [14/Nov/2024:13:37:24 +0530] "GET /product/122230.html?product_id=893 HTTP/1.1" 200 77380 "-" "Mozilla/5.0 (compatible; MJ12bot/v1.4.8; http://mj12bot.com/)"
185.191.171.14 - - [14/Nov/2024:13:37:26 +0530] "GET /product/K280446?c=892&keyword=perpetual HTTP/1.1" 200 77380 "-" "Mozilla/5.0 (compatible; SemrushBot/7~bl; +http://www.semrush.com/bot.html)"
217.182.175.38 - - [14/Nov/2024:13:37:26 +0530] "GET /product/122230.html?product_id=895 HTTP/1.1" 200 77380 "-" "Mozilla/5.0 (compatible; MJ12bot/v1.4.8; http://mj12bot.com/)"
66.249.68.34 - - [14/Nov/2024:13:37:28 +0530] "GET /50683779.phtml HTTP/1.1" 404 - "-" "Mozilla/5.0 (Linux; Android 6.0.1; Nexus 5X Build/MMB29P) AppleWebKit/537.36 (KHTML, like Gecko) Chrome/130.0.6723.116 Mobile Safari/537.36 (compatible; Googlebot/2.1; +http://www.google.com/bot.html)"
217.182.175.38 - - [14/Nov/2024:13:37:28 +0530] "GET /product/122230.html?product_id=903 HTTP/1.1" 200 77380 "-" "Mozilla/5.0 (compatible; MJ12bot/v1.4.8; http://mj12bot.com/)"
217.182.175.38 - - [14/Nov/2024:13:37:30 +0530] "GET /product/122230.html?product_id=915 HTTP/1.1" 200 77380 "-" "Mozilla/5.0 (compatible; MJ12bot/v1.4.8; http://mj12bot.com/)"
217.182.175.38 - - [14/Nov/2024:13:37:33 +0530] "GET /product/122230.html?product_id=917 HTTP/1.1" 200 77380 "-" "Mozilla/5.0 (compatible; MJ12bot/v1.4.8; http://mj12bot.com/)"
185.191.171.15 - - [14/Nov/2024:13:37:34 +0530] "GET /product/Z286025?c=558&keyword=shuttle HTTP/1.1" 200 77380 "-" "Mozilla/5.0 (compatible; SemrushBot/7~bl; +http://www.semrush.com/bot.html)"
217.182.175.38 - - [14/Nov/2024:13:37:35 +0530] "GET /product/122230.html?product_id=918 HTTP/1.1" 200 77380 "-" "Mozilla/5.0 (compatible; MJ12bot/v1.4.8; http://mj12bot.com/)"
217.182.175.38 - - [14/Nov/2024:13:37:37 +0530] "GET /product/122230.html?product_id=927 HTTP/1.1" 200 77380 "-" "Mozilla/5.0 (compatible; MJ12bot/v1.4.8; http://mj12bot.com/)"
217.182.175.38 - - [14/Nov/2024:13:37:40 +0530] "GET /product/122230.html?product_id=929 HTTP/1.1" 200 77380 "-" "Mozilla/5.0 (compatible; MJ12bot/v1.4.8; http://mj12bot.com/)"
217.182.175.38 - - [14/Nov/2024:13:37:42 +0530] "GET /product/122230.html?product_id=934 HTTP/1.1" 200 77380 "-" "Mozilla/5.0 (compatible; MJ12bot/v1.4.8; http://mj12bot.com/)"
54.36.148.111 - - [14/Nov/2024:13:37:42 +0530] "GET /product/sterling-silver-owl-set HTTP/1.1" 200 314294 "-" "Mozilla/5.0 (compatible; AhrefsBot/7.0; +http://ahrefs.com/robot/)"
85.208.96.205 - - [14/Nov/2024:13:37:44 +0530] "GET /247104972.phtml HTTP/1.1" 404 - "-" "Mozilla/5.0 (compatible; SemrushBot/7~bl; +http://www.semrush.com/bot.html)"
217.182.175.38 - - [14/Nov/2024:13:37:44 +0530] "GET /product/122230.html?product_id=937 HTTP/1.1" 200 77380 "-" "Mozilla/5.0 (compatible; MJ12bot/v1.4.8; http://mj12bot.com/)"
217.182.175.38 - - [14/Nov/2024:13:37:46 +0530] "GET /product/122230.html?product_id=94 HTTP/1.1" 200 77380 "-" "Mozilla/5.0 (compatible; MJ12bot/v1.4.8; http://mj12bot.com/)"
3.17.75.132 - - [14/Nov/2024:13:37:47 +0530] "GET /robots.txt HTTP/1.1" 404 - "-" "Mozilla/5.0 AppleWebKit/537.36 (KHTML, like Gecko; compatible; ClaudeBot/1.0; +claudebot@anthropic.com)"
3.17.75.132 - - [14/Nov/2024:13:37:47 +0530] "GET /images/chain/5.jpeg HTTP/1.1" 200 11647 "-" "Mozilla/5.0 AppleWebKit/537.36 (KHTML, like Gecko; compatible; ClaudeBot/1.0; +claudebot@anthropic.com)"
185.191.171.7 - - [14/Nov/2024:13:37:48 +0530] "GET /product/D390003?c=569&keyword=assessor HTTP/1.1" 200 77380 "-" "Mozilla/5.0 (compatible; SemrushBot/7~bl; +http://www.semrush.com/bot.html)"
217.182.175.38 - - [14/Nov/2024:13:37:49 +0530] "GET /product/122230.html?product_id=945 HTTP/1.1" 200 77380 "-" "Mozilla/5.0 (compatible; MJ12bot/v1.4.8; http://mj12bot.com/)"
3.22.242.248 - - [14/Nov/2024:13:37:49 +0530] "GET /images/silver/1.jpeg HTTP/1.1" 200 15534 "-" "Mozilla/5.0 AppleWebKit/537.36 (KHTML, like Gecko; compatible; ClaudeBot/1.0; +claudebot@anthropic.com)"
85.208.96.211 - - [14/Nov/2024:13:37:49 +0530] "GET /137084373.phtml HTTP/1.1" 404 - "-" "Mozilla/5.0 (compatible; SemrushBot/7~bl; +http://www.semrush.com/bot.html)"
217.182.175.38 - - [14/Nov/2024:13:37:51 +0530] "GET /product/122230.html?product_id=949 HTTP/1.1" 200 77380 "-" "Mozilla/5.0 (compatible; MJ12bot/v1.4.8; http://mj12bot.com/)"
18.222.100.33 - - [14/Nov/2024:13:37:52 +0530] "GET /images/gemstones/1.jpeg HTTP/1.1" 200 6947 "-" "Mozilla/5.0 AppleWebKit/537.36 (KHTML, like Gecko; compatible; ClaudeBot/1.0; +claudebot@anthropic.com)"
217.182.175.38 - - [14/Nov/2024:13:37:53 +0530] "GET /product/122230.html?product_id=953 HTTP/1.1" 200 77380 "-" "Mozilla/5.0 (compatible; MJ12bot/v1.4.8; http://mj12bot.com/)"
217.182.175.38 - - [14/Nov/2024:13:37:56 +0530] "GET /product/122230.html?product_id=955 HTTP/1.1" 200 77380 "-" "Mozilla/5.0 (compatible; MJ12bot/v1.4.8; http://mj12bot.com/)"
217.182.175.38 - - [14/Nov/2024:13:37:59 +0530] "GET /product/122230.html?product_id=96 HTTP/1.1" 200 77380 "-" "Mozilla/5.0 (compatible; MJ12bot/v1.4.8; http://mj12bot.com/)"
85.208.96.208 - - [14/Nov/2024:13:38:00 +0530] "GET /product/V198531?c=303&keyword=displease HTTP/1.1" 200 77380 "-" "Mozilla/5.0 (compatible; SemrushBot/7~bl; +http://www.semrush.com/bot.html)"
217.182.175.38 - - [14/Nov/2024:13:38:01 +0530] "GET /product/122230.html?product_id=964 HTTP/1.1" 200 77380 "-" "Mozilla/5.0 (compatible; MJ12bot/v1.4.8; http://mj12bot.com/)"
18.188.99.190 - - [14/Nov/2024:13:38:03 +0530] "GET /images/diamond/6.jpeg HTTP/1.1" 200 9190 "-" "Mozilla/5.0 AppleWebKit/537.36 (KHTML, like Gecko; compatible; ClaudeBot/1.0; +claudebot@anthropic.com)"
217.182.175.38 - - [14/Nov/2024:13:38:04 +0530] "GET /product/122230.html?product_id=965 HTTP/1.1" 200 77380 "-" "Mozilla/5.0 (compatible; MJ12bot/v1.4.8; http://mj12bot.com/)"
66.249.68.34 - - [14/Nov/2024:13:38:05 +0530] "GET /9259731.phtml HTTP/1.1" 404 - "-" "Mozilla/5.0 (Linux; Android 6.0.1; Nexus 5X Build/MMB29P) AppleWebKit/537.36 (KHTML, like Gecko) Chrome/130.0.6723.116 Mobile Safari/537.36 (compatible; Googlebot/2.1; +http://www.google.com/bot.html)"
66.249.79.36 - - [14/Nov/2024:13:38:06 +0530] "GET /141044131.phtml HTTP/1.1" 404 - "-" "Mozilla/5.0 (Linux; Android 6.0.1; Nexus 5X Build/MMB29P) AppleWebKit/537.36 (KHTML, like Gecko) Chrome/130.0.6723.116 Mobile Safari/537.36 (compatible; Googlebot/2.1; +http://www.google.com/bot.html)"
217.182.175.38 - - [14/Nov/2024:13:38:06 +0530] "GET /product/122230.html?product_id=971 HTTP/1.1" 200 77380 "-" "Mozilla/5.0 (compatible; MJ12bot/v1.4.8; http://mj12bot.com/)"
217.182.175.38 - - [14/Nov/2024:13:38:09 +0530] "GET /product/122230.html?product_id=984 HTTP/1.1" 200 77380 "-" "Mozilla/5.0 (compatible; MJ12bot/v1.4.8; http://mj12bot.com/)"
3.148.107.189 - - [14/Nov/2024:13:38:10 +0530] "GET /images/gold/3.jpeg HTTP/1.1" 200 12594 "-" "Mozilla/5.0 AppleWebKit/537.36 (KHTML, like Gecko; compatible; ClaudeBot/1.0; +claudebot@anthropic.com)"
3.148.107.189 - - [14/Nov/2024:13:38:10 +0530] "GET /home_setting/ring.jpg HTTP/1.1" 200 77710 "-" "Mozilla/5.0 AppleWebKit/537.36 (KHTML, like Gecko; compatible; ClaudeBot/1.0; +claudebot@anthropic.com)"
217.182.175.38 - - [14/Nov/2024:13:38:12 +0530] "GET /product/122230.html?product_id=990 HTTP/1.1" 200 77380 "-" "Mozilla/5.0 (compatible; MJ12bot/v1.4.8; http://mj12bot.com/)"
217.182.175.38 - - [14/Nov/2024:13:38:16 +0530] "GET /product/122230.html?product_id=999 HTTP/1.1" 200 77380 "-" "Mozilla/5.0 (compatible; MJ12bot/v1.4.8; http://mj12bot.com/)"
185.191.171.7 - - [14/Nov/2024:13:38:16 +0530] "GET /189747981.phtml HTTP/1.1" 404 - "-" "Mozilla/5.0 (compatible; SemrushBot/7~bl; +http://www.semrush.com/bot.html)"
217.182.175.38 - - [14/Nov/2024:13:38:19 +0530] "GET /product/122231.html?product_id=114 HTTP/1.1" 200 77380 "-" "Mozilla/5.0 (compatible; MJ12bot/v1.4.8; http://mj12bot.com/)"
18.217.172.54 - - [14/Nov/2024:13:38:19 +0530] "GET /images/fashion/3.jpeg HTTP/1.1" 200 8734 "-" "Mozilla/5.0 AppleWebKit/537.36 (KHTML, like Gecko; compatible; ClaudeBot/1.0; +claudebot@anthropic.com)"
66.249.68.34 - - [14/Nov/2024:13:38:19 +0530] "GET /66199329.phtml HTTP/1.1" 404 - "-" "Mozilla/5.0 (Linux; Android 6.0.1; Nexus 5X Build/MMB29P) AppleWebKit/537.36 (KHTML, like Gecko) Chrome/130.0.6723.116 Mobile Safari/537.36 (compatible; Googlebot/2.1; +http://www.google.com/bot.html)"
217.182.175.38 - - [14/Nov/2024:13:38:21 +0530] "GET /product/122238.html?product_id=510 HTTP/1.1" 200 77380 "-" "Mozilla/5.0 (compatible; MJ12bot/v1.4.8; http://mj12bot.com/)"
217.182.175.38 - - [14/Nov/2024:13:38:25 +0530] "GET /product/122238.html?product_id=872 HTTP/1.1" 200 77380 "-" "Mozilla/5.0 (compatible; MJ12bot/v1.4.8; http://mj12bot.com/)"
217.182.175.38 - - [14/Nov/2024:13:38:28 +0530] "GET /product/122238.html?product_id=873 HTTP/1.1" 200 77380 "-" "Mozilla/5.0 (compatible; MJ12bot/v1.4.8; http://mj12bot.com/)"
217.182.175.38 - - [14/Nov/2024:13:38:31 +0530] "GET /product/122238.html?product_id=875 HTTP/1.1" 200 77380 "-" "Mozilla/5.0 (compatible; MJ12bot/v1.4.8; http://mj12bot.com/)"
66.249.68.34 - - [14/Nov/2024:13:38:32 +0530] "GET /123491115.phtml HTTP/1.1" 404 - "-" "Mozilla/5.0 (Linux; Android 6.0.1; Nexus 5X Build/MMB29P) AppleWebKit/537.36 (KHTML, like Gecko) Chrome/130.0.6723.116 Mobile Safari/537.36 (compatible; Googlebot/2.1; +http://www.google.com/bot.html)"
217.182.175.38 - - [14/Nov/2024:13:38:33 +0530] "GET /product/122238.html?product_id=878 HTTP/1.1" 200 77380 "-" "Mozilla/5.0 (compatible; MJ12bot/v1.4.8; http://mj12bot.com/)"
217.182.175.38 - - [14/Nov/2024:13:38:36 +0530] "GET /product/122238.html?product_id=888 HTTP/1.1" 200 77380 "-" "Mozilla/5.0 (compatible; MJ12bot/v1.4.8; http://mj12bot.com/)"
52.14.0.200 - - [14/Nov/2024:13:38:37 +0530] "GET /assets/img/product/product-details-img5.jpg HTTP/1.1" 200 19141 "-" "Mozilla/5.0 AppleWebKit/537.36 (KHTML, like Gecko; compatible; ClaudeBot/1.0; +claudebot@anthropic.com)"
185.191.171.4 - - [14/Nov/2024:13:38:39 +0530] "GET /product/D479703?c=450&keyword=assessor HTTP/1.1" 200 77380 "-" "Mozilla/5.0 (compatible; SemrushBot/7~bl; +http://www.semrush.com/bot.html)"
217.182.175.38 - - [14/Nov/2024:13:38:41 +0530] "GET /product/122238.html?product_id=891 HTTP/1.1" 200 77380 "-" "Mozilla/5.0 (compatible; MJ12bot/v1.4.8; http://mj12bot.com/)"
185.191.171.16 - - [14/Nov/2024:13:38:43 +0530] "GET /product/E134450?c=273&keyword=calling HTTP/1.1" 200 77380 "-" "Mozilla/5.0 (compatible; SemrushBot/7~bl; +http://www.semrush.com/bot.html)"
217.182.175.38 - - [14/Nov/2024:13:38:45 +0530] "GET /product/122238.html?product_id=902 HTTP/1.1" 200 77380 "-" "Mozilla/5.0 (compatible; MJ12bot/v1.4.8; http://mj12bot.com/)"
217.182.175.38 - - [14/Nov/2024:13:38:48 +0530] "GET /product/122238.html?product_id=905 HTTP/1.1" 200 77380 "-" "Mozilla/5.0 (compatible; MJ12bot/v1.4.8; http://mj12bot.com/)"
85.208.96.211 - - [14/Nov/2024:13:38:49 +0530] "GET /179007867.phtml HTTP/1.1" 404 - "-" "Mozilla/5.0 (compatible; SemrushBot/7~bl; +http://www.semrush.com/bot.html)"
3.144.123.222 - - [14/Nov/2024:13:38:49 +0530] "GET /images/diamond/3.jpeg HTTP/1.1" 200 17313 "-" "Mozilla/5.0 AppleWebKit/537.36 (KHTML, like Gecko; compatible; ClaudeBot/1.0; +claudebot@anthropic.com)"
217.182.175.38 - - [14/Nov/2024:13:38:52 +0530] "GET /product/122238.html?product_id=908 HTTP/1.1" 200 77380 "-" "Mozilla/5.0 (compatible; MJ12bot/v1.4.8; http://mj12bot.com/)"
85.208.96.211 - - [14/Nov/2024:13:38:53 +0530] "GET /product/Z699087?c=963&keyword=slide HTTP/1.1" 200 77380 "-" "Mozilla/5.0 (compatible; SemrushBot/7~bl; +http://www.semrush.com/bot.html)"
217.182.175.38 - - [14/Nov/2024:13:38:55 +0530] "GET /product/122238.html?product_id=911 HTTP/1.1" 200 77380 "-" "Mozilla/5.0 (compatible; MJ12bot/v1.4.8; http://mj12bot.com/)"
185.191.171.10 - - [14/Nov/2024:13:38:56 +0530] "GET /product/J240379?c=820&keyword=ordering HTTP/1.1" 200 77380 "-" "Mozilla/5.0 (compatible; SemrushBot/7~bl; +http://www.semrush.com/bot.html)"
217.182.175.38 - - [14/Nov/2024:13:38:59 +0530] "GET /product/122238.html?product_id=912 HTTP/1.1" 200 77380 "-" "Mozilla/5.0 (compatible; MJ12bot/v1.4.8; http://mj12bot.com/)"
217.182.175.38 - - [14/Nov/2024:13:39:02 +0530] "GET /product/122238.html?product_id=913 HTTP/1.1" 200 77380 "-" "Mozilla/5.0 (compatible; MJ12bot/v1.4.8; http://mj12bot.com/)"
185.191.171.3 - - [14/Nov/2024:13:39:03 +0530] "GET /product/F141419?c=298&keyword=septet HTTP/1.1" 200 77380 "-" "Mozilla/5.0 (compatible; SemrushBot/7~bl; +http://www.semrush.com/bot.html)"
185.191.171.2 - - [14/Nov/2024:13:39:05 +0530] "GET /35656011.phtml HTTP/1.1" 404 - "-" "Mozilla/5.0 (compatible; SemrushBot/7~bl; +http://www.semrush.com/bot.html)"
217.182.175.38 - - [14/Nov/2024:13:39:06 +0530] "GET /product/122238.html?product_id=916 HTTP/1.1" 200 77380 "-" "Mozilla/5.0 (compatible; MJ12bot/v1.4.8; http://mj12bot.com/)"
66.249.68.34 - - [14/Nov/2024:13:39:09 +0530] "GET /136399842.phtml HTTP/1.1" 404 - "-" "Mozilla/5.0 (Linux; Android 6.0.1; Nexus 5X Build/MMB29P) AppleWebKit/537.36 (KHTML, like Gecko) Chrome/130.0.6723.116 Mobile Safari/537.36 (compatible; Googlebot/2.1; +http://www.google.com/bot.html)"
217.182.175.38 - - [14/Nov/2024:13:39:10 +0530] "GET /product/122238.html?product_id=918 HTTP/1.1" 200 77380 "-" "Mozilla/5.0 (compatible; MJ12bot/v1.4.8; http://mj12bot.com/)"
66.249.68.36 - - [14/Nov/2024:13:39:10 +0530] "GET /147560508.phtml HTTP/1.1" 404 - "-" "Mozilla/5.0 (Linux; Android 6.0.1; Nexus 5X Build/MMB29P) AppleWebKit/537.36 (KHTML, like Gecko) Chrome/130.0.6723.116 Mobile Safari/537.36 (compatible; Googlebot/2.1; +http://www.google.com/bot.html)"
217.182.175.38 - - [14/Nov/2024:13:39:14 +0530] "GET /product/122238.html?product_id=92 HTTP/1.1" 200 77380 "-" "Mozilla/5.0 (compatible; MJ12bot/v1.4.8; http://mj12bot.com/)"
185.191.171.16 - - [14/Nov/2024:13:39:16 +0530] "GET /product/X712735?c=141&keyword=mythic HTTP/1.1" 200 77380 "-" "Mozilla/5.0 (compatible; SemrushBot/7~bl; +http://www.semrush.com/bot.html)"
217.182.175.38 - - [14/Nov/2024:13:39:20 +0530] "GET /product/122238.html?product_id=923 HTTP/1.1" 200 77380 "-" "Mozilla/5.0 (compatible; MJ12bot/v1.4.8; http://mj12bot.com/)"
66.249.68.34 - - [14/Nov/2024:13:39:23 +0530] "GET /161187705.phtml HTTP/1.1" 404 - "-" "Mozilla/5.0 (Linux; Android 6.0.1; Nexus 5X Build/MMB29P) AppleWebKit/537.36 (KHTML, like Gecko) Chrome/130.0.6723.116 Mobile Safari/537.36 (compatible; Googlebot/2.1; +http://www.google.com/bot.html)"
217.182.175.38 - - [14/Nov/2024:13:39:24 +0530] "GET /product/122238.html?product_id=926 HTTP/1.1" 200 77380 "-" "Mozilla/5.0 (compatible; MJ12bot/v1.4.8; http://mj12bot.com/)"
66.249.68.34 - - [14/Nov/2024:13:39:24 +0530] "GET /154678950.phtml HTTP/1.1" 404 - "-" "Mozilla/5.0 (Linux; Android 6.0.1; Nexus 5X Build/MMB29P) AppleWebKit/537.36 (KHTML, like Gecko) Chrome/130.0.6723.116 Mobile Safari/537.36 (compatible; Googlebot/2.1; +http://www.google.com/bot.html)"
85.208.96.203 - - [14/Nov/2024:13:39:27 +0530] "GET /product/R653111?c=211&keyword=troupe HTTP/1.1" 200 77380 "-" "Mozilla/5.0 (compatible; SemrushBot/7~bl; +http://www.semrush.com/bot.html)"
217.182.175.38 - - [14/Nov/2024:13:39:27 +0530] "GET /product/122238.html?product_id=933 HTTP/1.1" 200 77380 "-" "Mozilla/5.0 (compatible; MJ12bot/v1.4.8; http://mj12bot.com/)"
217.182.175.38 - - [14/Nov/2024:13:39:32 +0530] "GET /product/122238.html?product_id=934 HTTP/1.1" 200 77380 "-" "Mozilla/5.0 (compatible; MJ12bot/v1.4.8; http://mj12bot.com/)"
85.208.96.202 - - [14/Nov/2024:13:39:33 +0530] "GET /product/V33535?c=740&keyword=mythic HTTP/1.1" 200 77380 "-" "Mozilla/5.0 (compatible; SemrushBot/7~bl; +http://www.semrush.com/bot.html)"
85.208.96.203 - - [14/Nov/2024:13:39:36 +0530] "GET /product/X118505?c=250&keyword=kindness HTTP/1.1" 200 77380 "-" "Mozilla/5.0 (compatible; SemrushBot/7~bl; +http://www.semrush.com/bot.html)"
13.58.122.85 - - [14/Nov/2024:13:39:39 +0530] "GET /assets/img/product/product-details-img3.jpg HTTP/1.1" 200 51925 "-" "Mozilla/5.0 AppleWebKit/537.36 (KHTML, like Gecko; compatible; ClaudeBot/1.0; +claudebot@anthropic.com)"
185.191.171.9 - - [14/Nov/2024:13:39:39 +0530] "GET /product/W518514?c=575&keyword=recycling HTTP/1.1" 200 77380 "-" "Mozilla/5.0 (compatible; SemrushBot/7~bl; +http://www.semrush.com/bot.html)"
13.59.67.207 - - [14/Nov/2024:13:39:40 +0530] "GET /home_setting/set.jpg HTTP/1.1" 200 71163 "-" "Mozilla/5.0 AppleWebKit/537.36 (KHTML, like Gecko; compatible; ClaudeBot/1.0; +claudebot@anthropic.com)"
3.12.164.143 - - [14/Nov/2024:13:39:51 +0530] "GET /images/silver/5.jpeg HTTP/1.1" 200 14613 "-" "Mozilla/5.0 AppleWebKit/537.36 (KHTML, like Gecko; compatible; ClaudeBot/1.0; +claudebot@anthropic.com)"
185.191.171.13 - - [14/Nov/2024:13:39:58 +0530] "GET /106610229.phtml HTTP/1.1" 404 - "-" "Mozilla/5.0 (compatible; SemrushBot/7~bl; +http://www.semrush.com/bot.html)"
185.191.171.15 - - [14/Nov/2024:13:40:09 +0530] "GET /product/G242248?c=341&keyword=rejuvenate HTTP/1.1" 200 77380 "-" "Mozilla/5.0 (compatible; SemrushBot/7~bl; +http://www.semrush.com/bot.html)"
66.249.68.34 - - [14/Nov/2024:13:40:13 +0530] "GET /112032288.phtml HTTP/1.1" 404 - "-" "Mozilla/5.0 (Linux; Android 6.0.1; Nexus 5X Build/MMB29P) AppleWebKit/537.36 (KHTML, like Gecko) Chrome/130.0.6723.116 Mobile Safari/537.36 (compatible; Googlebot/2.1; +http://www.google.com/bot.html)"
66.249.79.36 - - [14/Nov/2024:13:40:14 +0530] "GET /95760533.phtml HTTP/1.1" 404 - "-" "Mozilla/5.0 (Linux; Android 6.0.1; Nexus 5X Build/MMB29P) AppleWebKit/537.36 (KHTML, like Gecko) Chrome/130.0.6723.116 Mobile Safari/537.36 (compatible; Googlebot/2.1; +http://www.google.com/bot.html)"
13.59.2.1 - - [14/Nov/2024:13:40:19 +0530] "GET /images/chain/6.jpeg HTTP/1.1" 200 8582 "-" "Mozilla/5.0 AppleWebKit/537.36 (KHTML, like Gecko; compatible; ClaudeBot/1.0; +claudebot@anthropic.com)"
185.191.171.14 - - [14/Nov/2024:13:40:20 +0530] "GET /product/O34126?c=714&keyword=traverse HTTP/1.1" 200 77380 "-" "Mozilla/5.0 (compatible; SemrushBot/7~bl; +http://www.semrush.com/bot.html)"
85.208.96.194 - - [14/Nov/2024:13:40:26 +0530] "GET /product/M912586?c=400&keyword=Fahrenheit HTTP/1.1" 200 77380 "-" "Mozilla/5.0 (compatible; SemrushBot/7~bl; +http://www.semrush.com/bot.html)"
3.144.19.240 - - [14/Nov/2024:13:40:26 +0530] "GET /images/gemstones/5.jpeg HTTP/1.1" 200 16182 "-" "Mozilla/5.0 AppleWebKit/537.36 (KHTML, like Gecko; compatible; ClaudeBot/1.0; +claudebot@anthropic.com)"
185.191.171.13 - - [14/Nov/2024:13:40:26 +0530] "GET /196630389.phtml HTTP/1.1" 404 - "-" "Mozilla/5.0 (compatible; SemrushBot/7~bl; +http://www.semrush.com/bot.html)"
66.249.68.35 - - [14/Nov/2024:13:40:27 +0530] "GET /8663733.phtml HTTP/1.1" 404 - "-" "Mozilla/5.0 (Linux; Android 6.0.1; Nexus 5X Build/MMB29P) AppleWebKit/537.36 (KHTML, like Gecko) Chrome/130.0.6723.116 Mobile Safari/537.36 (compatible; Googlebot/2.1; +http://www.google.com/bot.html)"
185.191.171.15 - - [14/Nov/2024:13:40:29 +0530] "GET /product/S615984?c=85&keyword=hesitantly HTTP/1.1" 200 77380 "-" "Mozilla/5.0 (compatible; SemrushBot/7~bl; +http://www.semrush.com/bot.html)"
3.128.30.152 - - [14/Nov/2024:13:40:39 +0530] "GET /assets/img/product/product-details-img4.jpg HTTP/1.1" 200 20983 "-" "Mozilla/5.0 AppleWebKit/537.36 (KHTML, like Gecko; compatible; ClaudeBot/1.0; +claudebot@anthropic.com)"
18.188.60.146 - - [14/Nov/2024:13:40:40 +0530] "GET /home_setting/bangles.jpg HTTP/1.1" 200 54587 "-" "Mozilla/5.0 AppleWebKit/537.36 (KHTML, like Gecko; compatible; ClaudeBot/1.0; +claudebot@anthropic.com)"
66.249.68.34 - - [14/Nov/2024:13:40:40 +0530] "GET /193386825.phtml HTTP/1.1" 404 - "-" "Mozilla/5.0 (Linux; Android 6.0.1; Nexus 5X Build/MMB29P) AppleWebKit/537.36 (KHTML, like Gecko) Chrome/130.0.6723.116 Mobile Safari/537.36 (compatible; Googlebot/2.1; +http://www.google.com/bot.html)"
66.249.68.34 - - [14/Nov/2024:13:40:41 +0530] "GET /167784993.phtml HTTP/1.1" 404 - "-" "Mozilla/5.0 (Linux; Android 6.0.1; Nexus 5X Build/MMB29P) AppleWebKit/537.36 (KHTML, like Gecko) Chrome/130.0.6723.116 Mobile Safari/537.36 (compatible; Googlebot/2.1; +http://www.google.com/bot.html)"
54.36.148.1 - - [14/Nov/2024:13:40:47 +0530] "GET /product/silver-ring-dotted-design HTTP/1.1" 200 858475 "-" "Mozilla/5.0 (compatible; AhrefsBot/7.0; +http://ahrefs.com/robot/)"
185.191.171.5 - - [14/Nov/2024:13:40:50 +0530] "GET /product/E770410?c=143&keyword=rouge HTTP/1.1" 200 77380 "-" "Mozilla/5.0 (compatible; SemrushBot/7~bl; +http://www.semrush.com/bot.html)"
3.142.119.192 - - [14/Nov/2024:13:40:53 +0530] "GET /images/chain/2.jpeg HTTP/1.1" 200 10206 "-" "Mozilla/5.0 AppleWebKit/537.36 (KHTML, like Gecko; compatible; ClaudeBot/1.0; +claudebot@anthropic.com)"
85.208.96.199 - - [14/Nov/2024:13:41:02 +0530] "GET /product/P749803?c=830&keyword=assessor HTTP/1.1" 200 77380 "-" "Mozilla/5.0 (compatible; SemrushBot/7~bl; +http://www.semrush.com/bot.html)"
18.222.109.174 - - [14/Nov/2024:13:41:03 +0530] "GET /images/gemstones/4.jpeg HTTP/1.1" 200 18763 "-" "Mozilla/5.0 AppleWebKit/537.36 (KHTML, like Gecko; compatible; ClaudeBot/1.0; +claudebot@anthropic.com)"
185.191.171.19 - - [14/Nov/2024:13:41:10 +0530] "GET /product/Y582788?c=43&keyword=Persia HTTP/1.1" 200 77380 "-" "Mozilla/5.0 (compatible; SemrushBot/7~bl; +http://www.semrush.com/bot.html)"
3.135.211.217 - - [14/Nov/2024:13:41:26 +0530] "GET /assets/img/product/product-details-img2.jpg HTTP/1.1" 200 32251 "-" "Mozilla/5.0 AppleWebKit/537.36 (KHTML, like Gecko; compatible; ClaudeBot/1.0; +claudebot@anthropic.com)"
3.22.242.248 - - [14/Nov/2024:13:41:30 +0530] "GET /testimonial/316HGjHjW4L._SL1024_.jpg HTTP/1.1" 200 13679 "-" "Mozilla/5.0 AppleWebKit/537.36 (KHTML, like Gecko; compatible; ClaudeBot/1.0; +claudebot@anthropic.com)"
66.249.68.36 - - [14/Nov/2024:13:41:33 +0530] "GET /169032717.phtml HTTP/1.1" 404 - "-" "Mozilla/5.0 (Linux; Android 6.0.1; Nexus 5X Build/MMB29P) AppleWebKit/537.36 (KHTML, like Gecko) Chrome/130.0.6723.116 Mobile Safari/537.36 (compatible; Googlebot/2.1; +http://www.google.com/bot.html)"
185.191.171.5 - - [14/Nov/2024:13:41:33 +0530] "GET /product/S382582?c=165&keyword=insignificant HTTP/1.1" 200 77380 "-" "Mozilla/5.0 (compatible; SemrushBot/7~bl; +http://www.semrush.com/bot.html)"
3.12.164.143 - - [14/Nov/2024:13:41:37 +0530] "GET /images/gemstones/2.jpeg HTTP/1.1" 200 19799 "-" "Mozilla/5.0 AppleWebKit/537.36 (KHTML, like Gecko; compatible; ClaudeBot/1.0; +claudebot@anthropic.com)"
85.208.96.211 - - [14/Nov/2024:13:41:37 +0530] "GET /product/Y90374?c=933&keyword=unusable HTTP/1.1" 200 77380 "-" "Mozilla/5.0 (compatible; SemrushBot/7~bl; +http://www.semrush.com/bot.html)"
85.208.96.206 - - [14/Nov/2024:13:41:42 +0530] "GET /106121475.phtml HTTP/1.1" 404 - "-" "Mozilla/5.0 (compatible; SemrushBot/7~bl; +http://www.semrush.com/bot.html)"
3.148.105.249 - - [14/Nov/2024:13:41:47 +0530] "GET /images/gold/2.jpeg HTTP/1.1" 200 12896 "-" "Mozilla/5.0 AppleWebKit/537.36 (KHTML, like Gecko; compatible; ClaudeBot/1.0; +claudebot@anthropic.com)"
3.148.105.249 - - [14/Nov/2024:13:41:47 +0530] "GET /images/chain/3.jpeg HTTP/1.1" 200 8144 "-" "Mozilla/5.0 AppleWebKit/537.36 (KHTML, like Gecko; compatible; ClaudeBot/1.0; +claudebot@anthropic.com)"
3.145.15.176 - - [14/Nov/2024:13:41:47 +0530] "GET /assets/img/product/product-details-img1.jpg HTTP/1.1" 200 27732 "-" "Mozilla/5.0 AppleWebKit/537.36 (KHTML, like Gecko; compatible; ClaudeBot/1.0; +claudebot@anthropic.com)"
66.249.79.37 - - [14/Nov/2024:13:41:48 +0530] "GET /135250585.phtml HTTP/1.1" 404 - "-" "Mozilla/5.0 (Linux; Android 6.0.1; Nexus 5X Build/MMB29P) AppleWebKit/537.36 (KHTML, like Gecko) Chrome/131.0.6778.69 Mobile Safari/537.36 (compatible; Googlebot/2.1; +http://www.google.com/bot.html)"
185.191.171.5 - - [14/Nov/2024:13:41:51 +0530] "GET /238861845.phtml HTTP/1.1" 404 - "-" "Mozilla/5.0 (compatible; SemrushBot/7~bl; +http://www.semrush.com/bot.html)"
3.17.175.176 - - [14/Nov/2024:13:41:57 +0530] "GET /images/fashion/6.jpeg HTTP/1.1" 200 20355 "-" "Mozilla/5.0 AppleWebKit/537.36 (KHTML, like Gecko; compatible; ClaudeBot/1.0; +claudebot@anthropic.com)"
85.208.96.194 - - [14/Nov/2024:13:42:01 +0530] "GET /product/B981423?c=746&keyword=pompous HTTP/1.1" 200 77380 "-" "Mozilla/5.0 (compatible; SemrushBot/7~bl; +http://www.semrush.com/bot.html)"
18.191.200.71 - - [14/Nov/2024:13:42:09 +0530] "GET /images/fashion/1.jpeg HTTP/1.1" 200 11089 "-" "Mozilla/5.0 AppleWebKit/537.36 (KHTML, like Gecko; compatible; ClaudeBot/1.0; +claudebot@anthropic.com)"
66.249.68.34 - - [14/Nov/2024:13:42:10 +0530] "GET /249589404.phtml HTTP/1.1" 404 - "-" "Mozilla/5.0 (Linux; Android 6.0.1; Nexus 5X Build/MMB29P) AppleWebKit/537.36 (KHTML, like Gecko) Chrome/130.0.6723.116 Mobile Safari/537.36 (compatible; Googlebot/2.1; +http://www.google.com/bot.html)"
85.208.96.203 - - [14/Nov/2024:13:42:32 +0530] "GET /product/W763018?c=166&keyword=Addict HTTP/1.1" 200 77380 "-" "Mozilla/5.0 (compatible; SemrushBot/7~bl; +http://www.semrush.com/bot.html)"
185.191.171.13 - - [14/Nov/2024:13:42:35 +0530] "GET /138979773.phtml HTTP/1.1" 404 - "-" "Mozilla/5.0 (compatible; SemrushBot/7~bl; +http://www.semrush.com/bot.html)"
3.142.119.192 - - [14/Nov/2024:13:42:36 +0530] "GET /images/diamond/5.jpeg HTTP/1.1" 200 14132 "-" "Mozilla/5.0 AppleWebKit/537.36 (KHTML, like Gecko; compatible; ClaudeBot/1.0; +claudebot@anthropic.com)"
66.249.68.35 - - [14/Nov/2024:13:42:37 +0530] "GET /211411269.phtml HTTP/1.1" 404 - "-" "Mozilla/5.0 (Linux; Android 6.0.1; Nexus 5X Build/MMB29P) AppleWebKit/537.36 (KHTML, like Gecko) Chrome/130.0.6723.116 Mobile Safari/537.36 (compatible; Googlebot/2.1; +http://www.google.com/bot.html)"
185.191.171.13 - - [14/Nov/2024:13:42:40 +0530] "GET /product/O204530?c=511&keyword=navigate HTTP/1.1" 200 77380 "-" "Mozilla/5.0 (compatible; SemrushBot/7~bl; +http://www.semrush.com/bot.html)"
85.208.96.209 - - [14/Nov/2024:13:42:44 +0530] "GET /product/R259835?c=460&keyword=mythic HTTP/1.1" 200 77380 "-" "Mozilla/5.0 (compatible; SemrushBot/7~bl; +http://www.semrush.com/bot.html)"
3.128.203.112 - - [14/Nov/2024:13:42:49 +0530] "GET /images/chain/4.jpeg HTTP/1.1" 200 8290 "-" "Mozilla/5.0 AppleWebKit/537.36 (KHTML, like Gecko; compatible; ClaudeBot/1.0; +claudebot@anthropic.com)"
3.128.203.112 - - [14/Nov/2024:13:42:49 +0530] "GET /images/diamond/2.jpeg HTTP/1.1" 200 17670 "-" "Mozilla/5.0 AppleWebKit/537.36 (KHTML, like Gecko; compatible; ClaudeBot/1.0; +claudebot@anthropic.com)"
66.249.68.34 - - [14/Nov/2024:13:42:49 +0530] "GET /15269931.phtml HTTP/1.1" 404 - "-" "Mozilla/5.0 (Linux; Android 6.0.1; Nexus 5X Build/MMB29P) AppleWebKit/537.36 (KHTML, like Gecko) Chrome/130.0.6723.116 Mobile Safari/537.36 (compatible; Googlebot/2.1; +http://www.google.com/bot.html)"
66.249.68.34 - - [14/Nov/2024:13:42:50 +0530] "GET /90015111.phtml HTTP/1.1" 404 - "-" "Mozilla/5.0 (Linux; Android 6.0.1; Nexus 5X Build/MMB29P) AppleWebKit/537.36 (KHTML, like Gecko) Chrome/130.0.6723.116 Mobile Safari/537.36 (compatible; Googlebot/2.1; +http://www.google.com/bot.html)"
185.191.171.1 - - [14/Nov/2024:13:42:56 +0530] "GET /product/U374836?c=688&keyword=reboot HTTP/1.1" 200 77380 "-" "Mozilla/5.0 (compatible; SemrushBot/7~bl; +http://www.semrush.com/bot.html)"
185.191.171.1 - - [14/Nov/2024:13:43:07 +0530] "GET /97243065.phtml HTTP/1.1" 404 - "-" "Mozilla/5.0 (compatible; SemrushBot/7~bl; +http://www.semrush.com/bot.html)"
185.191.171.17 - - [14/Nov/2024:13:43:15 +0530] "GET /200955060.phtml HTTP/1.1" 404 - "-" "Mozilla/5.0 (compatible; SemrushBot/7~bl; +http://www.semrush.com/bot.html)"
54.36.149.98 - - [14/Nov/2024:13:43:23 +0530] "GET /product/silver-bali-hoop-earrings-7 HTTP/1.1" 200 1076423 "-" "Mozilla/5.0 (compatible; AhrefsBot/7.0; +http://ahrefs.com/robot/)"
3.145.15.176 - - [14/Nov/2024:13:43:26 +0530] "GET /images/chain/7.jpeg HTTP/1.1" 200 10952 "-" "Mozilla/5.0 AppleWebKit/537.36 (KHTML, like Gecko; compatible; ClaudeBot/1.0; +claudebot@anthropic.com)"
3.147.77.212 - - [14/Nov/2024:13:43:31 +0530] "GET /images/diamond/4.jpeg HTTP/1.1" 200 11948 "-" "Mozilla/5.0 AppleWebKit/537.36 (KHTML, like Gecko; compatible; ClaudeBot/1.0; +claudebot@anthropic.com)"
185.191.171.5 - - [14/Nov/2024:13:43:31 +0530] "GET /product/R100117?c=919&keyword=waveform HTTP/1.1" 200 77380 "-" "Mozilla/5.0 (compatible; SemrushBot/7~bl; +http://www.semrush.com/bot.html)"
3.129.67.239 - - [14/Nov/2024:13:43:37 +0530] "GET /images/silver/6.jpeg HTTP/1.1" 200 10265 "-" "Mozilla/5.0 AppleWebKit/537.36 (KHTML, like Gecko; compatible; ClaudeBot/1.0; +claudebot@anthropic.com)"
185.191.171.2 - - [14/Nov/2024:13:43:55 +0530] "GET /product/E995934?c=82&keyword=protein HTTP/1.1" 200 77380 "-" "Mozilla/5.0 (compatible; SemrushBot/7~bl; +http://www.semrush.com/bot.html)"
185.191.171.13 - - [14/Nov/2024:13:43:59 +0530] "GET /product/Y326454?c=72&keyword=composite HTTP/1.1" 200 77380 "-" "Mozilla/5.0 (compatible; SemrushBot/7~bl; +http://www.semrush.com/bot.html)"
66.249.68.36 - - [14/Nov/2024:13:44:21 +0530] "GET /204950709.phtml HTTP/1.1" 404 - "-" "Mozilla/5.0 (Linux; Android 6.0.1; Nexus 5X Build/MMB29P) AppleWebKit/537.36 (KHTML, like Gecko) Chrome/130.0.6723.116 Mobile Safari/537.36 (compatible; Googlebot/2.1; +http://www.google.com/bot.html)"
85.208.96.202 - - [14/Nov/2024:13:44:23 +0530] "GET /product/C88350?c=161&keyword=calling HTTP/1.1" 200 77380 "-" "Mozilla/5.0 (compatible; SemrushBot/7~bl; +http://www.semrush.com/bot.html)"
185.191.171.5 - - [14/Nov/2024:13:44:26 +0530] "GET /product/A286364?c=583&keyword=reflector HTTP/1.1" 200 77380 "-" "Mozilla/5.0 (compatible; SemrushBot/7~bl; +http://www.semrush.com/bot.html)"
85.208.96.205 - - [14/Nov/2024:13:44:29 +0530] "GET /product/G552610?c=271&keyword=rouge HTTP/1.1" 200 77380 "-" "Mozilla/5.0 (compatible; SemrushBot/7~bl; +http://www.semrush.com/bot.html)"
185.191.171.11 - - [14/Nov/2024:13:44:34 +0530] "GET /product/L741739?c=245&keyword=cowpox HTTP/1.1" 200 77380 "-" "Mozilla/5.0 (compatible; SemrushBot/7~bl; +http://www.semrush.com/bot.html)"
185.191.171.9 - - [14/Nov/2024:13:44:45 +0530] "GET /95763276.phtml HTTP/1.1" 404 - "-" "Mozilla/5.0 (compatible; SemrushBot/7~bl; +http://www.semrush.com/bot.html)"
85.208.96.203 - - [14/Nov/2024:13:44:48 +0530] "GET /109175094.phtml HTTP/1.1" 404 - "-" "Mozilla/5.0 (compatible; SemrushBot/7~bl; +http://www.semrush.com/bot.html)"
185.191.171.12 - - [14/Nov/2024:13:44:50 +0530] "GET /product/M574742?c=748&keyword=response HTTP/1.1" 200 77380 "-" "Mozilla/5.0 (compatible; SemrushBot/7~bl; +http://www.semrush.com/bot.html)"
40.77.167.156 - - [14/Nov/2024:13:44:50 +0530] "GET /241375194.phtml HTTP/1.1" 404 - "-" "Mozilla/5.0 AppleWebKit/537.36 (KHTML, like Gecko; compatible; bingbot/2.0; +http://www.bing.com/bingbot.htm) Chrome/116.0.1938.76 Safari/537.36"
217.182.175.38 - - [14/Nov/2024:13:44:55 +0530] "GET /product/122238.html?product_id=935 HTTP/1.1" 200 77380 "-" "Mozilla/5.0 (compatible; MJ12bot/v1.4.8; http://mj12bot.com/)"
85.208.96.203 - - [14/Nov/2024:13:44:55 +0530] "GET /product/Q336456?c=253&keyword=freshman HTTP/1.1" 200 77380 "-" "Mozilla/5.0 (compatible; SemrushBot/7~bl; +http://www.semrush.com/bot.html)"
217.182.175.38 - - [14/Nov/2024:13:44:58 +0530] "GET /product/122238.html?product_id=939 HTTP/1.1" 200 77380 "-" "Mozilla/5.0 (compatible; MJ12bot/v1.4.8; http://mj12bot.com/)"
217.182.175.38 - - [14/Nov/2024:13:45:00 +0530] "GET /product/122238.html?product_id=94 HTTP/1.1" 200 77380 "-" "Mozilla/5.0 (compatible; MJ12bot/v1.4.8; http://mj12bot.com/)"
217.182.175.38 - - [14/Nov/2024:13:45:02 +0530] "GET /product/122238.html?product_id=942 HTTP/1.1" 200 77380 "-" "Mozilla/5.0 (compatible; MJ12bot/v1.4.8; http://mj12bot.com/)"
217.182.175.38 - - [14/Nov/2024:13:45:05 +0530] "GET /product/122238.html?product_id=946 HTTP/1.1" 200 77380 "-" "Mozilla/5.0 (compatible; MJ12bot/v1.4.8; http://mj12bot.com/)"
85.208.96.196 - - [14/Nov/2024:13:45:06 +0530] "GET /product/O603942?c=62&keyword=response HTTP/1.1" 200 77380 "-" "Mozilla/5.0 (compatible; SemrushBot/7~bl; +http://www.semrush.com/bot.html)"
217.182.175.38 - - [14/Nov/2024:13:45:07 +0530] "GET /product/122238.html?product_id=947 HTTP/1.1" 200 77380 "-" "Mozilla/5.0 (compatible; MJ12bot/v1.4.8; http://mj12bot.com/)"
217.182.175.38 - - [14/Nov/2024:13:45:09 +0530] "GET /product/122238.html?product_id=948 HTTP/1.1" 200 77380 "-" "Mozilla/5.0 (compatible; MJ12bot/v1.4.8; http://mj12bot.com/)"
217.182.175.38 - - [14/Nov/2024:13:45:12 +0530] "GET /product/122238.html?product_id=952 HTTP/1.1" 200 77380 "-" "Mozilla/5.0 (compatible; MJ12bot/v1.4.8; http://mj12bot.com/)"
217.182.175.38 - - [14/Nov/2024:13:45:14 +0530] "GET /product/122238.html?product_id=958 HTTP/1.1" 200 77380 "-" "Mozilla/5.0 (compatible; MJ12bot/v1.4.8; http://mj12bot.com/)"
217.182.175.38 - - [14/Nov/2024:13:45:17 +0530] "GET /product/122238.html?product_id=959 HTTP/1.1" 200 77380 "-" "Mozilla/5.0 (compatible; MJ12bot/v1.4.8; http://mj12bot.com/)"
85.208.96.202 - - [14/Nov/2024:13:45:19 +0530] "GET /product/X641963?c=135&keyword=tenet HTTP/1.1" 200 77380 "-" "Mozilla/5.0 (compatible; SemrushBot/7~bl; +http://www.semrush.com/bot.html)"
217.182.175.38 - - [14/Nov/2024:13:45:19 +0530] "GET /product/122238.html?product_id=96 HTTP/1.1" 200 77380 "-" "Mozilla/5.0 (compatible; MJ12bot/v1.4.8; http://mj12bot.com/)"
217.182.175.38 - - [14/Nov/2024:13:45:21 +0530] "GET /product/122238.html?product_id=965 HTTP/1.1" 200 77380 "-" "Mozilla/5.0 (compatible; MJ12bot/v1.4.8; http://mj12bot.com/)"
66.249.68.36 - - [14/Nov/2024:13:45:22 +0530] "GET /61372944.phtml HTTP/1.1" 404 - "-" "Mozilla/5.0 (Linux; Android 6.0.1; Nexus 5X Build/MMB29P) AppleWebKit/537.36 (KHTML, like Gecko) Chrome/130.0.6723.116 Mobile Safari/537.36 (compatible; Googlebot/2.1; +http://www.google.com/bot.html)"
217.182.175.38 - - [14/Nov/2024:13:45:24 +0530] "GET /product/122238.html?product_id=967 HTTP/1.1" 200 77380 "-" "Mozilla/5.0 (compatible; MJ12bot/v1.4.8; http://mj12bot.com/)"
85.208.96.197 - - [14/Nov/2024:13:45:25 +0530] "GET /134216325.phtml HTTP/1.1" 404 - "-" "Mozilla/5.0 (compatible; SemrushBot/7~bl; +http://www.semrush.com/bot.html)"
217.182.175.38 - - [14/Nov/2024:13:45:26 +0530] "GET /product/122238.html?product_id=97 HTTP/1.1" 200 77380 "-" "Mozilla/5.0 (compatible; MJ12bot/v1.4.8; http://mj12bot.com/)"
85.208.96.202 - - [14/Nov/2024:13:45:26 +0530] "GET /robots.txt HTTP/1.1" 404 - "-" "Mozilla/5.0 (compatible; SemrushBot/7~bl; +http://www.semrush.com/bot.html)"
185.191.171.16 - - [14/Nov/2024:13:45:28 +0530] "GET /product/B560145?c=475&keyword=symmetric HTTP/1.1" 200 77380 "-" "Mozilla/5.0 (compatible; SemrushBot/7~bl; +http://www.semrush.com/bot.html)"
217.182.175.38 - - [14/Nov/2024:13:45:28 +0530] "GET /product/122238.html?product_id=970 HTTP/1.1" 200 77380 "-" "Mozilla/5.0 (compatible; MJ12bot/v1.4.8; http://mj12bot.com/)"
217.182.175.38 - - [14/Nov/2024:13:45:31 +0530] "GET /product/122238.html?product_id=971 HTTP/1.1" 200 77380 "-" "Mozilla/5.0 (compatible; MJ12bot/v1.4.8; http://mj12bot.com/)"
217.182.175.38 - - [14/Nov/2024:13:45:33 +0530] "GET /product/122238.html?product_id=974 HTTP/1.1" 200 77380 "-" "Mozilla/5.0 (compatible; MJ12bot/v1.4.8; http://mj12bot.com/)"
66.249.68.35 - - [14/Nov/2024:13:45:34 +0530] "GET /40438494.phtml HTTP/1.1" 404 - "-" "Mozilla/5.0 (Linux; Android 6.0.1; Nexus 5X Build/MMB29P) AppleWebKit/537.36 (KHTML, like Gecko) Chrome/130.0.6723.116 Mobile Safari/537.36 (compatible; Googlebot/2.1; +http://www.google.com/bot.html)"
217.182.175.38 - - [14/Nov/2024:13:45:35 +0530] "GET /product/122238.html?product_id=975 HTTP/1.1" 200 77380 "-" "Mozilla/5.0 (compatible; MJ12bot/v1.4.8; http://mj12bot.com/)"
185.191.171.9 - - [14/Nov/2024:13:45:36 +0530] "GET /product/R477767?c=58&keyword=injure HTTP/1.1" 200 77380 "-" "Mozilla/5.0 (compatible; SemrushBot/7~bl; +http://www.semrush.com/bot.html)"
217.182.175.38 - - [14/Nov/2024:13:45:37 +0530] "GET /product/122238.html?product_id=98 HTTP/1.1" 200 77380 "-" "Mozilla/5.0 (compatible; MJ12bot/v1.4.8; http://mj12bot.com/)"
217.182.175.38 - - [14/Nov/2024:13:45:40 +0530] "GET /product/122238.html?product_id=984 HTTP/1.1" 200 77380 "-" "Mozilla/5.0 (compatible; MJ12bot/v1.4.8; http://mj12bot.com/)"
85.208.96.203 - - [14/Nov/2024:13:45:40 +0530] "GET /product/T754227?c=552&keyword=message HTTP/1.1" 200 77380 "-" "Mozilla/5.0 (compatible; SemrushBot/7~bl; +http://www.semrush.com/bot.html)"
217.182.175.38 - - [14/Nov/2024:13:45:42 +0530] "GET /product/122238.html?product_id=99 HTTP/1.1" 200 77380 "-" "Mozilla/5.0 (compatible; MJ12bot/v1.4.8; http://mj12bot.com/)"
85.208.96.200 - - [14/Nov/2024:13:45:43 +0530] "GET /product/A916422?c=498&keyword=revamp HTTP/1.1" 200 77380 "-" "Mozilla/5.0 (compatible; SemrushBot/7~bl; +http://www.semrush.com/bot.html)"
217.182.175.38 - - [14/Nov/2024:13:45:44 +0530] "GET /product/122238.html?product_id=990 HTTP/1.1" 200 77380 "-" "Mozilla/5.0 (compatible; MJ12bot/v1.4.8; http://mj12bot.com/)"
85.208.96.212 - - [14/Nov/2024:13:45:45 +0530] "GET /182863953.phtml HTTP/1.1" 404 - "-" "Mozilla/5.0 (compatible; SemrushBot/7~bl; +http://www.semrush.com/bot.html)"
217.182.175.38 - - [14/Nov/2024:13:45:47 +0530] "GET /product/122238.html?product_id=991 HTTP/1.1" 200 77380 "-" "Mozilla/5.0 (compatible; MJ12bot/v1.4.8; http://mj12bot.com/)"
217.182.175.38 - - [14/Nov/2024:13:45:50 +0530] "GET /product/122238.html?product_id=996 HTTP/1.1" 200 77380 "-" "Mozilla/5.0 (compatible; MJ12bot/v1.4.8; http://mj12bot.com/)"
40.77.167.156 - - [14/Nov/2024:13:45:51 +0530] "GET /category/4976/stair/224.html HTTP/1.1" 200 150733 "-" "Mozilla/5.0 AppleWebKit/537.36 (KHTML, like Gecko; compatible; bingbot/2.0; +http://www.bing.com/bingbot.htm) Chrome/116.0.1938.76 Safari/537.36"
217.182.175.38 - - [14/Nov/2024:13:45:53 +0530] "GET /product/122238.html?product_id=999 HTTP/1.1" 200 77380 "-" "Mozilla/5.0 (compatible; MJ12bot/v1.4.8; http://mj12bot.com/)"
217.182.175.38 - - [14/Nov/2024:13:45:55 +0530] "GET /product/122239.html?product_id=100 HTTP/1.1" 200 77380 "-" "Mozilla/5.0 (compatible; MJ12bot/v1.4.8; http://mj12bot.com/)"
217.182.175.38 - - [14/Nov/2024:13:45:57 +0530] "GET /product/122239.html?product_id=103 HTTP/1.1" 200 77380 "-" "Mozilla/5.0 (compatible; MJ12bot/v1.4.8; http://mj12bot.com/)"
66.249.68.34 - - [14/Nov/2024:13:45:59 +0530] "GET /98561745.phtml HTTP/1.1" 404 - "-" "Mozilla/5.0 (Linux; Android 6.0.1; Nexus 5X Build/MMB29P) AppleWebKit/537.36 (KHTML, like Gecko) Chrome/130.0.6723.116 Mobile Safari/537.36 (compatible; Googlebot/2.1; +http://www.google.com/bot.html)"
217.182.175.38 - - [14/Nov/2024:13:45:59 +0530] "GET /product/122239.html?product_id=106 HTTP/1.1" 200 77380 "-" "Mozilla/5.0 (compatible; MJ12bot/v1.4.8; http://mj12bot.com/)"
217.182.175.38 - - [14/Nov/2024:13:46:02 +0530] "GET /product/122239.html?product_id=107 HTTP/1.1" 200 77380 "-" "Mozilla/5.0 (compatible; MJ12bot/v1.4.8; http://mj12bot.com/)"
217.182.175.38 - - [14/Nov/2024:13:46:04 +0530] "GET /product/122239.html?product_id=110 HTTP/1.1" 200 77380 "-" "Mozilla/5.0 (compatible; MJ12bot/v1.4.8; http://mj12bot.com/)"
85.208.96.212 - - [14/Nov/2024:13:46:05 +0530] "GET /product/W791800?c=180&keyword=stair HTTP/1.1" 200 77380 "-" "Mozilla/5.0 (compatible; SemrushBot/7~bl; +http://www.semrush.com/bot.html)"
217.182.175.38 - - [14/Nov/2024:13:46:06 +0530] "GET /product/122239.html?product_id=112 HTTP/1.1" 200 77380 "-" "Mozilla/5.0 (compatible; MJ12bot/v1.4.8; http://mj12bot.com/)"
217.182.175.38 - - [14/Nov/2024:13:46:08 +0530] "GET /product/122239.html?product_id=220 HTTP/1.1" 200 77380 "-" "Mozilla/5.0 (compatible; MJ12bot/v1.4.8; http://mj12bot.com/)"
217.182.175.38 - - [14/Nov/2024:13:46:11 +0530] "GET /product/122239.html?product_id=225 HTTP/1.1" 200 77380 "-" "Mozilla/5.0 (compatible; MJ12bot/v1.4.8; http://mj12bot.com/)"
66.249.68.35 - - [14/Nov/2024:13:46:13 +0530] "GET /56725488.phtml HTTP/1.1" 404 - "-" "Mozilla/5.0 (Linux; Android 6.0.1; Nexus 5X Build/MMB29P) AppleWebKit/537.36 (KHTML, like Gecko) Chrome/130.0.6723.116 Mobile Safari/537.36 (compatible; Googlebot/2.1; +http://www.google.com/bot.html)"
217.182.175.38 - - [14/Nov/2024:13:46:13 +0530] "GET /product/122239.html?product_id=229 HTTP/1.1" 200 77380 "-" "Mozilla/5.0 (compatible; MJ12bot/v1.4.8; http://mj12bot.com/)"
217.182.175.38 - - [14/Nov/2024:13:46:16 +0530] "GET /product/122239.html?product_id=23 HTTP/1.1" 200 77380 "-" "Mozilla/5.0 (compatible; MJ12bot/v1.4.8; http://mj12bot.com/)"
217.182.175.38 - - [14/Nov/2024:13:46:18 +0530] "GET /product/122239.html?product_id=230 HTTP/1.1" 200 77380 "-" "Mozilla/5.0 (compatible; MJ12bot/v1.4.8; http://mj12bot.com/)"
217.182.175.38 - - [14/Nov/2024:13:46:21 +0530] "GET /product/122239.html?product_id=231 HTTP/1.1" 200 77380 "-" "Mozilla/5.0 (compatible; MJ12bot/v1.4.8; http://mj12bot.com/)"
217.182.175.38 - - [14/Nov/2024:13:46:24 +0530] "GET /product/122239.html?product_id=241 HTTP/1.1" 200 77380 "-" "Mozilla/5.0 (compatible; MJ12bot/v1.4.8; http://mj12bot.com/)"
217.182.175.38 - - [14/Nov/2024:13:46:27 +0530] "GET /product/122239.html?product_id=495 HTTP/1.1" 200 77380 "-" "Mozilla/5.0 (compatible; MJ12bot/v1.4.8; http://mj12bot.com/)"
217.182.175.38 - - [14/Nov/2024:13:46:30 +0530] "GET /product/122239.html?product_id=505 HTTP/1.1" 200 77380 "-" "Mozilla/5.0 (compatible; MJ12bot/v1.4.8; http://mj12bot.com/)"
217.182.175.38 - - [14/Nov/2024:13:46:33 +0530] "GET /product/122239.html?product_id=51 HTTP/1.1" 200 77380 "-" "Mozilla/5.0 (compatible; MJ12bot/v1.4.8; http://mj12bot.com/)"
217.182.175.38 - - [14/Nov/2024:13:46:35 +0530] "GET /product/122239.html?product_id=520 HTTP/1.1" 200 77380 "-" "Mozilla/5.0 (compatible; MJ12bot/v1.4.8; http://mj12bot.com/)"
217.182.175.38 - - [14/Nov/2024:13:46:38 +0530] "GET /product/122239.html?product_id=521 HTTP/1.1" 200 77380 "-" "Mozilla/5.0 (compatible; MJ12bot/v1.4.8; http://mj12bot.com/)"
