85.208.96.212 - - [14/Nov/2024:21:11:02 +0530] "GET /product/Z35671?c=756&keyword=Taipei HTTP/1.1" 200 77380 "-" "Mozilla/5.0 (compatible; SemrushBot/7~bl; +http://www.semrush.com/bot.html)"
114.119.138.5 - - [14/Nov/2024:21:11:23 +0530] "GET /product/silver-pendants-gemstone-butterfly HTTP/1.1" 200 921637 "https://www.krishnamexports.com/product/silver-pendants-heart-3" "Mozilla/5.0 (Linux; Android 7.0;) AppleWebKit/537.36 (KHTML, like Gecko) Mobile Safari/537.36 (compatible; PetalBot;+https://webmaster.petalsearch.com/site/petalbot)"
85.208.96.205 - - [14/Nov/2024:21:11:25 +0530] "GET /robots.txt HTTP/1.1" 404 - "-" "Mozilla/5.0 (compatible; SemrushBot/7~bl; +http://www.semrush.com/bot.html)"
185.191.171.17 - - [14/Nov/2024:21:11:26 +0530] "GET /202027176.phtml HTTP/1.1" 404 - "-" "Mozilla/5.0 (compatible; SemrushBot/7~bl; +http://www.semrush.com/bot.html)"
185.191.171.18 - - [14/Nov/2024:21:11:34 +0530] "GET /product/C494080?c=344&keyword=marshal HTTP/1.1" 200 77380 "-" "Mozilla/5.0 (compatible; SemrushBot/7~bl; +http://www.semrush.com/bot.html)"
85.208.96.197 - - [14/Nov/2024:21:11:46 +0530] "GET /product/J929691?c=140&keyword=browse HTTP/1.1" 200 77380 "-" "Mozilla/5.0 (compatible; SemrushBot/7~bl; +http://www.semrush.com/bot.html)"
85.208.96.199 - - [14/Nov/2024:21:11:49 +0530] "GET /product/S477118?c=636&keyword=Addict HTTP/1.1" 200 77380 "-" "Mozilla/5.0 (compatible; SemrushBot/7~bl; +http://www.semrush.com/bot.html)"
185.191.171.16 - - [14/Nov/2024:21:11:53 +0530] "GET /product/Q120942?c=191&keyword=response HTTP/1.1" 200 77380 "-" "Mozilla/5.0 (compatible; SemrushBot/7~bl; +http://www.semrush.com/bot.html)"
185.191.171.16 - - [14/Nov/2024:21:12:08 +0530] "GET /product/J970459?c=933&keyword=voiceless HTTP/1.1" 200 77380 "-" "Mozilla/5.0 (compatible; SemrushBot/7~bl; +http://www.semrush.com/bot.html)"
85.208.96.193 - - [14/Nov/2024:21:12:31 +0530] "GET /product/A133978?c=467&keyword=rebellion HTTP/1.1" 200 77380 "-" "Mozilla/5.0 (compatible; SemrushBot/7~bl; +http://www.semrush.com/bot.html)"
85.208.96.196 - - [14/Nov/2024:21:12:55 +0530] "GET /product/V459805?c=282&keyword=kindness HTTP/1.1" 200 77380 "-" "Mozilla/5.0 (compatible; SemrushBot/7~bl; +http://www.semrush.com/bot.html)"
185.191.171.9 - - [14/Nov/2024:21:12:59 +0530] "GET /product/Y141256?c=451&keyword=freshman HTTP/1.1" 200 77380 "-" "Mozilla/5.0 (compatible; SemrushBot/7~bl; +http://www.semrush.com/bot.html)"
185.191.171.16 - - [14/Nov/2024:21:13:13 +0530] "GET /product/P304995?c=511&keyword=update HTTP/1.1" 200 77380 "-" "Mozilla/5.0 (compatible; SemrushBot/7~bl; +http://www.semrush.com/bot.html)"
85.208.96.193 - - [14/Nov/2024:21:13:17 +0530] "GET /product/E932988?c=153&keyword=Persia HTTP/1.1" 200 77380 "-" "Mozilla/5.0 (compatible; SemrushBot/7~bl; +http://www.semrush.com/bot.html)"
185.191.171.8 - - [14/Nov/2024:21:13:21 +0530] "GET /product/H735391?c=699&keyword=browse HTTP/1.1" 200 77380 "-" "Mozilla/5.0 (compatible; SemrushBot/7~bl; +http://www.semrush.com/bot.html)"
66.249.68.35 - - [14/Nov/2024:21:13:22 +0530] "GET /243528498.phtml HTTP/1.1" 404 - "-" "Mozilla/5.0 (Linux; Android 6.0.1; Nexus 5X Build/MMB29P) AppleWebKit/537.36 (KHTML, like Gecko) Chrome/130.0.6723.116 Mobile Safari/537.36 (compatible; Googlebot/2.1; +http://www.google.com/bot.html)"
185.191.171.1 - - [14/Nov/2024:21:13:30 +0530] "GET /product/L224443?c=83&keyword=mobilehome HTTP/1.1" 200 77380 "-" "Mozilla/5.0 (compatible; SemrushBot/7~bl; +http://www.semrush.com/bot.html)"
85.208.96.193 - - [14/Nov/2024:21:13:40 +0530] "GET /product/N882193?c=250&keyword=influenza HTTP/1.1" 200 77380 "-" "Mozilla/5.0 (compatible; SemrushBot/7~bl; +http://www.semrush.com/bot.html)"
85.208.96.193 - - [14/Nov/2024:21:14:23 +0530] "GET /product/X379493?c=818&keyword=influenza HTTP/1.1" 200 77380 "-" "Mozilla/5.0 (compatible; SemrushBot/7~bl; +http://www.semrush.com/bot.html)"
66.249.68.36 - - [14/Nov/2024:21:14:27 +0530] "GET /166339548.phtml HTTP/1.1" 404 - "-" "Mozilla/5.0 (Linux; Android 6.0.1; Nexus 5X Build/MMB29P) AppleWebKit/537.36 (KHTML, like Gecko) Chrome/130.0.6723.116 Mobile Safari/537.36 (compatible; GoogleOther)"
185.191.171.8 - - [14/Nov/2024:21:14:40 +0530] "GET /product/V968105?c=859&keyword=kindness HTTP/1.1" 200 77380 "-" "Mozilla/5.0 (compatible; SemrushBot/7~bl; +http://www.semrush.com/bot.html)"
85.208.96.206 - - [14/Nov/2024:21:14:57 +0530] "GET /product/Z326195?c=583&keyword=update HTTP/1.1" 200 77380 "-" "Mozilla/5.0 (compatible; SemrushBot/7~bl; +http://www.semrush.com/bot.html)"
185.191.171.8 - - [14/Nov/2024:21:15:03 +0530] "GET /product/B288029?c=802&keyword=seamless HTTP/1.1" 200 77380 "-" "Mozilla/5.0 (compatible; SemrushBot/7~bl; +http://www.semrush.com/bot.html)"
85.208.96.194 - - [14/Nov/2024:21:15:07 +0530] "GET /product/J859855?c=558&keyword=reproduce HTTP/1.1" 200 77380 "-" "Mozilla/5.0 (compatible; SemrushBot/7~bl; +http://www.semrush.com/bot.html)"
85.208.96.200 - - [14/Nov/2024:21:15:16 +0530] "GET /product/G472946?c=383&keyword=perpetual HTTP/1.1" 200 77380 "-" "Mozilla/5.0 (compatible; SemrushBot/7~bl; +http://www.semrush.com/bot.html)"
185.191.171.2 - - [14/Nov/2024:21:15:19 +0530] "GET /product/K554746?c=634&keyword=perpetual HTTP/1.1" 200 77380 "-" "Mozilla/5.0 (compatible; SemrushBot/7~bl; +http://www.semrush.com/bot.html)"
85.208.96.201 - - [14/Nov/2024:21:15:32 +0530] "GET /product/P609117?c=522&keyword=waveform HTTP/1.1" 200 77380 "-" "Mozilla/5.0 (compatible; SemrushBot/7~bl; +http://www.semrush.com/bot.html)"
85.208.96.200 - - [14/Nov/2024:21:15:37 +0530] "GET /25710993.phtml HTTP/1.1" 404 - "-" "Mozilla/5.0 (compatible; SemrushBot/7~bl; +http://www.semrush.com/bot.html)"
185.191.171.13 - - [14/Nov/2024:21:15:43 +0530] "GET /166929309.phtml HTTP/1.1" 404 - "-" "Mozilla/5.0 (compatible; SemrushBot/7~bl; +http://www.semrush.com/bot.html)"
85.208.96.200 - - [14/Nov/2024:21:15:45 +0530] "GET /product/X285789?c=518&keyword=enquire HTTP/1.1" 200 77380 "-" "Mozilla/5.0 (compatible; SemrushBot/7~bl; +http://www.semrush.com/bot.html)"
85.208.96.199 - - [14/Nov/2024:21:16:07 +0530] "GET /product/N393913?c=849&keyword=passionate HTTP/1.1" 200 77380 "-" "Mozilla/5.0 (compatible; SemrushBot/7~bl; +http://www.semrush.com/bot.html)"
114.119.138.5 - - [14/Nov/2024:21:16:23 +0530] "GET /product/silver-earrings-feets HTTP/1.1" 200 1076428 "https://www.krishnamexports.com/product/silver-earrings-seahorse" "Mozilla/5.0 (Linux; Android 7.0;) AppleWebKit/537.36 (KHTML, like Gecko) Mobile Safari/537.36 (compatible; PetalBot;+https://webmaster.petalsearch.com/site/petalbot)"
185.191.171.5 - - [14/Nov/2024:21:16:35 +0530] "GET /product/H597305?c=105&keyword=kindness HTTP/1.1" 200 77380 "-" "Mozilla/5.0 (compatible; SemrushBot/7~bl; +http://www.semrush.com/bot.html)"
185.191.171.11 - - [14/Nov/2024:21:16:39 +0530] "GET /product/X45939?c=944&keyword=cowpox HTTP/1.1" 200 77380 "-" "Mozilla/5.0 (compatible; SemrushBot/7~bl; +http://www.semrush.com/bot.html)"
185.191.171.15 - - [14/Nov/2024:21:16:45 +0530] "GET /product/R32127?c=370&keyword=message HTTP/1.1" 200 77380 "-" "Mozilla/5.0 (compatible; SemrushBot/7~bl; +http://www.semrush.com/bot.html)"
66.249.68.36 - - [14/Nov/2024:21:16:46 +0530] "GET /88068600.phtml HTTP/1.1" 404 - "-" "Mozilla/5.0 (Linux; Android 6.0.1; Nexus 5X Build/MMB29P) AppleWebKit/537.36 (KHTML, like Gecko) Chrome/130.0.6723.116 Mobile Safari/537.36 (compatible; Googlebot/2.1; +http://www.google.com/bot.html)"
66.249.68.36 - - [14/Nov/2024:21:16:46 +0530] "GET /239117238.phtml HTTP/1.1" 404 - "-" "Mozilla/5.0 (Linux; Android 6.0.1; Nexus 5X Build/MMB29P) AppleWebKit/537.36 (KHTML, like Gecko) Chrome/130.0.6723.116 Mobile Safari/537.36 (compatible; Googlebot/2.1; +http://www.google.com/bot.html)"
85.208.96.203 - - [14/Nov/2024:21:16:50 +0530] "GET /robots.txt HTTP/1.1" 404 - "-" "Mozilla/5.0 (compatible; SemrushBot/7~bl; +http://www.semrush.com/bot.html)"
85.208.96.200 - - [14/Nov/2024:21:16:51 +0530] "GET /product/D341149?c=45&keyword=Sydney HTTP/1.1" 200 77380 "-" "Mozilla/5.0 (compatible; SemrushBot/7~bl; +http://www.semrush.com/bot.html)"
85.208.96.206 - - [14/Nov/2024:21:17:00 +0530] "GET /product/H115603?c=768&keyword=assessor HTTP/1.1" 200 77380 "-" "Mozilla/5.0 (compatible; SemrushBot/7~bl; +http://www.semrush.com/bot.html)"
185.191.171.19 - - [14/Nov/2024:21:17:47 +0530] "GET /product/E533030?c=162&keyword=navigate HTTP/1.1" 200 77380 "-" "Mozilla/5.0 (compatible; SemrushBot/7~bl; +http://www.semrush.com/bot.html)"
66.249.79.36 - - [14/Nov/2024:21:18:11 +0530] "GET /102674035.phtml HTTP/1.1" 404 - "-" "Mozilla/5.0 (Linux; Android 6.0.1; Nexus 5X Build/MMB29P) AppleWebKit/537.36 (KHTML, like Gecko) Chrome/131.0.6778.69 Mobile Safari/537.36 (compatible; Googlebot/2.1; +http://www.google.com/bot.html)"
185.191.171.10 - - [14/Nov/2024:21:18:19 +0530] "GET /product/V962463?c=708&keyword=tenet HTTP/1.1" 200 77380 "-" "Mozilla/5.0 (compatible; SemrushBot/7~bl; +http://www.semrush.com/bot.html)"
85.208.96.200 - - [14/Nov/2024:21:18:28 +0530] "GET /product/G540494?c=107&keyword=providence HTTP/1.1" 200 77380 "-" "Mozilla/5.0 (compatible; SemrushBot/7~bl; +http://www.semrush.com/bot.html)"
66.249.68.35 - - [14/Nov/2024:21:18:29 +0530] "GET /157619007.phtml HTTP/1.1" 404 - "-" "Mozilla/5.0 (Linux; Android 6.0.1; Nexus 5X Build/MMB29P) AppleWebKit/537.36 (KHTML, like Gecko) Chrome/130.0.6723.116 Mobile Safari/537.36 (compatible; Googlebot/2.1; +http://www.google.com/bot.html)"
185.191.171.15 - - [14/Nov/2024:21:18:36 +0530] "GET /158458815.phtml HTTP/1.1" 404 - "-" "Mozilla/5.0 (compatible; SemrushBot/7~bl; +http://www.semrush.com/bot.html)"
185.191.171.17 - - [14/Nov/2024:21:18:48 +0530] "GET /product/V230407?c=776&keyword=plaque HTTP/1.1" 200 77380 "-" "Mozilla/5.0 (compatible; SemrushBot/7~bl; +http://www.semrush.com/bot.html)"
85.208.96.206 - - [14/Nov/2024:21:18:52 +0530] "GET /product/H796595?c=846&keyword=update HTTP/1.1" 200 77380 "-" "Mozilla/5.0 (compatible; SemrushBot/7~bl; +http://www.semrush.com/bot.html)"
85.208.96.210 - - [14/Nov/2024:21:18:56 +0530] "GET /product/I140564?c=909&keyword=reflector HTTP/1.1" 200 77380 "-" "Mozilla/5.0 (compatible; SemrushBot/7~bl; +http://www.semrush.com/bot.html)"
85.208.96.203 - - [14/Nov/2024:21:19:01 +0530] "GET /product/M348074?c=50&keyword=unusable HTTP/1.1" 200 77380 "-" "Mozilla/5.0 (compatible; SemrushBot/7~bl; +http://www.semrush.com/bot.html)"
185.191.171.8 - - [14/Nov/2024:21:19:05 +0530] "GET /product/P233105?c=902&keyword=kindness HTTP/1.1" 200 77380 "-" "Mozilla/5.0 (compatible; SemrushBot/7~bl; +http://www.semrush.com/bot.html)"
185.191.171.18 - - [14/Nov/2024:21:19:18 +0530] "GET /product/K258268?c=534&keyword=moped HTTP/1.1" 200 77380 "-" "Mozilla/5.0 (compatible; SemrushBot/7~bl; +http://www.semrush.com/bot.html)"
66.249.68.34 - - [14/Nov/2024:21:19:21 +0530] "GET /47123262.phtml HTTP/1.1" 404 - "-" "Mozilla/5.0 (Linux; Android 6.0.1; Nexus 5X Build/MMB29P) AppleWebKit/537.36 (KHTML, like Gecko) Chrome/130.0.6723.116 Mobile Safari/537.36 (compatible; Googlebot/2.1; +http://www.google.com/bot.html)"
66.249.68.36 - - [14/Nov/2024:21:19:21 +0530] "GET /218284605.phtml HTTP/1.1" 404 - "-" "Mozilla/5.0 (Linux; Android 6.0.1; Nexus 5X Build/MMB29P) AppleWebKit/537.36 (KHTML, like Gecko) Chrome/130.0.6723.116 Mobile Safari/537.36 (compatible; Googlebot/2.1; +http://www.google.com/bot.html)"
85.208.96.206 - - [14/Nov/2024:21:19:22 +0530] "GET /product/M248572?c=893&keyword=encourage HTTP/1.1" 200 77380 "-" "Mozilla/5.0 (compatible; SemrushBot/7~bl; +http://www.semrush.com/bot.html)"
85.208.96.207 - - [14/Nov/2024:21:19:26 +0530] "GET /product/M643564?c=269&keyword=reflector HTTP/1.1" 200 77380 "-" "Mozilla/5.0 (compatible; SemrushBot/7~bl; +http://www.semrush.com/bot.html)"
85.208.96.197 - - [14/Nov/2024:21:19:40 +0530] "GET /product/W99940?c=318&keyword=sucrose HTTP/1.1" 200 77380 "-" "Mozilla/5.0 (compatible; SemrushBot/7~bl; +http://www.semrush.com/bot.html)"
66.249.79.37 - - [14/Nov/2024:21:20:13 +0530] "GET /39209479.phtml HTTP/1.1" 404 - "-" "Mozilla/5.0 (Linux; Android 6.0.1; Nexus 5X Build/MMB29P) AppleWebKit/537.36 (KHTML, like Gecko) Chrome/130.0.6723.116 Mobile Safari/537.36 (compatible; Googlebot/2.1; +http://www.google.com/bot.html)"
185.191.171.7 - - [14/Nov/2024:21:20:29 +0530] "GET /product/N773279?c=492&keyword=ordering HTTP/1.1" 200 77380 "-" "Mozilla/5.0 (compatible; SemrushBot/7~bl; +http://www.semrush.com/bot.html)"
85.208.96.199 - - [14/Nov/2024:21:20:32 +0530] "GET /product/B65885?c=927&keyword=choice HTTP/1.1" 200 77380 "-" "Mozilla/5.0 (compatible; SemrushBot/7~bl; +http://www.semrush.com/bot.html)"
85.208.96.202 - - [14/Nov/2024:21:20:45 +0530] "GET /product/N841607?c=653&keyword=plaque HTTP/1.1" 200 77380 "-" "Mozilla/5.0 (compatible; SemrushBot/7~bl; +http://www.semrush.com/bot.html)"
85.208.96.202 - - [14/Nov/2024:21:20:48 +0530] "GET /product/S214310?c=315&keyword=rouge HTTP/1.1" 200 77380 "-" "Mozilla/5.0 (compatible; SemrushBot/7~bl; +http://www.semrush.com/bot.html)"
185.191.171.8 - - [14/Nov/2024:21:20:54 +0530] "GET /product/W496830?c=819&keyword=navigate HTTP/1.1" 200 77380 "-" "Mozilla/5.0 (compatible; SemrushBot/7~bl; +http://www.semrush.com/bot.html)"
85.208.96.205 - - [14/Nov/2024:21:21:19 +0530] "GET /product/F43425?c=282&keyword=shuttle HTTP/1.1" 200 77380 "-" "Mozilla/5.0 (compatible; SemrushBot/7~bl; +http://www.semrush.com/bot.html)"
114.119.156.71 - - [14/Nov/2024:21:21:23 +0530] "GET /product/silver-earring-withcz HTTP/1.1" 200 1077042 "https://www.krishnamexports.com/product/silver-earrings-seahorse" "Mozilla/5.0 (Linux; Android 7.0;) AppleWebKit/537.36 (KHTML, like Gecko) Mobile Safari/537.36 (compatible; PetalBot;+https://webmaster.petalsearch.com/site/petalbot)"
185.191.171.12 - - [14/Nov/2024:21:21:26 +0530] "GET /110053863.phtml HTTP/1.1" 404 - "-" "Mozilla/5.0 (compatible; SemrushBot/7~bl; +http://www.semrush.com/bot.html)"
185.191.171.7 - - [14/Nov/2024:21:21:37 +0530] "GET /product/H939985?c=197&keyword=choice HTTP/1.1" 200 77380 "-" "Mozilla/5.0 (compatible; SemrushBot/7~bl; +http://www.semrush.com/bot.html)"
66.249.79.36 - - [14/Nov/2024:21:21:49 +0530] "GET /75192801.phtml HTTP/1.1" 404 - "-" "Mozilla/5.0 (Linux; Android 6.0.1; Nexus 5X Build/MMB29P) AppleWebKit/537.36 (KHTML, like Gecko) Chrome/131.0.6778.69 Mobile Safari/537.36 (compatible; Googlebot/2.1; +http://www.google.com/bot.html)"
85.208.96.193 - - [14/Nov/2024:21:22:01 +0530] "GET /184081707.phtml HTTP/1.1" 404 - "-" "Mozilla/5.0 (compatible; SemrushBot/7~bl; +http://www.semrush.com/bot.html)"
66.249.79.36 - - [14/Nov/2024:21:22:09 +0530] "GET /115829705.phtml HTTP/1.1" 404 - "-" "Mozilla/5.0 (Linux; Android 6.0.1; Nexus 5X Build/MMB29P) AppleWebKit/537.36 (KHTML, like Gecko) Chrome/131.0.6778.69 Mobile Safari/537.36 (compatible; Googlebot/2.1; +http://www.google.com/bot.html)"
185.191.171.1 - - [14/Nov/2024:21:22:12 +0530] "GET /product/U351566?c=35&keyword=ramshackle HTTP/1.1" 200 77380 "-" "Mozilla/5.0 (compatible; SemrushBot/7~bl; +http://www.semrush.com/bot.html)"
66.249.79.36 - - [14/Nov/2024:21:22:17 +0530] "GET /137524937.phtml HTTP/1.1" 404 - "-" "Mozilla/5.0 (Linux; Android 6.0.1; Nexus 5X Build/MMB29P) AppleWebKit/537.36 (KHTML, like Gecko) Chrome/131.0.6778.69 Mobile Safari/537.36 (compatible; Googlebot/2.1; +http://www.google.com/bot.html)"
66.249.79.35 - - [14/Nov/2024:21:22:47 +0530] "GET /101853215.phtml HTTP/1.1" 404 - "-" "Mozilla/5.0 (Linux; Android 6.0.1; Nexus 5X Build/MMB29P) AppleWebKit/537.36 (KHTML, like Gecko) Chrome/130.0.6723.116 Mobile Safari/537.36 (compatible; Googlebot/2.1; +http://www.google.com/bot.html)"
66.249.79.35 - - [14/Nov/2024:21:22:47 +0530] "GET /183175649.phtml HTTP/1.1" 404 - "-" "Mozilla/5.0 (Linux; Android 6.0.1; Nexus 5X Build/MMB29P) AppleWebKit/537.36 (KHTML, like Gecko) Chrome/130.0.6723.116 Mobile Safari/537.36 (compatible; Googlebot/2.1; +http://www.google.com/bot.html)"
85.208.96.202 - - [14/Nov/2024:21:22:51 +0530] "GET /product/J699149?c=316&keyword=Sydney HTTP/1.1" 200 77380 "-" "Mozilla/5.0 (compatible; SemrushBot/7~bl; +http://www.semrush.com/bot.html)"
85.208.96.206 - - [14/Nov/2024:21:22:54 +0530] "GET /product/O441234?c=628&keyword=protein HTTP/1.1" 200 77380 "-" "Mozilla/5.0 (compatible; SemrushBot/7~bl; +http://www.semrush.com/bot.html)"
85.208.96.195 - - [14/Nov/2024:21:23:01 +0530] "GET /product/R598459?c=491&keyword=voiceless HTTP/1.1" 200 77380 "-" "Mozilla/5.0 (compatible; SemrushBot/7~bl; +http://www.semrush.com/bot.html)"
185.191.171.13 - - [14/Nov/2024:21:23:08 +0530] "GET /product/U160778?c=474&keyword=rebellion HTTP/1.1" 200 77380 "-" "Mozilla/5.0 (compatible; SemrushBot/7~bl; +http://www.semrush.com/bot.html)"
185.191.171.5 - - [14/Nov/2024:21:23:18 +0530] "GET /product/L559219?c=300&keyword=septet HTTP/1.1" 200 77380 "-" "Mozilla/5.0 (compatible; SemrushBot/7~bl; +http://www.semrush.com/bot.html)"
66.249.79.37 - - [14/Nov/2024:21:23:39 +0530] "GET /88363641.phtml HTTP/1.1" 404 - "-" "Mozilla/5.0 (Linux; Android 6.0.1; Nexus 5X Build/MMB29P) AppleWebKit/537.36 (KHTML, like Gecko) Chrome/130.0.6723.116 Mobile Safari/537.36 (compatible; Googlebot/2.1; +http://www.google.com/bot.html)"
185.191.171.6 - - [14/Nov/2024:21:23:50 +0530] "GET /product/Y874976?c=394&keyword=stealth HTTP/1.1" 200 77380 "-" "Mozilla/5.0 (compatible; SemrushBot/7~bl; +http://www.semrush.com/bot.html)"
85.208.96.211 - - [14/Nov/2024:21:23:52 +0530] "GET /99559098.phtml HTTP/1.1" 404 - "-" "Mozilla/5.0 (compatible; SemrushBot/7~bl; +http://www.semrush.com/bot.html)"
85.208.96.206 - - [14/Nov/2024:21:24:31 +0530] "GET /product/X240419?c=17&keyword=septet HTTP/1.1" 200 77380 "-" "Mozilla/5.0 (compatible; SemrushBot/7~bl; +http://www.semrush.com/bot.html)"
85.208.96.206 - - [14/Nov/2024:21:24:44 +0530] "GET /product/L723019?c=595&keyword=septet HTTP/1.1" 200 77380 "-" "Mozilla/5.0 (compatible; SemrushBot/7~bl; +http://www.semrush.com/bot.html)"
185.191.171.9 - - [14/Nov/2024:21:25:04 +0530] "GET /product/I789966?c=848&keyword=ramshackle HTTP/1.1" 200 77380 "-" "Mozilla/5.0 (compatible; SemrushBot/7~bl; +http://www.semrush.com/bot.html)"
85.208.96.207 - - [14/Nov/2024:21:25:08 +0530] "GET /product/C869806?c=83&keyword=ambassador HTTP/1.1" 200 77380 "-" "Mozilla/5.0 (compatible; SemrushBot/7~bl; +http://www.semrush.com/bot.html)"
85.208.96.204 - - [14/Nov/2024:21:25:14 +0530] "GET /product/R107579?c=769&keyword=ordering HTTP/1.1" 200 77380 "-" "Mozilla/5.0 (compatible; SemrushBot/7~bl; +http://www.semrush.com/bot.html)"
66.249.68.35 - - [14/Nov/2024:21:25:23 +0530] "GET /228151782.phtml HTTP/1.1" 404 - "-" "Mozilla/5.0 (Linux; Android 6.0.1; Nexus 5X Build/MMB29P) AppleWebKit/537.36 (KHTML, like Gecko) Chrome/130.0.6723.116 Mobile Safari/537.36 (compatible; Googlebot/2.1; +http://www.google.com/bot.html)"
66.249.79.35 - - [14/Nov/2024:21:25:24 +0530] "GET /182830347.phtml HTTP/1.1" 404 - "-" "Mozilla/5.0 (Linux; Android 6.0.1; Nexus 5X Build/MMB29P) AppleWebKit/537.36 (KHTML, like Gecko) Chrome/130.0.6723.116 Mobile Safari/537.36 (compatible; Googlebot/2.1; +http://www.google.com/bot.html)"
85.208.96.204 - - [14/Nov/2024:21:25:24 +0530] "GET /product/H318559?c=507&keyword=voiceless HTTP/1.1" 200 77380 "-" "Mozilla/5.0 (compatible; SemrushBot/7~bl; +http://www.semrush.com/bot.html)"
85.208.96.202 - - [14/Nov/2024:21:25:37 +0530] "GET /product/N862017?c=684&keyword=waveform HTTP/1.1" 200 77380 "-" "Mozilla/5.0 (compatible; SemrushBot/7~bl; +http://www.semrush.com/bot.html)"
85.208.96.193 - - [14/Nov/2024:21:26:04 +0530] "GET /39571632.phtml HTTP/1.1" 404 - "-" "Mozilla/5.0 (compatible; SemrushBot/7~bl; +http://www.semrush.com/bot.html)"
114.119.138.5 - - [14/Nov/2024:21:26:24 +0530] "GET /product/silver-cz-rings-heart HTTP/1.1" 200 859058 "https://www.krishnamexports.com/product/silver-cz-rings-line" "Mozilla/5.0 (Linux; Android 7.0;) AppleWebKit/537.36 (KHTML, like Gecko) Mobile Safari/537.36 (compatible; PetalBot;+https://webmaster.petalsearch.com/site/petalbot)"
185.191.171.1 - - [14/Nov/2024:21:26:30 +0530] "GET /product/V416255?c=804&keyword=reproduce HTTP/1.1" 200 77380 "-" "Mozilla/5.0 (compatible; SemrushBot/7~bl; +http://www.semrush.com/bot.html)"
85.208.96.209 - - [14/Nov/2024:21:26:52 +0530] "GET /product/F50445?c=484&keyword=symmetric HTTP/1.1" 200 77380 "-" "Mozilla/5.0 (compatible; SemrushBot/7~bl; +http://www.semrush.com/bot.html)"
85.208.96.208 - - [14/Nov/2024:21:26:59 +0530] "GET /product/Y761980?c=728&keyword=marshal HTTP/1.1" 200 77380 "-" "Mozilla/5.0 (compatible; SemrushBot/7~bl; +http://www.semrush.com/bot.html)"
185.191.171.15 - - [14/Nov/2024:21:27:07 +0530] "GET /product/C730030?c=474&keyword=navigate HTTP/1.1" 200 77380 "-" "Mozilla/5.0 (compatible; SemrushBot/7~bl; +http://www.semrush.com/bot.html)"
85.208.96.200 - - [14/Nov/2024:21:27:13 +0530] "GET /product/L385903?c=317&keyword=assessor HTTP/1.1" 200 77380 "-" "Mozilla/5.0 (compatible; SemrushBot/7~bl; +http://www.semrush.com/bot.html)"
66.249.79.37 - - [14/Nov/2024:21:27:23 +0530] "GET /217220655.phtml HTTP/1.1" 404 - "-" "Mozilla/5.0 (Linux; Android 6.0.1; Nexus 5X Build/MMB29P) AppleWebKit/537.36 (KHTML, like Gecko) Chrome/131.0.6778.69 Mobile Safari/537.36 (compatible; Googlebot/2.1; +http://www.google.com/bot.html)"
85.208.96.201 - - [14/Nov/2024:21:27:28 +0530] "GET /product/U504628?c=386&keyword=flight HTTP/1.1" 200 77380 "-" "Mozilla/5.0 (compatible; SemrushBot/7~bl; +http://www.semrush.com/bot.html)"
185.191.171.13 - - [14/Nov/2024:21:27:45 +0530] "GET /product/T302659?c=604&keyword=voiceless HTTP/1.1" 200 77380 "-" "Mozilla/5.0 (compatible; SemrushBot/7~bl; +http://www.semrush.com/bot.html)"
85.208.96.201 - - [14/Nov/2024:21:27:52 +0530] "GET /product/V306899?c=448&keyword=reinforcement HTTP/1.1" 200 77380 "-" "Mozilla/5.0 (compatible; SemrushBot/7~bl; +http://www.semrush.com/bot.html)"
185.191.171.10 - - [14/Nov/2024:21:28:13 +0530] "GET /194894316.phtml HTTP/1.1" 404 - "-" "Mozilla/5.0 (compatible; SemrushBot/7~bl; +http://www.semrush.com/bot.html)"
185.191.171.7 - - [14/Nov/2024:21:28:15 +0530] "GET /product/F558927?c=854&keyword=message HTTP/1.1" 200 77380 "-" "Mozilla/5.0 (compatible; SemrushBot/7~bl; +http://www.semrush.com/bot.html)"
85.208.96.201 - - [14/Nov/2024:21:28:29 +0530] "GET /product/P290903?c=21&keyword=assessor HTTP/1.1" 200 77380 "-" "Mozilla/5.0 (compatible; SemrushBot/7~bl; +http://www.semrush.com/bot.html)"
85.208.96.197 - - [14/Nov/2024:21:28:32 +0530] "GET /product/J413019?c=852&keyword=septet HTTP/1.1" 200 77380 "-" "Mozilla/5.0 (compatible; SemrushBot/7~bl; +http://www.semrush.com/bot.html)"
85.208.96.195 - - [14/Nov/2024:21:28:41 +0530] "GET /product/A341510?c=300&keyword=rouge HTTP/1.1" 200 77380 "-" "Mozilla/5.0 (compatible; SemrushBot/7~bl; +http://www.semrush.com/bot.html)"
85.208.96.201 - - [14/Nov/2024:21:28:45 +0530] "GET /product/R224865?c=952&keyword=perforce HTTP/1.1" 200 77380 "-" "Mozilla/5.0 (compatible; SemrushBot/7~bl; +http://www.semrush.com/bot.html)"
185.191.171.6 - - [14/Nov/2024:21:28:50 +0530] "GET /product/Y836236?c=980&keyword=reboot HTTP/1.1" 200 77380 "-" "Mozilla/5.0 (compatible; SemrushBot/7~bl; +http://www.semrush.com/bot.html)"
185.191.171.12 - - [14/Nov/2024:21:28:54 +0530] "GET /product/H997835?c=243&keyword=mythic HTTP/1.1" 200 77380 "-" "Mozilla/5.0 (compatible; SemrushBot/7~bl; +http://www.semrush.com/bot.html)"
185.191.171.12 - - [14/Nov/2024:21:29:05 +0530] "GET /product/X310697?c=493&keyword=stage HTTP/1.1" 200 77380 "-" "Mozilla/5.0 (compatible; SemrushBot/7~bl; +http://www.semrush.com/bot.html)"
85.208.96.198 - - [14/Nov/2024:21:29:09 +0530] "GET /product/L422303?c=811&keyword=assessor HTTP/1.1" 200 77380 "-" "Mozilla/5.0 (compatible; SemrushBot/7~bl; +http://www.semrush.com/bot.html)"
185.191.171.11 - - [14/Nov/2024:21:29:14 +0530] "GET /245699865.phtml HTTP/1.1" 404 - "-" "Mozilla/5.0 (compatible; SemrushBot/7~bl; +http://www.semrush.com/bot.html)"
66.249.68.34 - - [14/Nov/2024:21:29:43 +0530] "GET /65864556.phtml HTTP/1.1" 404 - "-" "Mozilla/5.0 (Linux; Android 6.0.1; Nexus 5X Build/MMB29P) AppleWebKit/537.36 (KHTML, like Gecko) Chrome/130.0.6723.116 Mobile Safari/537.36 (compatible; Googlebot/2.1; +http://www.google.com/bot.html)"
185.191.171.12 - - [14/Nov/2024:21:29:56 +0530] "GET /132274998.phtml HTTP/1.1" 404 - "-" "Mozilla/5.0 (compatible; SemrushBot/7~bl; +http://www.semrush.com/bot.html)"
85.208.96.199 - - [14/Nov/2024:21:30:13 +0530] "GET /product/O260950?c=294&keyword=calling HTTP/1.1" 200 77380 "-" "Mozilla/5.0 (compatible; SemrushBot/7~bl; +http://www.semrush.com/bot.html)"
85.208.96.201 - - [14/Nov/2024:21:30:17 +0530] "GET /product/C217128?c=327&keyword=flight HTTP/1.1" 200 77380 "-" "Mozilla/5.0 (compatible; SemrushBot/7~bl; +http://www.semrush.com/bot.html)"
85.208.96.210 - - [14/Nov/2024:21:31:00 +0530] "GET /product/U503952?c=604&keyword=stepchild HTTP/1.1" 200 77380 "-" "Mozilla/5.0 (compatible; SemrushBot/7~bl; +http://www.semrush.com/bot.html)"
85.208.96.197 - - [14/Nov/2024:21:31:25 +0530] "GET /product/L955589?c=512&keyword=enquire HTTP/1.1" 200 77380 "-" "Mozilla/5.0 (compatible; SemrushBot/7~bl; +http://www.semrush.com/bot.html)"
114.119.156.133 - - [14/Nov/2024:21:31:25 +0530] "GET /product/silver-cz-rings-dual-cross-band HTTP/1.1" 200 859159 "https://www.krishnamexports.com/product/silver-cz-rings-line" "Mozilla/5.0 (Linux; Android 7.0;) AppleWebKit/537.36 (KHTML, like Gecko) Mobile Safari/537.36 (compatible; PetalBot;+https://webmaster.petalsearch.com/site/petalbot)"
85.208.96.193 - - [14/Nov/2024:21:31:28 +0530] "GET /product/T60833?c=868&keyword=procurement HTTP/1.1" 200 77380 "-" "Mozilla/5.0 (compatible; SemrushBot/7~bl; +http://www.semrush.com/bot.html)"
185.191.171.16 - - [14/Nov/2024:21:31:42 +0530] "GET /product/P87063?c=335&keyword=tenet HTTP/1.1" 200 77380 "-" "Mozilla/5.0 (compatible; SemrushBot/7~bl; +http://www.semrush.com/bot.html)"
85.208.96.194 - - [14/Nov/2024:21:31:51 +0530] "GET /143587620.phtml HTTP/1.1" 404 - "-" "Mozilla/5.0 (compatible; SemrushBot/7~bl; +http://www.semrush.com/bot.html)"
85.208.96.201 - - [14/Nov/2024:21:32:07 +0530] "GET /product/P582805?c=738&keyword=kindness HTTP/1.1" 200 77380 "-" "Mozilla/5.0 (compatible; SemrushBot/7~bl; +http://www.semrush.com/bot.html)"
85.208.96.198 - - [14/Nov/2024:21:32:17 +0530] "GET /product/B500969?c=885&keyword=moisture HTTP/1.1" 200 77380 "-" "Mozilla/5.0 (compatible; SemrushBot/7~bl; +http://www.semrush.com/bot.html)"
66.249.68.34 - - [14/Nov/2024:21:32:22 +0530] "GET /71663589.phtml HTTP/1.1" 404 - "-" "Mozilla/5.0 (Linux; Android 6.0.1; Nexus 5X Build/MMB29P) AppleWebKit/537.36 (KHTML, like Gecko) Chrome/130.0.6723.116 Mobile Safari/537.36 (compatible; Googlebot/2.1; +http://www.google.com/bot.html)"
85.208.96.212 - - [14/Nov/2024:21:32:24 +0530] "GET /product/E117472?c=788&keyword=encourage HTTP/1.1" 200 77380 "-" "Mozilla/5.0 (compatible; SemrushBot/7~bl; +http://www.semrush.com/bot.html)"
85.208.96.194 - - [14/Nov/2024:21:32:32 +0530] "GET /product/M793818?c=813&keyword=Addict HTTP/1.1" 200 77380 "-" "Mozilla/5.0 (compatible; SemrushBot/7~bl; +http://www.semrush.com/bot.html)"
185.191.171.2 - - [14/Nov/2024:21:32:51 +0530] "GET /product/Q363236?c=714&keyword=reboot HTTP/1.1" 200 77380 "-" "Mozilla/5.0 (compatible; SemrushBot/7~bl; +http://www.semrush.com/bot.html)"
185.191.171.12 - - [14/Nov/2024:21:33:01 +0530] "GET /product/F280597?c=490&keyword=stage HTTP/1.1" 200 77380 "-" "Mozilla/5.0 (compatible; SemrushBot/7~bl; +http://www.semrush.com/bot.html)"
85.208.96.198 - - [14/Nov/2024:21:33:24 +0530] "GET /product/E241388?c=949&keyword=Persia HTTP/1.1" 200 77380 "-" "Mozilla/5.0 (compatible; SemrushBot/7~bl; +http://www.semrush.com/bot.html)"
85.208.96.193 - - [14/Nov/2024:21:33:29 +0530] "GET /product/U990646?c=698&keyword=perpetual HTTP/1.1" 200 77380 "-" "Mozilla/5.0 (compatible; SemrushBot/7~bl; +http://www.semrush.com/bot.html)"
185.191.171.17 - - [14/Nov/2024:21:33:52 +0530] "GET /222822306.phtml HTTP/1.1" 404 - "-" "Mozilla/5.0 (compatible; SemrushBot/7~bl; +http://www.semrush.com/bot.html)"
185.191.171.7 - - [14/Nov/2024:21:34:05 +0530] "GET /product/S854014?c=566&keyword=recycling HTTP/1.1" 200 77380 "-" "Mozilla/5.0 (compatible; SemrushBot/7~bl; +http://www.semrush.com/bot.html)"
185.191.171.17 - - [14/Nov/2024:21:34:24 +0530] "GET /product/N27183?c=211&keyword=passivity HTTP/1.1" 200 77380 "-" "Mozilla/5.0 (compatible; SemrushBot/7~bl; +http://www.semrush.com/bot.html)"
185.191.171.16 - - [14/Nov/2024:21:34:35 +0530] "GET /product/B893283?c=173&keyword=passivity HTTP/1.1" 200 77380 "-" "Mozilla/5.0 (compatible; SemrushBot/7~bl; +http://www.semrush.com/bot.html)"
185.191.171.11 - - [14/Nov/2024:21:35:03 +0530] "GET /product/J389463?c=113&keyword=tenet HTTP/1.1" 200 77380 "-" "Mozilla/5.0 (compatible; SemrushBot/7~bl; +http://www.semrush.com/bot.html)"
185.191.171.6 - - [14/Nov/2024:21:35:33 +0530] "GET /product/G76576?c=944&keyword=stealth HTTP/1.1" 200 77380 "-" "Mozilla/5.0 (compatible; SemrushBot/7~bl; +http://www.semrush.com/bot.html)"
185.191.171.4 - - [14/Nov/2024:21:35:38 +0530] "GET /product/E138714?c=751&keyword=recycling HTTP/1.1" 200 77380 "-" "Mozilla/5.0 (compatible; SemrushBot/7~bl; +http://www.semrush.com/bot.html)"
85.208.96.204 - - [14/Nov/2024:21:35:44 +0530] "GET /product/K823664?c=454&keyword=reflector HTTP/1.1" 200 77380 "-" "Mozilla/5.0 (compatible; SemrushBot/7~bl; +http://www.semrush.com/bot.html)"
85.208.96.206 - - [14/Nov/2024:21:35:50 +0530] "GET /product/F939697?c=659&keyword=stage HTTP/1.1" 200 77380 "-" "Mozilla/5.0 (compatible; SemrushBot/7~bl; +http://www.semrush.com/bot.html)"
40.77.167.247 - - [14/Nov/2024:21:36:09 +0530] "GET /120502296.phtml HTTP/1.1" 404 - "-" "Mozilla/5.0 AppleWebKit/537.36 (KHTML, like Gecko; compatible; bingbot/2.0; +http://www.bing.com/bingbot.htm) Chrome/116.0.1938.76 Safari/537.36"
85.208.96.193 - - [14/Nov/2024:21:36:09 +0530] "GET /product/K16468?c=850&keyword=moped HTTP/1.1" 200 77380 "-" "Mozilla/5.0 (compatible; SemrushBot/7~bl; +http://www.semrush.com/bot.html)"
185.191.171.4 - - [14/Nov/2024:21:36:10 +0530] "GET /51142320.phtml HTTP/1.1" 404 - "-" "Mozilla/5.0 (compatible; SemrushBot/7~bl; +http://www.semrush.com/bot.html)"
40.77.167.247 - - [14/Nov/2024:21:36:10 +0530] "GET /13941693.phtml HTTP/1.1" 404 - "-" "Mozilla/5.0 AppleWebKit/537.36 (KHTML, like Gecko; compatible; bingbot/2.0; +http://www.bing.com/bingbot.htm) Chrome/116.0.1938.76 Safari/537.36"
85.208.96.198 - - [14/Nov/2024:21:36:19 +0530] "GET /product/Y300688?c=567&keyword=Persia HTTP/1.1" 200 77380 "-" "Mozilla/5.0 (compatible; SemrushBot/7~bl; +http://www.semrush.com/bot.html)"
114.119.155.230 - - [14/Nov/2024:21:36:25 +0530] "GET /product/silver-cz-rings-plus-band HTTP/1.1" 200 859095 "https://www.krishnamexports.com/product/silver-cz-rings-line" "Mozilla/5.0 (Linux; Android 7.0;) AppleWebKit/537.36 (KHTML, like Gecko) Mobile Safari/537.36 (compatible; PetalBot;+https://webmaster.petalsearch.com/site/petalbot)"
85.208.96.204 - - [14/Nov/2024:21:36:27 +0530] "GET /product/U951178?c=324&keyword=rebellion HTTP/1.1" 200 77380 "-" "Mozilla/5.0 (compatible; SemrushBot/7~bl; +http://www.semrush.com/bot.html)"
185.191.171.6 - - [14/Nov/2024:21:36:31 +0530] "GET /product/T801625?c=123&keyword=shuttle HTTP/1.1" 200 77380 "-" "Mozilla/5.0 (compatible; SemrushBot/7~bl; +http://www.semrush.com/bot.html)"
185.191.171.12 - - [14/Nov/2024:21:36:39 +0530] "GET /product/C600030?c=948&keyword=navigate HTTP/1.1" 200 77380 "-" "Mozilla/5.0 (compatible; SemrushBot/7~bl; +http://www.semrush.com/bot.html)"
185.191.171.19 - - [14/Nov/2024:21:36:59 +0530] "GET /19716021.phtml HTTP/1.1" 404 - "-" "Mozilla/5.0 (compatible; SemrushBot/7~bl; +http://www.semrush.com/bot.html)"
185.191.171.12 - - [14/Nov/2024:21:37:25 +0530] "GET /product/Z797237?c=103&keyword=cryptographic HTTP/1.1" 200 77380 "-" "Mozilla/5.0 (compatible; SemrushBot/7~bl; +http://www.semrush.com/bot.html)"
85.208.96.195 - - [14/Nov/2024:21:37:32 +0530] "GET /product/C486410?c=829&keyword=rouge HTTP/1.1" 200 77380 "-" "Mozilla/5.0 (compatible; SemrushBot/7~bl; +http://www.semrush.com/bot.html)"
185.191.171.13 - - [14/Nov/2024:21:37:45 +0530] "GET /product/K541148?c=359&keyword=rejuvenate HTTP/1.1" 200 77380 "-" "Mozilla/5.0 (compatible; SemrushBot/7~bl; +http://www.semrush.com/bot.html)"
185.191.171.12 - - [14/Nov/2024:21:37:50 +0530] "GET /product/Q992930?c=337&keyword=navigate HTTP/1.1" 200 77380 "-" "Mozilla/5.0 (compatible; SemrushBot/7~bl; +http://www.semrush.com/bot.html)"
185.191.171.14 - - [14/Nov/2024:21:38:11 +0530] "GET /product/A558740?c=587&keyword=sucrose HTTP/1.1" 200 77380 "-" "Mozilla/5.0 (compatible; SemrushBot/7~bl; +http://www.semrush.com/bot.html)"
85.208.96.209 - - [14/Nov/2024:21:38:38 +0530] "GET /product/N147329?c=513&keyword=seamless HTTP/1.1" 200 77380 "-" "Mozilla/5.0 (compatible; SemrushBot/7~bl; +http://www.semrush.com/bot.html)"
85.208.96.207 - - [14/Nov/2024:21:38:51 +0530] "GET /product/D725143?c=931&keyword=mobilehome HTTP/1.1" 200 77380 "-" "Mozilla/5.0 (compatible; SemrushBot/7~bl; +http://www.semrush.com/bot.html)"
85.208.96.211 - - [14/Nov/2024:21:39:03 +0530] "GET /product/W321876?c=489&keyword=stealth HTTP/1.1" 200 77380 "-" "Mozilla/5.0 (compatible; SemrushBot/7~bl; +http://www.semrush.com/bot.html)"
185.191.171.7 - - [14/Nov/2024:21:39:10 +0530] "GET /product/A335894?c=24&keyword=providence HTTP/1.1" 200 77380 "-" "Mozilla/5.0 (compatible; SemrushBot/7~bl; +http://www.semrush.com/bot.html)"
185.191.171.14 - - [14/Nov/2024:21:39:54 +0530] "GET /product/G799376?c=670&keyword=stealth HTTP/1.1" 200 77380 "-" "Mozilla/5.0 (compatible; SemrushBot/7~bl; +http://www.semrush.com/bot.html)"
85.208.96.200 - - [14/Nov/2024:21:40:03 +0530] "GET /product/Q787218?c=306&keyword=Addict HTTP/1.1" 200 77380 "-" "Mozilla/5.0 (compatible; SemrushBot/7~bl; +http://www.semrush.com/bot.html)"
185.191.171.2 - - [14/Nov/2024:21:40:06 +0530] "GET /product/H189469?c=705&keyword=moisture HTTP/1.1" 200 77380 "-" "Mozilla/5.0 (compatible; SemrushBot/7~bl; +http://www.semrush.com/bot.html)"
185.191.171.6 - - [14/Nov/2024:21:40:09 +0530] "GET /product/Y546648?c=588&keyword=rejuvenate HTTP/1.1" 200 77380 "-" "Mozilla/5.0 (compatible; SemrushBot/7~bl; +http://www.semrush.com/bot.html)"
66.249.68.36 - - [14/Nov/2024:21:40:14 +0530] "GET /198574308.phtml HTTP/1.1" 404 - "-" "Mozilla/5.0 (Linux; Android 6.0.1; Nexus 5X Build/MMB29P) AppleWebKit/537.36 (KHTML, like Gecko) Chrome/130.0.6723.116 Mobile Safari/537.36 (compatible; Googlebot/2.1; +http://www.google.com/bot.html)"
185.191.171.3 - - [14/Nov/2024:21:40:17 +0530] "GET /product/U968884?c=35&keyword=hesitantly HTTP/1.1" 200 77380 "-" "Mozilla/5.0 (compatible; SemrushBot/7~bl; +http://www.semrush.com/bot.html)"
85.208.96.205 - - [14/Nov/2024:21:40:29 +0530] "GET /15952518.phtml HTTP/1.1" 404 - "-" "Mozilla/5.0 (compatible; SemrushBot/7~bl; +http://www.semrush.com/bot.html)"
85.208.96.193 - - [14/Nov/2024:21:40:41 +0530] "GET /112071330.phtml HTTP/1.1" 404 - "-" "Mozilla/5.0 (compatible; SemrushBot/7~bl; +http://www.semrush.com/bot.html)"
85.208.96.202 - - [14/Nov/2024:21:41:02 +0530] "GET /product/T53683?c=369&keyword=passivity HTTP/1.1" 200 77380 "-" "Mozilla/5.0 (compatible; SemrushBot/7~bl; +http://www.semrush.com/bot.html)"
185.191.171.6 - - [14/Nov/2024:21:41:24 +0530] "GET /product/F624005?c=318&keyword=kindness HTTP/1.1" 200 77380 "-" "Mozilla/5.0 (compatible; SemrushBot/7~bl; +http://www.semrush.com/bot.html)"
114.119.135.64 - - [14/Nov/2024:21:41:25 +0530] "GET /product/silver-cufflinks-with-gemstone-7 HTTP/1.1" 200 403742 "https://www.krishnamexports.com/product/oval-silver-cufflinks" "Mozilla/5.0 (Linux; Android 7.0;) AppleWebKit/537.36 (KHTML, like Gecko) Mobile Safari/537.36 (compatible; PetalBot;+https://webmaster.petalsearch.com/site/petalbot)"
85.208.96.207 - - [14/Nov/2024:21:41:39 +0530] "GET /product/N471705?c=587&keyword=kindness HTTP/1.1" 200 77380 "-" "Mozilla/5.0 (compatible; SemrushBot/7~bl; +http://www.semrush.com/bot.html)"
85.208.96.202 - - [14/Nov/2024:21:41:41 +0530] "GET /product/Z417559?c=184&keyword=voiceless HTTP/1.1" 200 77380 "-" "Mozilla/5.0 (compatible; SemrushBot/7~bl; +http://www.semrush.com/bot.html)"
85.208.96.207 - - [14/Nov/2024:21:41:45 +0530] "GET /product/C942398?c=62&keyword=freezer HTTP/1.1" 200 77380 "-" "Mozilla/5.0 (compatible; SemrushBot/7~bl; +http://www.semrush.com/bot.html)"
85.208.96.198 - - [14/Nov/2024:21:41:48 +0530] "GET /product/Y272374?c=233&keyword=unusable HTTP/1.1" 200 77380 "-" "Mozilla/5.0 (compatible; SemrushBot/7~bl; +http://www.semrush.com/bot.html)"
185.191.171.2 - - [14/Nov/2024:21:42:03 +0530] "GET /product/Q645700?c=263&keyword=stair HTTP/1.1" 200 77380 "-" "Mozilla/5.0 (compatible; SemrushBot/7~bl; +http://www.semrush.com/bot.html)"
85.208.96.194 - - [14/Nov/2024:21:42:07 +0530] "GET /product/F502117?c=932&keyword=waveform HTTP/1.1" 200 77380 "-" "Mozilla/5.0 (compatible; SemrushBot/7~bl; +http://www.semrush.com/bot.html)"
185.191.171.7 - - [14/Nov/2024:21:42:21 +0530] "GET /product/V497921?c=502&keyword=recuperation HTTP/1.1" 200 77380 "-" "Mozilla/5.0 (compatible; SemrushBot/7~bl; +http://www.semrush.com/bot.html)"
66.249.68.35 - - [14/Nov/2024:21:42:47 +0530] "GET /73339803.phtml HTTP/1.1" 404 - "-" "Mozilla/5.0 (Linux; Android 6.0.1; Nexus 5X Build/MMB29P) AppleWebKit/537.36 (KHTML, like Gecko) Chrome/130.0.6723.116 Mobile Safari/537.36 (compatible; GoogleOther)"
51.222.253.12 - - [14/Nov/2024:21:43:10 +0530] "GET /robots.txt HTTP/1.1" 404 - "-" "Mozilla/5.0 (compatible; AhrefsBot/7.0; +http://ahrefs.com/robot/)"
54.36.148.32 - - [14/Nov/2024:21:43:15 +0530] "GET /product/silver-earrings-artisian-circle HTTP/1.1" 200 1076429 "-" "Mozilla/5.0 (compatible; AhrefsBot/7.0; +http://ahrefs.com/robot/)"
66.249.79.37 - - [14/Nov/2024:21:43:22 +0530] "GET /69108893.phtml HTTP/1.1" 404 - "-" "Mozilla/5.0 (Linux; Android 6.0.1; Nexus 5X Build/MMB29P) AppleWebKit/537.36 (KHTML, like Gecko) Chrome/131.0.6778.69 Mobile Safari/537.36 (compatible; Googlebot/2.1; +http://www.google.com/bot.html)"
85.208.96.195 - - [14/Nov/2024:21:43:39 +0530] "GET /robots.txt HTTP/1.1" 404 - "-" "Mozilla/5.0 (compatible; SemrushBot/7~bl; +http://www.semrush.com/bot.html)"
185.191.171.16 - - [14/Nov/2024:21:43:40 +0530] "GET /product/G462650?c=888&keyword=calling HTTP/1.1" 200 77380 "-" "Mozilla/5.0 (compatible; SemrushBot/7~bl; +http://www.semrush.com/bot.html)"
66.249.68.34 - - [14/Nov/2024:21:43:43 +0530] "GET /61080534.phtml HTTP/1.1" 404 - "-" "Mozilla/5.0 (Linux; Android 6.0.1; Nexus 5X Build/MMB29P) AppleWebKit/537.36 (KHTML, like Gecko) Chrome/130.0.6723.116 Mobile Safari/537.36 (compatible; Googlebot/2.1; +http://www.google.com/bot.html)"
66.249.68.35 - - [14/Nov/2024:21:43:44 +0530] "GET /61937271.phtml HTTP/1.1" 404 - "-" "Mozilla/5.0 (Linux; Android 6.0.1; Nexus 5X Build/MMB29P) AppleWebKit/537.36 (KHTML, like Gecko) Chrome/130.0.6723.116 Mobile Safari/537.36 (compatible; Googlebot/2.1; +http://www.google.com/bot.html)"
85.208.96.195 - - [14/Nov/2024:21:43:54 +0530] "GET /108040365.phtml HTTP/1.1" 404 - "-" "Mozilla/5.0 (compatible; SemrushBot/7~bl; +http://www.semrush.com/bot.html)"
66.249.68.34 - - [14/Nov/2024:21:44:08 +0530] "GET /seamless HTTP/1.1" 404 - "-" "Mozilla/5.0 (Linux; Android 6.0.1; Nexus 5X Build/MMB29P) AppleWebKit/537.36 (KHTML, like Gecko) Chrome/130.0.6723.116 Mobile Safari/537.36 (compatible; Googlebot/2.1; +http://www.google.com/bot.html)"
185.191.171.5 - - [14/Nov/2024:21:44:11 +0530] "GET /product/H259773?c=395&keyword=Stanford HTTP/1.1" 200 77380 "-" "Mozilla/5.0 (compatible; SemrushBot/7~bl; +http://www.semrush.com/bot.html)"
85.208.96.195 - - [14/Nov/2024:21:44:16 +0530] "GET /product/P373375?c=997&keyword=Adder HTTP/1.1" 200 77380 "-" "Mozilla/5.0 (compatible; SemrushBot/7~bl; +http://www.semrush.com/bot.html)"
185.191.171.11 - - [14/Nov/2024:21:44:20 +0530] "GET /product/N527059?c=144&keyword=voiceless HTTP/1.1" 200 77380 "-" "Mozilla/5.0 (compatible; SemrushBot/7~bl; +http://www.semrush.com/bot.html)"
185.191.171.2 - - [14/Nov/2024:21:44:36 +0530] "GET /65644236.phtml HTTP/1.1" 404 - "-" "Mozilla/5.0 (compatible; SemrushBot/7~bl; +http://www.semrush.com/bot.html)"
185.191.171.7 - - [14/Nov/2024:21:44:55 +0530] "GET /product/H364631?c=326&keyword=displease HTTP/1.1" 200 77380 "-" "Mozilla/5.0 (compatible; SemrushBot/7~bl; +http://www.semrush.com/bot.html)"
85.208.96.195 - - [14/Nov/2024:21:45:03 +0530] "GET /product/P83761?c=785&keyword=cotton HTTP/1.1" 200 77380 "-" "Mozilla/5.0 (compatible; SemrushBot/7~bl; +http://www.semrush.com/bot.html)"
85.208.96.200 - - [14/Nov/2024:21:45:12 +0530] "GET /product/J637919?c=304&keyword=septet HTTP/1.1" 200 77380 "-" "Mozilla/5.0 (compatible; SemrushBot/7~bl; +http://www.semrush.com/bot.html)"
66.249.68.36 - - [14/Nov/2024:21:45:29 +0530] "GET /143997966.phtml HTTP/1.1" 404 - "-" "Mozilla/5.0 (Linux; Android 6.0.1; Nexus 5X Build/MMB29P) AppleWebKit/537.36 (KHTML, like Gecko) Chrome/130.0.6723.116 Mobile Safari/537.36 (compatible; Googlebot/2.1; +http://www.google.com/bot.html)"
185.191.171.1 - - [14/Nov/2024:21:45:37 +0530] "GET /product/T133373?c=114&keyword=Stanford HTTP/1.1" 200 77380 "-" "Mozilla/5.0 (compatible; SemrushBot/7~bl; +http://www.semrush.com/bot.html)"
185.191.171.18 - - [14/Nov/2024:21:45:42 +0530] "GET /product/K50346?c=974&keyword=perpetual HTTP/1.1" 200 77380 "-" "Mozilla/5.0 (compatible; SemrushBot/7~bl; +http://www.semrush.com/bot.html)"
85.208.96.197 - - [14/Nov/2024:21:45:50 +0530] "GET /product/F359351?c=75&keyword=teaspoonful HTTP/1.1" 200 77380 "-" "Mozilla/5.0 (compatible; SemrushBot/7~bl; +http://www.semrush.com/bot.html)"
85.208.96.202 - - [14/Nov/2024:21:45:57 +0530] "GET /product/O561666?c=666&keyword=ramshackle HTTP/1.1" 200 77380 "-" "Mozilla/5.0 (compatible; SemrushBot/7~bl; +http://www.semrush.com/bot.html)"
85.208.96.198 - - [14/Nov/2024:21:46:02 +0530] "GET /product/V401279?c=909&keyword=ordering HTTP/1.1" 200 77380 "-" "Mozilla/5.0 (compatible; SemrushBot/7~bl; +http://www.semrush.com/bot.html)"
66.249.68.34 - - [14/Nov/2024:21:46:21 +0530] "GET /81215190.phtml HTTP/1.1" 404 - "-" "Mozilla/5.0 (Linux; Android 6.0.1; Nexus 5X Build/MMB29P) AppleWebKit/537.36 (KHTML, like Gecko) Chrome/130.0.6723.116 Mobile Safari/537.36 (compatible; Googlebot/2.1; +http://www.google.com/bot.html)"
114.119.135.64 - - [14/Nov/2024:21:46:24 +0530] "GET /product/silver-cufflinks-engraved-oval HTTP/1.1" 200 403130 "https://www.krishnamexports.com/product/oval-silver-cufflinks" "Mozilla/5.0 (Linux; Android 7.0;) AppleWebKit/537.36 (KHTML, like Gecko) Mobile Safari/537.36 (compatible; PetalBot;+https://webmaster.petalsearch.com/site/petalbot)"
54.36.149.76 - - [14/Nov/2024:21:46:27 +0530] "GET /product/dual-tone-silver-cufflinks-with-gemstone-1 HTTP/1.1" 200 403124 "-" "Mozilla/5.0 (compatible; AhrefsBot/7.0; +http://ahrefs.com/robot/)"
85.208.96.202 - - [14/Nov/2024:21:46:28 +0530] "GET /product/B951263?c=428&keyword=tenet HTTP/1.1" 200 77380 "-" "Mozilla/5.0 (compatible; SemrushBot/7~bl; +http://www.semrush.com/bot.html)"
85.208.96.194 - - [14/Nov/2024:21:46:31 +0530] "GET /product/D854103?c=583&keyword=assessor HTTP/1.1" 200 77380 "-" "Mozilla/5.0 (compatible; SemrushBot/7~bl; +http://www.semrush.com/bot.html)"
85.208.96.198 - - [14/Nov/2024:21:47:36 +0530] "GET /147699666.phtml HTTP/1.1" 404 - "-" "Mozilla/5.0 (compatible; SemrushBot/7~bl; +http://www.semrush.com/bot.html)"
185.191.171.19 - - [14/Nov/2024:21:47:53 +0530] "GET /product/T625059?c=443&keyword=voiceless HTTP/1.1" 200 77380 "-" "Mozilla/5.0 (compatible; SemrushBot/7~bl; +http://www.semrush.com/bot.html)"
185.191.171.17 - - [14/Nov/2024:21:47:56 +0530] "GET /product/A182104?c=990&keyword=smear HTTP/1.1" 200 77380 "-" "Mozilla/5.0 (compatible; SemrushBot/7~bl; +http://www.semrush.com/bot.html)"
85.208.96.202 - - [14/Nov/2024:21:48:06 +0530] "GET /product/K598582?c=780&keyword=insignificant HTTP/1.1" 200 77380 "-" "Mozilla/5.0 (compatible; SemrushBot/7~bl; +http://www.semrush.com/bot.html)"
85.208.96.204 - - [14/Nov/2024:21:48:20 +0530] "GET /product/K97874?c=809&keyword=unusable HTTP/1.1" 200 77380 "-" "Mozilla/5.0 (compatible; SemrushBot/7~bl; +http://www.semrush.com/bot.html)"
185.191.171.2 - - [14/Nov/2024:21:48:34 +0530] "GET /product/Q821278?c=354&keyword=rebellion HTTP/1.1" 200 77380 "-" "Mozilla/5.0 (compatible; SemrushBot/7~bl; +http://www.semrush.com/bot.html)"
185.191.171.17 - - [14/Nov/2024:21:48:41 +0530] "GET /product/O571026?c=866&keyword=traverse HTTP/1.1" 200 77380 "-" "Mozilla/5.0 (compatible; SemrushBot/7~bl; +http://www.semrush.com/bot.html)"
85.208.96.202 - - [14/Nov/2024:21:48:44 +0530] "GET /product/M57758?c=567&keyword=diamond HTTP/1.1" 200 77380 "-" "Mozilla/5.0 (compatible; SemrushBot/7~bl; +http://www.semrush.com/bot.html)"
85.208.96.194 - - [14/Nov/2024:21:48:51 +0530] "GET /product/A346580?c=223&keyword=marshal HTTP/1.1" 200 77380 "-" "Mozilla/5.0 (compatible; SemrushBot/7~bl; +http://www.semrush.com/bot.html)"
85.208.96.202 - - [14/Nov/2024:21:48:58 +0530] "GET /219890673.phtml HTTP/1.1" 404 - "-" "Mozilla/5.0 (compatible; SemrushBot/7~bl; +http://www.semrush.com/bot.html)"
85.208.96.210 - - [14/Nov/2024:21:49:01 +0530] "GET /211486680.phtml HTTP/1.1" 404 - "-" "Mozilla/5.0 (compatible; SemrushBot/7~bl; +http://www.semrush.com/bot.html)"
54.36.148.192 - - [14/Nov/2024:21:49:23 +0530] "GET /product/silver-earrings-artisian-work HTTP/1.1" 200 1076426 "-" "Mozilla/5.0 (compatible; AhrefsBot/7.0; +http://ahrefs.com/robot/)"
185.191.171.19 - - [14/Nov/2024:21:49:25 +0530] "GET /product/C362806?c=45&keyword=ambassador HTTP/1.1" 200 77380 "-" "Mozilla/5.0 (compatible; SemrushBot/7~bl; +http://www.semrush.com/bot.html)"
185.191.171.7 - - [14/Nov/2024:21:49:43 +0530] "GET /product/Q312978?c=249&keyword=rebellion HTTP/1.1" 200 77380 "-" "Mozilla/5.0 (compatible; SemrushBot/7~bl; +http://www.semrush.com/bot.html)"
85.208.96.202 - - [14/Nov/2024:21:49:46 +0530] "GET /product/X311373?c=256&keyword=Stanford HTTP/1.1" 200 77380 "-" "Mozilla/5.0 (compatible; SemrushBot/7~bl; +http://www.semrush.com/bot.html)"
185.191.171.16 - - [14/Nov/2024:21:49:51 +0530] "GET /product/D469069?c=148&keyword=moisture HTTP/1.1" 200 77380 "-" "Mozilla/5.0 (compatible; SemrushBot/7~bl; +http://www.semrush.com/bot.html)"
185.191.171.7 - - [14/Nov/2024:21:49:58 +0530] "GET /product/T704073?c=646&keyword=Stanford HTTP/1.1" 200 77380 "-" "Mozilla/5.0 (compatible; SemrushBot/7~bl; +http://www.semrush.com/bot.html)"
185.191.171.14 - - [14/Nov/2024:21:50:02 +0530] "GET /product/Q682126?c=403&keyword=traverse HTTP/1.1" 200 77380 "-" "Mozilla/5.0 (compatible; SemrushBot/7~bl; +http://www.semrush.com/bot.html)"
66.249.79.36 - - [14/Nov/2024:21:50:06 +0530] "GET /63970117.phtml HTTP/1.1" 404 - "-" "Mozilla/5.0 (Linux; Android 6.0.1; Nexus 5X Build/MMB29P) AppleWebKit/537.36 (KHTML, like Gecko) Chrome/131.0.6778.69 Mobile Safari/537.36 (compatible; Googlebot/2.1; +http://www.google.com/bot.html)"
85.208.96.210 - - [14/Nov/2024:21:50:31 +0530] "GET /product/N66131?c=80&keyword=displease HTTP/1.1" 200 77380 "-" "Mozilla/5.0 (compatible; SemrushBot/7~bl; +http://www.semrush.com/bot.html)"
85.208.96.197 - - [14/Nov/2024:21:51:10 +0530] "GET /product/E303242?c=819&keyword=response HTTP/1.1" 200 77380 "-" "Mozilla/5.0 (compatible; SemrushBot/7~bl; +http://www.semrush.com/bot.html)"
66.249.79.36 - - [14/Nov/2024:21:51:18 +0530] "GET /29819495.phtml HTTP/1.1" 404 - "-" "Mozilla/5.0 (Linux; Android 6.0.1; Nexus 5X Build/MMB29P) AppleWebKit/537.36 (KHTML, like Gecko) Chrome/131.0.6778.69 Mobile Safari/537.36 (compatible; Googlebot/2.1; +http://www.google.com/bot.html)"
85.208.96.197 - - [14/Nov/2024:21:51:22 +0530] "GET /product/E185800?c=509&keyword=stair HTTP/1.1" 200 77380 "-" "Mozilla/5.0 (compatible; SemrushBot/7~bl; +http://www.semrush.com/bot.html)"
114.119.155.230 - - [14/Nov/2024:21:51:24 +0530] "GET /products/RG7611.jpg HTTP/1.1" 200 83200 "https://www.krishnamexports.com/category/rings&page_no=5" "Mozilla/5.0 (Linux; Android 7.0;) AppleWebKit/537.36 (KHTML, like Gecko) Mobile Safari/537.36 (compatible; PetalBot;+https://webmaster.petalsearch.com/site/petalbot)"
85.208.96.207 - - [14/Nov/2024:21:51:56 +0530] "GET /product/B91105?c=346&keyword=kindness HTTP/1.1" 200 77380 "-" "Mozilla/5.0 (compatible; SemrushBot/7~bl; +http://www.semrush.com/bot.html)"
54.36.148.57 - - [14/Nov/2024:21:51:58 +0530] "GET /product/silver-earrings-with-gemstone-4 HTTP/1.1" 200 1077046 "-" "Mozilla/5.0 (compatible; AhrefsBot/7.0; +http://ahrefs.com/robot/)"
185.191.171.3 - - [14/Nov/2024:21:52:15 +0530] "GET /product/N874497?c=716&keyword=stage HTTP/1.1" 200 77380 "-" "Mozilla/5.0 (compatible; SemrushBot/7~bl; +http://www.semrush.com/bot.html)"
66.249.79.36 - - [14/Nov/2024:21:52:19 +0530] "GET /143397285.phtml HTTP/1.1" 404 - "-" "Mozilla/5.0 (Linux; Android 6.0.1; Nexus 5X Build/MMB29P) AppleWebKit/537.36 (KHTML, like Gecko) Chrome/131.0.6778.69 Mobile Safari/537.36 (compatible; Googlebot/2.1; +http://www.google.com/bot.html)"
85.208.96.200 - - [14/Nov/2024:21:52:22 +0530] "GET /product/U542042?c=297&keyword=response HTTP/1.1" 200 77380 "-" "Mozilla/5.0 (compatible; SemrushBot/7~bl; +http://www.semrush.com/bot.html)"
185.191.171.7 - - [14/Nov/2024:21:52:26 +0530] "GET /product/W557202?c=174&keyword=Lincoln HTTP/1.1" 200 77380 "-" "Mozilla/5.0 (compatible; SemrushBot/7~bl; +http://www.semrush.com/bot.html)"
185.191.171.15 - - [14/Nov/2024:21:52:37 +0530] "GET /product/A339482?c=626&keyword=insignificant HTTP/1.1" 200 77380 "-" "Mozilla/5.0 (compatible; SemrushBot/7~bl; +http://www.semrush.com/bot.html)"
185.191.171.12 - - [14/Nov/2024:21:52:51 +0530] "GET /product/Y588950?c=369&keyword=calling HTTP/1.1" 200 77380 "-" "Mozilla/5.0 (compatible; SemrushBot/7~bl; +http://www.semrush.com/bot.html)"
85.208.96.194 - - [14/Nov/2024:21:53:25 +0530] "GET /118977066.phtml HTTP/1.1" 404 - "-" "Mozilla/5.0 (compatible; SemrushBot/7~bl; +http://www.semrush.com/bot.html)"
