94.23.203.52 - - [14/Nov/2024:19:30:46 +0530] "GET /product/122228.html?product_id=487 HTTP/1.1" 200 77380 "-" "Mozilla/5.0 (compatible; MJ12bot/v1.4.8; http://mj12bot.com/)"
94.23.203.52 - - [14/Nov/2024:19:31:03 +0530] "GET /product/122228.html?product_id=488 HTTP/1.1" 200 77380 "-" "Mozilla/5.0 (compatible; MJ12bot/v1.4.8; http://mj12bot.com/)"
85.208.96.197 - - [14/Nov/2024:19:31:14 +0530] "GET /product/S402862?c=859&keyword=organization HTTP/1.1" 200 77380 "-" "Mozilla/5.0 (compatible; SemrushBot/7~bl; +http://www.semrush.com/bot.html)"
94.23.203.52 - - [14/Nov/2024:19:31:18 +0530] "GET /product/122228.html?product_id=489 HTTP/1.1" 200 77380 "-" "Mozilla/5.0 (compatible; MJ12bot/v1.4.8; http://mj12bot.com/)"
114.119.138.5 - - [14/Nov/2024:19:31:21 +0530] "GET /subcategory/gemstones-rings&page_no=4 HTTP/1.1" 200 186330 "https://www.krishnamexports.com/subcategory/gemstones-rings&page_no=3" "Mozilla/5.0 (Linux; Android 7.0;) AppleWebKit/537.36 (KHTML, like Gecko) Mobile Safari/537.36 (compatible; PetalBot;+https://webmaster.petalsearch.com/site/petalbot)"
185.191.171.10 - - [14/Nov/2024:19:31:21 +0530] "GET /product/W740684?c=199&keyword=hesitantly HTTP/1.1" 200 77380 "-" "Mozilla/5.0 (compatible; SemrushBot/7~bl; +http://www.semrush.com/bot.html)"
185.191.171.12 - - [14/Nov/2024:19:31:24 +0530] "GET /product/P814621?c=18&keyword=recuperation HTTP/1.1" 200 77380 "-" "Mozilla/5.0 (compatible; SemrushBot/7~bl; +http://www.semrush.com/bot.html)"
66.249.79.35 - - [14/Nov/2024:19:31:24 +0530] "GET /56769697.phtml HTTP/1.1" 404 - "-" "Mozilla/5.0 (Linux; Android 6.0.1; Nexus 5X Build/MMB29P) AppleWebKit/537.36 (KHTML, like Gecko) Chrome/131.0.6778.69 Mobile Safari/537.36 (compatible; Googlebot/2.1; +http://www.google.com/bot.html)"
185.191.171.12 - - [14/Nov/2024:19:31:28 +0530] "GET /product/S36210?c=902&keyword=rouge HTTP/1.1" 200 77380 "-" "Mozilla/5.0 (compatible; SemrushBot/7~bl; +http://www.semrush.com/bot.html)"
185.191.171.3 - - [14/Nov/2024:19:31:32 +0530] "GET /product/P485669?c=375&keyword=moisture HTTP/1.1" 200 77380 "-" "Mozilla/5.0 (compatible; SemrushBot/7~bl; +http://www.semrush.com/bot.html)"
94.23.203.52 - - [14/Nov/2024:19:31:38 +0530] "GET /product/122228.html?product_id=491 HTTP/1.1" 200 77380 "-" "Mozilla/5.0 (compatible; MJ12bot/v1.4.8; http://mj12bot.com/)"
66.249.68.36 - - [14/Nov/2024:19:31:40 +0530] "GET /102144132.phtml HTTP/1.1" 404 - "-" "Mozilla/5.0 (Linux; Android 6.0.1; Nexus 5X Build/MMB29P) AppleWebKit/537.36 (KHTML, like Gecko) Chrome/130.0.6723.116 Mobile Safari/537.36 (compatible; Googlebot/2.1; +http://www.google.com/bot.html)"
94.23.203.52 - - [14/Nov/2024:19:31:54 +0530] "GET /product/122228.html?product_id=492 HTTP/1.1" 200 77380 "-" "Mozilla/5.0 (compatible; MJ12bot/v1.4.8; http://mj12bot.com/)"
185.191.171.8 - - [14/Nov/2024:19:31:56 +0530] "GET /product/K209856?c=20&keyword=freshman HTTP/1.1" 200 77380 "-" "Mozilla/5.0 (compatible; SemrushBot/7~bl; +http://www.semrush.com/bot.html)"
185.191.171.5 - - [14/Nov/2024:19:32:00 +0530] "GET /product/A363350?c=340&keyword=calling HTTP/1.1" 200 77380 "-" "Mozilla/5.0 (compatible; SemrushBot/7~bl; +http://www.semrush.com/bot.html)"
94.23.203.52 - - [14/Nov/2024:19:32:14 +0530] "GET /product/122228.html?product_id=496 HTTP/1.1" 200 77380 "-" "Mozilla/5.0 (compatible; MJ12bot/v1.4.8; http://mj12bot.com/)"
185.191.171.1 - - [14/Nov/2024:19:32:24 +0530] "GET /product/A974402?c=46&keyword=Lincoln HTTP/1.1" 200 77380 "-" "Mozilla/5.0 (compatible; SemrushBot/7~bl; +http://www.semrush.com/bot.html)"
94.23.203.52 - - [14/Nov/2024:19:32:37 +0530] "GET /product/122228.html?product_id=497 HTTP/1.1" 200 77380 "-" "Mozilla/5.0 (compatible; MJ12bot/v1.4.8; http://mj12bot.com/)"
85.208.96.208 - - [14/Nov/2024:19:32:40 +0530] "GET /product/H525571?c=532&keyword=Taipei HTTP/1.1" 200 77380 "-" "Mozilla/5.0 (compatible; SemrushBot/7~bl; +http://www.semrush.com/bot.html)"
66.249.79.37 - - [14/Nov/2024:19:32:47 +0530] "GET /35063313.phtml HTTP/1.1" 404 - "-" "Mozilla/5.0 (Linux; Android 6.0.1; Nexus 5X Build/MMB29P) AppleWebKit/537.36 (KHTML, like Gecko) Chrome/131.0.6778.69 Mobile Safari/537.36 (compatible; Googlebot/2.1; +http://www.google.com/bot.html)"
94.23.203.52 - - [14/Nov/2024:19:32:54 +0530] "GET /product/122228.html?product_id=501 HTTP/1.1" 200 77380 "-" "Mozilla/5.0 (compatible; MJ12bot/v1.4.8; http://mj12bot.com/)"
85.208.96.209 - - [14/Nov/2024:19:32:55 +0530] "GET /product/B331683?c=729&keyword=passivity HTTP/1.1" 200 77380 "-" "Mozilla/5.0 (compatible; SemrushBot/7~bl; +http://www.semrush.com/bot.html)"
185.191.171.13 - - [14/Nov/2024:19:32:58 +0530] "GET /163581741.phtml HTTP/1.1" 404 - "-" "Mozilla/5.0 (compatible; SemrushBot/7~bl; +http://www.semrush.com/bot.html)"
185.191.171.15 - - [14/Nov/2024:19:32:58 +0530] "GET /product/P493183?c=190&keyword=passivity HTTP/1.1" 200 77380 "-" "Mozilla/5.0 (compatible; SemrushBot/7~bl; +http://www.semrush.com/bot.html)"
85.208.96.209 - - [14/Nov/2024:19:33:02 +0530] "GET /product/Z3093?c=23&keyword=influenza HTTP/1.1" 200 77380 "-" "Mozilla/5.0 (compatible; SemrushBot/7~bl; +http://www.semrush.com/bot.html)"
185.191.171.8 - - [14/Nov/2024:19:33:05 +0530] "GET /product/B839697?c=94&keyword=stage HTTP/1.1" 200 77380 "-" "Mozilla/5.0 (compatible; SemrushBot/7~bl; +http://www.semrush.com/bot.html)"
85.208.96.199 - - [14/Nov/2024:19:33:14 +0530] "GET /product/F521695?c=224&keyword=update HTTP/1.1" 200 77380 "-" "Mozilla/5.0 (compatible; SemrushBot/7~bl; +http://www.semrush.com/bot.html)"
94.23.203.52 - - [14/Nov/2024:19:33:18 +0530] "GET /product/122228.html?product_id=502 HTTP/1.1" 200 77380 "-" "Mozilla/5.0 (compatible; MJ12bot/v1.4.8; http://mj12bot.com/)"
94.23.203.52 - - [14/Nov/2024:19:33:36 +0530] "GET /product/122228.html?product_id=505 HTTP/1.1" 200 77380 "-" "Mozilla/5.0 (compatible; MJ12bot/v1.4.8; http://mj12bot.com/)"
85.208.96.207 - - [14/Nov/2024:19:33:38 +0530] "GET /product/L258763?c=591&keyword=tenet HTTP/1.1" 200 77380 "-" "Mozilla/5.0 (compatible; SemrushBot/7~bl; +http://www.semrush.com/bot.html)"
85.208.96.212 - - [14/Nov/2024:19:33:41 +0530] "GET /product/R114391?c=332&keyword=browse HTTP/1.1" 200 77380 "-" "Mozilla/5.0 (compatible; SemrushBot/7~bl; +http://www.semrush.com/bot.html)"
94.23.203.52 - - [14/Nov/2024:19:33:49 +0530] "GET /product/122228.html?product_id=506 HTTP/1.1" 200 77380 "-" "Mozilla/5.0 (compatible; MJ12bot/v1.4.8; http://mj12bot.com/)"
85.208.96.206 - - [14/Nov/2024:19:33:59 +0530] "GET /product/V518773?c=862&keyword=Stanford HTTP/1.1" 200 77380 "-" "Mozilla/5.0 (compatible; SemrushBot/7~bl; +http://www.semrush.com/bot.html)"
94.23.203.52 - - [14/Nov/2024:19:34:07 +0530] "GET /product/122228.html?product_id=508 HTTP/1.1" 200 77380 "-" "Mozilla/5.0 (compatible; MJ12bot/v1.4.8; http://mj12bot.com/)"
85.208.96.201 - - [14/Nov/2024:19:34:21 +0530] "GET /product/C958882?c=552&keyword=insignificant HTTP/1.1" 200 77380 "-" "Mozilla/5.0 (compatible; SemrushBot/7~bl; +http://www.semrush.com/bot.html)"
94.23.203.52 - - [14/Nov/2024:19:34:21 +0530] "GET /product/122228.html?product_id=51 HTTP/1.1" 200 77380 "-" "Mozilla/5.0 (compatible; MJ12bot/v1.4.8; http://mj12bot.com/)"
94.23.203.52 - - [14/Nov/2024:19:34:26 +0530] "GET /product/122228.html?product_id=510 HTTP/1.1" 200 77380 "-" "Mozilla/5.0 (compatible; MJ12bot/v1.4.8; http://mj12bot.com/)"
94.23.203.52 - - [14/Nov/2024:19:34:29 +0530] "GET /product/122228.html?product_id=512 HTTP/1.1" 200 77380 "-" "Mozilla/5.0 (compatible; MJ12bot/v1.4.8; http://mj12bot.com/)"
85.208.96.206 - - [14/Nov/2024:19:34:31 +0530] "GET /product/F795007?c=67&keyword=plaque HTTP/1.1" 200 77380 "-" "Mozilla/5.0 (compatible; SemrushBot/7~bl; +http://www.semrush.com/bot.html)"
94.23.203.52 - - [14/Nov/2024:19:34:32 +0530] "GET /product/122228.html?product_id=514 HTTP/1.1" 200 77380 "-" "Mozilla/5.0 (compatible; MJ12bot/v1.4.8; http://mj12bot.com/)"
94.23.203.52 - - [14/Nov/2024:19:34:35 +0530] "GET /product/122228.html?product_id=517 HTTP/1.1" 200 77380 "-" "Mozilla/5.0 (compatible; MJ12bot/v1.4.8; http://mj12bot.com/)"
94.23.203.52 - - [14/Nov/2024:19:34:42 +0530] "GET /product/122228.html?product_id=519 HTTP/1.1" 200 77380 "-" "Mozilla/5.0 (compatible; MJ12bot/v1.4.8; http://mj12bot.com/)"
85.208.96.202 - - [14/Nov/2024:19:34:46 +0530] "GET /product/H282705?c=324&keyword=kindness HTTP/1.1" 200 77380 "-" "Mozilla/5.0 (compatible; SemrushBot/7~bl; +http://www.semrush.com/bot.html)"
185.191.171.12 - - [14/Nov/2024:19:34:54 +0530] "GET /product/H695897?c=404&keyword=stage HTTP/1.1" 200 77380 "-" "Mozilla/5.0 (compatible; SemrushBot/7~bl; +http://www.semrush.com/bot.html)"
66.249.79.37 - - [14/Nov/2024:19:35:01 +0530] "GET /121115753.phtml HTTP/1.1" 404 - "-" "Mozilla/5.0 (Linux; Android 6.0.1; Nexus 5X Build/MMB29P) AppleWebKit/537.36 (KHTML, like Gecko) Chrome/131.0.6778.69 Mobile Safari/537.36 (compatible; Googlebot/2.1; +http://www.google.com/bot.html)"
94.23.203.52 - - [14/Nov/2024:19:35:01 +0530] "GET /product/122228.html?product_id=52 HTTP/1.1" 200 77380 "-" "Mozilla/5.0 (compatible; MJ12bot/v1.4.8; http://mj12bot.com/)"
85.208.96.197 - - [14/Nov/2024:19:35:02 +0530] "GET /product/R950603?c=593&keyword=assessor HTTP/1.1" 200 77380 "-" "Mozilla/5.0 (compatible; SemrushBot/7~bl; +http://www.semrush.com/bot.html)"
185.191.171.1 - - [14/Nov/2024:19:35:08 +0530] "GET /product/A928200?c=685&keyword=stair HTTP/1.1" 200 77380 "-" "Mozilla/5.0 (compatible; SemrushBot/7~bl; +http://www.semrush.com/bot.html)"
94.23.203.52 - - [14/Nov/2024:19:35:34 +0530] "GET /product/122228.html?product_id=521 HTTP/1.1" 200 77380 "-" "Mozilla/5.0 (compatible; MJ12bot/v1.4.8; http://mj12bot.com/)"
185.191.171.3 - - [14/Nov/2024:19:35:50 +0530] "GET /product/P355591?c=256&keyword=browse HTTP/1.1" 200 77380 "-" "Mozilla/5.0 (compatible; SemrushBot/7~bl; +http://www.semrush.com/bot.html)"
185.191.171.15 - - [14/Nov/2024:19:35:58 +0530] "GET /product/V32469?c=586&keyword=moisture HTTP/1.1" 200 77380 "-" "Mozilla/5.0 (compatible; SemrushBot/7~bl; +http://www.semrush.com/bot.html)"
94.23.203.52 - - [14/Nov/2024:19:35:59 +0530] "GET /product/122228.html?product_id=522 HTTP/1.1" 200 77380 "-" "Mozilla/5.0 (compatible; MJ12bot/v1.4.8; http://mj12bot.com/)"
85.208.96.194 - - [14/Nov/2024:19:36:13 +0530] "GET /product/L248623?c=976&keyword=pompous HTTP/1.1" 200 77380 "-" "Mozilla/5.0 (compatible; SemrushBot/7~bl; +http://www.semrush.com/bot.html)"
94.23.203.52 - - [14/Nov/2024:19:36:13 +0530] "GET /product/122228.html?product_id=524 HTTP/1.1" 200 77380 "-" "Mozilla/5.0 (compatible; MJ12bot/v1.4.8; http://mj12bot.com/)"
85.208.96.197 - - [14/Nov/2024:19:36:17 +0530] "GET /product/I414214?c=957&keyword=recycling HTTP/1.1" 200 77380 "-" "Mozilla/5.0 (compatible; SemrushBot/7~bl; +http://www.semrush.com/bot.html)"
185.191.171.9 - - [14/Nov/2024:19:36:21 +0530] "GET /product/X783689?c=822&keyword=enquire HTTP/1.1" 200 77380 "-" "Mozilla/5.0 (compatible; SemrushBot/7~bl; +http://www.semrush.com/bot.html)"
114.119.138.5 - - [14/Nov/2024:19:36:23 +0530] "GET /subcategory/stud-earrings&page_no=3 HTTP/1.1" 200 165163 "https://www.krishnamexports.com/subcategory/stud-earrings&=1" "Mozilla/5.0 (Linux; Android 7.0;) AppleWebKit/537.36 (KHTML, like Gecko) Mobile Safari/537.36 (compatible; PetalBot;+https://webmaster.petalsearch.com/site/petalbot)"
94.23.203.52 - - [14/Nov/2024:19:36:30 +0530] "GET /product/122228.html?product_id=525 HTTP/1.1" 200 77380 "-" "Mozilla/5.0 (compatible; MJ12bot/v1.4.8; http://mj12bot.com/)"
185.191.171.18 - - [14/Nov/2024:19:36:45 +0530] "GET /121090599.phtml HTTP/1.1" 404 - "-" "Mozilla/5.0 (compatible; SemrushBot/7~bl; +http://www.semrush.com/bot.html)"
94.23.203.52 - - [14/Nov/2024:19:36:51 +0530] "GET /product/122228.html?product_id=526 HTTP/1.1" 200 77380 "-" "Mozilla/5.0 (compatible; MJ12bot/v1.4.8; http://mj12bot.com/)"
85.208.96.208 - - [14/Nov/2024:19:36:59 +0530] "GET /product/I93530?c=778&keyword=navigate HTTP/1.1" 200 77380 "-" "Mozilla/5.0 (compatible; SemrushBot/7~bl; +http://www.semrush.com/bot.html)"
94.23.203.52 - - [14/Nov/2024:19:37:08 +0530] "GET /product/122228.html?product_id=527 HTTP/1.1" 200 77380 "-" "Mozilla/5.0 (compatible; MJ12bot/v1.4.8; http://mj12bot.com/)"
85.208.96.197 - - [14/Nov/2024:19:37:11 +0530] "GET /product/M980628?c=214&keyword=flight HTTP/1.1" 200 77380 "-" "Mozilla/5.0 (compatible; SemrushBot/7~bl; +http://www.semrush.com/bot.html)"
185.191.171.4 - - [14/Nov/2024:19:37:19 +0530] "GET /product/D276331?c=879&keyword=displease HTTP/1.1" 200 77380 "-" "Mozilla/5.0 (compatible; SemrushBot/7~bl; +http://www.semrush.com/bot.html)"
94.23.203.52 - - [14/Nov/2024:19:37:31 +0530] "GET /product/122228.html?product_id=529 HTTP/1.1" 200 77380 "-" "Mozilla/5.0 (compatible; MJ12bot/v1.4.8; http://mj12bot.com/)"
94.23.203.52 - - [14/Nov/2024:19:37:42 +0530] "GET /product/122228.html?product_id=53 HTTP/1.1" 200 77380 "-" "Mozilla/5.0 (compatible; MJ12bot/v1.4.8; http://mj12bot.com/)"
185.191.171.12 - - [14/Nov/2024:19:37:45 +0530] "GET /product/V353803?c=34&keyword=assessor HTTP/1.1" 200 77380 "-" "Mozilla/5.0 (compatible; SemrushBot/7~bl; +http://www.semrush.com/bot.html)"
94.23.203.52 - - [14/Nov/2024:19:37:59 +0530] "GET /product/122228.html?product_id=530 HTTP/1.1" 200 77380 "-" "Mozilla/5.0 (compatible; MJ12bot/v1.4.8; http://mj12bot.com/)"
185.191.171.15 - - [14/Nov/2024:19:38:06 +0530] "GET /product/H779643?c=422&keyword=mobilehome HTTP/1.1" 200 77380 "-" "Mozilla/5.0 (compatible; SemrushBot/7~bl; +http://www.semrush.com/bot.html)"
185.191.171.17 - - [14/Nov/2024:19:38:11 +0530] "GET /product/L563067?c=872&keyword=injure HTTP/1.1" 200 77380 "-" "Mozilla/5.0 (compatible; SemrushBot/7~bl; +http://www.semrush.com/bot.html)"
94.23.203.52 - - [14/Nov/2024:19:38:13 +0530] "GET /product/122228.html?product_id=535 HTTP/1.1" 200 77380 "-" "Mozilla/5.0 (compatible; MJ12bot/v1.4.8; http://mj12bot.com/)"
85.208.96.202 - - [14/Nov/2024:19:38:14 +0530] "GET /product/J777279?c=471&keyword=ordering HTTP/1.1" 200 77380 "-" "Mozilla/5.0 (compatible; SemrushBot/7~bl; +http://www.semrush.com/bot.html)"
185.191.171.4 - - [14/Nov/2024:19:38:22 +0530] "GET /product/C712012?c=749&keyword=monophonic HTTP/1.1" 200 77380 "-" "Mozilla/5.0 (compatible; SemrushBot/7~bl; +http://www.semrush.com/bot.html)"
94.23.203.52 - - [14/Nov/2024:19:38:28 +0530] "GET /product/122228.html?product_id=536 HTTP/1.1" 200 77380 "-" "Mozilla/5.0 (compatible; MJ12bot/v1.4.8; http://mj12bot.com/)"
94.23.203.52 - - [14/Nov/2024:19:38:46 +0530] "GET /product/122228.html?product_id=538 HTTP/1.1" 200 77380 "-" "Mozilla/5.0 (compatible; MJ12bot/v1.4.8; http://mj12bot.com/)"
185.191.171.16 - - [14/Nov/2024:19:38:52 +0530] "GET /product/I527366?c=968&keyword=ramshackle HTTP/1.1" 200 77380 "-" "Mozilla/5.0 (compatible; SemrushBot/7~bl; +http://www.semrush.com/bot.html)"
94.23.203.52 - - [14/Nov/2024:19:38:56 +0530] "GET /product/122228.html?product_id=540 HTTP/1.1" 200 77380 "-" "Mozilla/5.0 (compatible; MJ12bot/v1.4.8; http://mj12bot.com/)"
185.191.171.12 - - [14/Nov/2024:19:38:59 +0530] "GET /product/J446923?c=970&keyword=pompous HTTP/1.1" 200 77380 "-" "Mozilla/5.0 (compatible; SemrushBot/7~bl; +http://www.semrush.com/bot.html)"
95.33.90.18 - - [14/Nov/2024:19:39:02 +0530] "GET / HTTP/1.1" 200 181616 "https://www.google.com/" "Mozilla/5.0 (Windows NT 10.0; Win64; x64; rv:132.0) Gecko/20100101 Firefox/132.0"
95.33.90.18 - - [14/Nov/2024:19:39:03 +0530] "GET /assets/css/vendor/font-awesome.min.css HTTP/1.1" 200 31044 "https://www.krishnamexports.com/" "Mozilla/5.0 (Windows NT 10.0; Win64; x64; rv:132.0) Gecko/20100101 Firefox/132.0"
95.33.90.18 - - [14/Nov/2024:19:39:03 +0530] "GET /assets/css/vendor/bootstrap.min.css HTTP/1.1" 200 155764 "https://www.krishnamexports.com/" "Mozilla/5.0 (Windows NT 10.0; Win64; x64; rv:132.0) Gecko/20100101 Firefox/132.0"
95.33.90.18 - - [14/Nov/2024:19:39:03 +0530] "GET /assets/css/plugins/animate.css HTTP/1.1" 200 59714 "https://www.krishnamexports.com/" "Mozilla/5.0 (Windows NT 10.0; Win64; x64; rv:132.0) Gecko/20100101 Firefox/132.0"
95.33.90.18 - - [14/Nov/2024:19:39:03 +0530] "GET /assets/css/plugins/slick.min.css HTTP/1.1" 200 1284 "https://www.krishnamexports.com/" "Mozilla/5.0 (Windows NT 10.0; Win64; x64; rv:132.0) Gecko/20100101 Firefox/132.0"
95.33.90.18 - - [14/Nov/2024:19:39:03 +0530] "GET /assets/css/plugins/nice-select.css HTTP/1.1" 200 4337 "https://www.krishnamexports.com/" "Mozilla/5.0 (Windows NT 10.0; Win64; x64; rv:132.0) Gecko/20100101 Firefox/132.0"
95.33.90.18 - - [14/Nov/2024:19:39:03 +0530] "GET /assets/css/vendor/pe-icon-7-stroke.css HTTP/1.1" 200 10409 "https://www.krishnamexports.com/" "Mozilla/5.0 (Windows NT 10.0; Win64; x64; rv:132.0) Gecko/20100101 Firefox/132.0"
95.33.90.18 - - [14/Nov/2024:19:39:03 +0530] "GET /assets/css/plugins/jqueryui.min.css HTTP/1.1" 200 15640 "https://www.krishnamexports.com/" "Mozilla/5.0 (Windows NT 10.0; Win64; x64; rv:132.0) Gecko/20100101 Firefox/132.0"
95.33.90.18 - - [14/Nov/2024:19:39:03 +0530] "GET /assets/css/notify.css HTTP/1.1" 200 1123 "https://www.krishnamexports.com/" "Mozilla/5.0 (Windows NT 10.0; Win64; x64; rv:132.0) Gecko/20100101 Firefox/132.0"
95.33.90.18 - - [14/Nov/2024:19:39:03 +0530] "GET /assets/css/style.css HTTP/1.1" 200 161782 "https://www.krishnamexports.com/" "Mozilla/5.0 (Windows NT 10.0; Win64; x64; rv:132.0) Gecko/20100101 Firefox/132.0"
95.33.90.18 - - [14/Nov/2024:19:39:04 +0530] "GET /assets/js/vendor/modernizr-3.6.0.min.js HTTP/1.1" 200 8638 "https://www.krishnamexports.com/" "Mozilla/5.0 (Windows NT 10.0; Win64; x64; rv:132.0) Gecko/20100101 Firefox/132.0"
95.33.90.18 - - [14/Nov/2024:19:39:04 +0530] "GET /assets/js/vendor/popper.min.js HTTP/1.1" 200 20994 "https://www.krishnamexports.com/" "Mozilla/5.0 (Windows NT 10.0; Win64; x64; rv:132.0) Gecko/20100101 Firefox/132.0"
95.33.90.18 - - [14/Nov/2024:19:39:04 +0530] "GET /assets/js/vendor/jquery-3.3.1.min.js HTTP/1.1" 200 86929 "https://www.krishnamexports.com/" "Mozilla/5.0 (Windows NT 10.0; Win64; x64; rv:132.0) Gecko/20100101 Firefox/132.0"
95.33.90.18 - - [14/Nov/2024:19:39:04 +0530] "GET /assets/js/vendor/bootstrap.min.js HTTP/1.1" 200 55781 "https://www.krishnamexports.com/" "Mozilla/5.0 (Windows NT 10.0; Win64; x64; rv:132.0) Gecko/20100101 Firefox/132.0"
95.33.90.18 - - [14/Nov/2024:19:39:04 +0530] "GET /assets/js/plugins/slick.min.js HTTP/1.1" 200 43898 "https://www.krishnamexports.com/" "Mozilla/5.0 (Windows NT 10.0; Win64; x64; rv:132.0) Gecko/20100101 Firefox/132.0"
95.33.90.18 - - [14/Nov/2024:19:39:04 +0530] "GET /assets/js/plugins/countdown.min.js HTTP/1.1" 200 4293 "https://www.krishnamexports.com/" "Mozilla/5.0 (Windows NT 10.0; Win64; x64; rv:132.0) Gecko/20100101 Firefox/132.0"
95.33.90.18 - - [14/Nov/2024:19:39:04 +0530] "GET /assets/js/plugins/nice-select.min.js HTTP/1.1" 200 2945 "https://www.krishnamexports.com/" "Mozilla/5.0 (Windows NT 10.0; Win64; x64; rv:132.0) Gecko/20100101 Firefox/132.0"
95.33.90.18 - - [14/Nov/2024:19:39:04 +0530] "GET /assets/js/plugins/jqueryui.min.js HTTP/1.1" 200 22237 "https://www.krishnamexports.com/" "Mozilla/5.0 (Windows NT 10.0; Win64; x64; rv:132.0) Gecko/20100101 Firefox/132.0"
95.33.90.18 - - [14/Nov/2024:19:39:04 +0530] "GET /assets/js/plugins/image-zoom.min.js HTTP/1.1" 200 2626 "https://www.krishnamexports.com/" "Mozilla/5.0 (Windows NT 10.0; Win64; x64; rv:132.0) Gecko/20100101 Firefox/132.0"
95.33.90.18 - - [14/Nov/2024:19:39:04 +0530] "GET /assets/js/plugins/instagramfeed.min.js HTTP/1.1" 200 6812 "https://www.krishnamexports.com/" "Mozilla/5.0 (Windows NT 10.0; Win64; x64; rv:132.0) Gecko/20100101 Firefox/132.0"
95.33.90.18 - - [14/Nov/2024:19:39:04 +0530] "GET /assets/js/plugins/imagesloaded.pkgd.min.js HTTP/1.1" 200 5600 "https://www.krishnamexports.com/" "Mozilla/5.0 (Windows NT 10.0; Win64; x64; rv:132.0) Gecko/20100101 Firefox/132.0"
95.33.90.18 - - [14/Nov/2024:19:39:04 +0530] "GET /assets/js/plugins/ajaxchimp.js HTTP/1.1" 200 2545 "https://www.krishnamexports.com/" "Mozilla/5.0 (Windows NT 10.0; Win64; x64; rv:132.0) Gecko/20100101 Firefox/132.0"
95.33.90.18 - - [14/Nov/2024:19:39:04 +0530] "GET /assets/js/plugins/ajax-mail.js HTTP/1.1" 200 1342 "https://www.krishnamexports.com/" "Mozilla/5.0 (Windows NT 10.0; Win64; x64; rv:132.0) Gecko/20100101 Firefox/132.0"
95.33.90.18 - - [14/Nov/2024:19:39:04 +0530] "GET /assets/js/plugins/google-map.js HTTP/1.1" 200 4464 "https://www.krishnamexports.com/" "Mozilla/5.0 (Windows NT 10.0; Win64; x64; rv:132.0) Gecko/20100101 Firefox/132.0"
95.33.90.18 - - [14/Nov/2024:19:39:04 +0530] "GET /assets/js/main.js HTTP/1.1" 200 18654 "https://www.krishnamexports.com/" "Mozilla/5.0 (Windows NT 10.0; Win64; x64; rv:132.0) Gecko/20100101 Firefox/132.0"
95.33.90.18 - - [14/Nov/2024:19:39:04 +0530] "GET /js/blockui.min.js HTTP/1.1" 200 9164 "https://www.krishnamexports.com/" "Mozilla/5.0 (Windows NT 10.0; Win64; x64; rv:132.0) Gecko/20100101 Firefox/132.0"
95.33.90.18 - - [14/Nov/2024:19:39:04 +0530] "GET /js/function.js HTTP/1.1" 200 15257 "https://www.krishnamexports.com/" "Mozilla/5.0 (Windows NT 10.0; Win64; x64; rv:132.0) Gecko/20100101 Firefox/132.0"
95.33.90.18 - - [14/Nov/2024:19:39:04 +0530] "GET /home_setting/ring.jpg HTTP/1.1" 200 77710 "https://www.krishnamexports.com/" "Mozilla/5.0 (Windows NT 10.0; Win64; x64; rv:132.0) Gecko/20100101 Firefox/132.0"
95.33.90.18 - - [14/Nov/2024:19:39:04 +0530] "GET /logo/8.png HTTP/1.1" 200 45961 "https://www.krishnamexports.com/" "Mozilla/5.0 (Windows NT 10.0; Win64; x64; rv:132.0) Gecko/20100101 Firefox/132.0"
95.33.90.18 - - [14/Nov/2024:19:39:04 +0530] "GET /home_setting/earring.jpg HTTP/1.1" 200 61896 "https://www.krishnamexports.com/" "Mozilla/5.0 (Windows NT 10.0; Win64; x64; rv:132.0) Gecko/20100101 Firefox/132.0"
95.33.90.18 - - [14/Nov/2024:19:39:04 +0530] "GET /home_setting/pendant.jpg HTTP/1.1" 200 80511 "https://www.krishnamexports.com/" "Mozilla/5.0 (Windows NT 10.0; Win64; x64; rv:132.0) Gecko/20100101 Firefox/132.0"
95.33.90.18 - - [14/Nov/2024:19:39:04 +0530] "GET /home_setting/set.jpg HTTP/1.1" 200 71163 "https://www.krishnamexports.com/" "Mozilla/5.0 (Windows NT 10.0; Win64; x64; rv:132.0) Gecko/20100101 Firefox/132.0"
95.33.90.18 - - [14/Nov/2024:19:39:04 +0530] "GET /home_setting/bangles.jpg HTTP/1.1" 200 54587 "https://www.krishnamexports.com/" "Mozilla/5.0 (Windows NT 10.0; Win64; x64; rv:132.0) Gecko/20100101 Firefox/132.0"
95.33.90.18 - - [14/Nov/2024:19:39:04 +0530] "GET /home_setting/cufflink.jpg HTTP/1.1" 200 67075 "https://www.krishnamexports.com/" "Mozilla/5.0 (Windows NT 10.0; Win64; x64; rv:132.0) Gecko/20100101 Firefox/132.0"
95.33.90.18 - - [14/Nov/2024:19:39:04 +0530] "GET /images/diamond/1.jpeg HTTP/1.1" 200 9707 "https://www.krishnamexports.com/" "Mozilla/5.0 (Windows NT 10.0; Win64; x64; rv:132.0) Gecko/20100101 Firefox/132.0"
95.33.90.18 - - [14/Nov/2024:19:39:04 +0530] "GET /images/diamond/2.jpeg HTTP/1.1" 200 17670 "https://www.krishnamexports.com/" "Mozilla/5.0 (Windows NT 10.0; Win64; x64; rv:132.0) Gecko/20100101 Firefox/132.0"
95.33.90.18 - - [14/Nov/2024:19:39:05 +0530] "GET /images/diamond/3.jpeg HTTP/1.1" 200 17313 "https://www.krishnamexports.com/" "Mozilla/5.0 (Windows NT 10.0; Win64; x64; rv:132.0) Gecko/20100101 Firefox/132.0"
95.33.90.18 - - [14/Nov/2024:19:39:05 +0530] "GET /images/diamond/5.jpeg HTTP/1.1" 200 14132 "https://www.krishnamexports.com/" "Mozilla/5.0 (Windows NT 10.0; Win64; x64; rv:132.0) Gecko/20100101 Firefox/132.0"
95.33.90.18 - - [14/Nov/2024:19:39:05 +0530] "GET /images/diamond/4.jpeg HTTP/1.1" 200 11948 "https://www.krishnamexports.com/" "Mozilla/5.0 (Windows NT 10.0; Win64; x64; rv:132.0) Gecko/20100101 Firefox/132.0"
95.33.90.18 - - [14/Nov/2024:19:39:05 +0530] "GET /images/diamond/6.jpeg HTTP/1.1" 200 9190 "https://www.krishnamexports.com/" "Mozilla/5.0 (Windows NT 10.0; Win64; x64; rv:132.0) Gecko/20100101 Firefox/132.0"
95.33.90.18 - - [14/Nov/2024:19:39:05 +0530] "GET /images/gold/1.jpeg HTTP/1.1" 200 21933 "https://www.krishnamexports.com/" "Mozilla/5.0 (Windows NT 10.0; Win64; x64; rv:132.0) Gecko/20100101 Firefox/132.0"
95.33.90.18 - - [14/Nov/2024:19:39:05 +0530] "GET /assets/fonts/fontawesome-webfont3e6e.woff2?v=4.7.0 HTTP/1.1" 200 77160 "https://www.krishnamexports.com/assets/css/vendor/font-awesome.min.css" "Mozilla/5.0 (Windows NT 10.0; Win64; x64; rv:132.0) Gecko/20100101 Firefox/132.0"
95.33.90.18 - - [14/Nov/2024:19:39:05 +0530] "GET /assets/fonts/Pe-icon-7-strokebb1d.woff?d7yf1v HTTP/1.1" 200 58556 "https://www.krishnamexports.com/assets/css/vendor/pe-icon-7-stroke.css" "Mozilla/5.0 (Windows NT 10.0; Win64; x64; rv:132.0) Gecko/20100101 Firefox/132.0"
95.33.90.18 - - [14/Nov/2024:19:39:05 +0530] "GET /images/gold/2.jpeg HTTP/1.1" 200 12896 "https://www.krishnamexports.com/" "Mozilla/5.0 (Windows NT 10.0; Win64; x64; rv:132.0) Gecko/20100101 Firefox/132.0"
95.33.90.18 - - [14/Nov/2024:19:39:05 +0530] "GET /images/gold/3.jpeg HTTP/1.1" 200 12594 "https://www.krishnamexports.com/" "Mozilla/5.0 (Windows NT 10.0; Win64; x64; rv:132.0) Gecko/20100101 Firefox/132.0"
95.33.90.18 - - [14/Nov/2024:19:39:05 +0530] "GET /images/gold/4.jpeg HTTP/1.1" 200 10019 "https://www.krishnamexports.com/" "Mozilla/5.0 (Windows NT 10.0; Win64; x64; rv:132.0) Gecko/20100101 Firefox/132.0"
95.33.90.18 - - [14/Nov/2024:19:39:04 +0530] "GET /userfiles/PhotoRoom-20230711_185806.png HTTP/1.1" 200 1144200 "https://www.krishnamexports.com/" "Mozilla/5.0 (Windows NT 10.0; Win64; x64; rv:132.0) Gecko/20100101 Firefox/132.0"
95.33.90.18 - - [14/Nov/2024:19:39:05 +0530] "GET /images/gold/5.jpeg HTTP/1.1" 200 13192 "https://www.krishnamexports.com/" "Mozilla/5.0 (Windows NT 10.0; Win64; x64; rv:132.0) Gecko/20100101 Firefox/132.0"
95.33.90.18 - - [14/Nov/2024:19:39:05 +0530] "GET /images/gold/6.jpeg HTTP/1.1" 200 25690 "https://www.krishnamexports.com/" "Mozilla/5.0 (Windows NT 10.0; Win64; x64; rv:132.0) Gecko/20100101 Firefox/132.0"
95.33.90.18 - - [14/Nov/2024:19:39:05 +0530] "GET /images/silver/1.jpeg HTTP/1.1" 200 15534 "https://www.krishnamexports.com/" "Mozilla/5.0 (Windows NT 10.0; Win64; x64; rv:132.0) Gecko/20100101 Firefox/132.0"
95.33.90.18 - - [14/Nov/2024:19:39:05 +0530] "GET /images/silver/2.jpeg HTTP/1.1" 200 19078 "https://www.krishnamexports.com/" "Mozilla/5.0 (Windows NT 10.0; Win64; x64; rv:132.0) Gecko/20100101 Firefox/132.0"
95.33.90.18 - - [14/Nov/2024:19:39:05 +0530] "GET /images/silver/3.jpeg HTTP/1.1" 200 9613 "https://www.krishnamexports.com/" "Mozilla/5.0 (Windows NT 10.0; Win64; x64; rv:132.0) Gecko/20100101 Firefox/132.0"
95.33.90.18 - - [14/Nov/2024:19:39:05 +0530] "GET /images/silver/5.jpeg HTTP/1.1" 200 14613 "https://www.krishnamexports.com/" "Mozilla/5.0 (Windows NT 10.0; Win64; x64; rv:132.0) Gecko/20100101 Firefox/132.0"
95.33.90.18 - - [14/Nov/2024:19:39:05 +0530] "GET /images/silver/4.jpeg HTTP/1.1" 200 11639 "https://www.krishnamexports.com/" "Mozilla/5.0 (Windows NT 10.0; Win64; x64; rv:132.0) Gecko/20100101 Firefox/132.0"
95.33.90.18 - - [14/Nov/2024:19:39:05 +0530] "GET /images/silver/6.jpeg HTTP/1.1" 200 10265 "https://www.krishnamexports.com/" "Mozilla/5.0 (Windows NT 10.0; Win64; x64; rv:132.0) Gecko/20100101 Firefox/132.0"
95.33.90.18 - - [14/Nov/2024:19:39:05 +0530] "GET /images/chain/3.jpeg HTTP/1.1" 200 8144 "https://www.krishnamexports.com/" "Mozilla/5.0 (Windows NT 10.0; Win64; x64; rv:132.0) Gecko/20100101 Firefox/132.0"
95.33.90.18 - - [14/Nov/2024:19:39:05 +0530] "GET /images/chain/2.jpeg HTTP/1.1" 200 10206 "https://www.krishnamexports.com/" "Mozilla/5.0 (Windows NT 10.0; Win64; x64; rv:132.0) Gecko/20100101 Firefox/132.0"
95.33.90.18 - - [14/Nov/2024:19:39:05 +0530] "GET /images/chain/4.jpeg HTTP/1.1" 200 8290 "https://www.krishnamexports.com/" "Mozilla/5.0 (Windows NT 10.0; Win64; x64; rv:132.0) Gecko/20100101 Firefox/132.0"
95.33.90.18 - - [14/Nov/2024:19:39:05 +0530] "GET /images/chain/6.jpeg HTTP/1.1" 200 8582 "https://www.krishnamexports.com/" "Mozilla/5.0 (Windows NT 10.0; Win64; x64; rv:132.0) Gecko/20100101 Firefox/132.0"
95.33.90.18 - - [14/Nov/2024:19:39:05 +0530] "GET /images/chain/5.jpeg HTTP/1.1" 200 11647 "https://www.krishnamexports.com/" "Mozilla/5.0 (Windows NT 10.0; Win64; x64; rv:132.0) Gecko/20100101 Firefox/132.0"
95.33.90.18 - - [14/Nov/2024:19:39:05 +0530] "GET /images/chain/7.jpeg HTTP/1.1" 200 10952 "https://www.krishnamexports.com/" "Mozilla/5.0 (Windows NT 10.0; Win64; x64; rv:132.0) Gecko/20100101 Firefox/132.0"
95.33.90.18 - - [14/Nov/2024:19:39:05 +0530] "GET /images/gemstones/1.jpeg HTTP/1.1" 200 6947 "https://www.krishnamexports.com/" "Mozilla/5.0 (Windows NT 10.0; Win64; x64; rv:132.0) Gecko/20100101 Firefox/132.0"
95.33.90.18 - - [14/Nov/2024:19:39:05 +0530] "GET /images/gemstones/2.jpeg HTTP/1.1" 200 19799 "https://www.krishnamexports.com/" "Mozilla/5.0 (Windows NT 10.0; Win64; x64; rv:132.0) Gecko/20100101 Firefox/132.0"
95.33.90.18 - - [14/Nov/2024:19:39:05 +0530] "GET /slider/PhotoRoom-20230711_185956.png HTTP/1.1" 200 860313 "https://www.krishnamexports.com/" "Mozilla/5.0 (Windows NT 10.0; Win64; x64; rv:132.0) Gecko/20100101 Firefox/132.0"
95.33.90.18 - - [14/Nov/2024:19:39:05 +0530] "GET /images/gemstones/3.jpeg HTTP/1.1" 200 26989 "https://www.krishnamexports.com/" "Mozilla/5.0 (Windows NT 10.0; Win64; x64; rv:132.0) Gecko/20100101 Firefox/132.0"
95.33.90.18 - - [14/Nov/2024:19:39:05 +0530] "GET /images/gemstones/4.jpeg HTTP/1.1" 200 18763 "https://www.krishnamexports.com/" "Mozilla/5.0 (Windows NT 10.0; Win64; x64; rv:132.0) Gecko/20100101 Firefox/132.0"
95.33.90.18 - - [14/Nov/2024:19:39:05 +0530] "GET /images/gemstones/6.jpeg HTTP/1.1" 200 14114 "https://www.krishnamexports.com/" "Mozilla/5.0 (Windows NT 10.0; Win64; x64; rv:132.0) Gecko/20100101 Firefox/132.0"
95.33.90.18 - - [14/Nov/2024:19:39:05 +0530] "GET /images/gemstones/5.jpeg HTTP/1.1" 200 16182 "https://www.krishnamexports.com/" "Mozilla/5.0 (Windows NT 10.0; Win64; x64; rv:132.0) Gecko/20100101 Firefox/132.0"
95.33.90.18 - - [14/Nov/2024:19:39:05 +0530] "GET /images/fashion/1.jpeg HTTP/1.1" 200 11089 "https://www.krishnamexports.com/" "Mozilla/5.0 (Windows NT 10.0; Win64; x64; rv:132.0) Gecko/20100101 Firefox/132.0"
185.191.171.10 - - [14/Nov/2024:19:39:05 +0530] "GET /product/U474442?c=129&keyword=response HTTP/1.1" 200 77380 "-" "Mozilla/5.0 (compatible; SemrushBot/7~bl; +http://www.semrush.com/bot.html)"
95.33.90.18 - - [14/Nov/2024:19:39:06 +0530] "GET /images/fashion/2.jpeg HTTP/1.1" 200 12169 "https://www.krishnamexports.com/" "Mozilla/5.0 (Windows NT 10.0; Win64; x64; rv:132.0) Gecko/20100101 Firefox/132.0"
95.33.90.18 - - [14/Nov/2024:19:39:06 +0530] "GET /images/fashion/3.jpeg HTTP/1.1" 200 8734 "https://www.krishnamexports.com/" "Mozilla/5.0 (Windows NT 10.0; Win64; x64; rv:132.0) Gecko/20100101 Firefox/132.0"
95.33.90.18 - - [14/Nov/2024:19:39:06 +0530] "GET /images/fashion/4.jpeg HTTP/1.1" 200 8669 "https://www.krishnamexports.com/" "Mozilla/5.0 (Windows NT 10.0; Win64; x64; rv:132.0) Gecko/20100101 Firefox/132.0"
95.33.90.18 - - [14/Nov/2024:19:39:06 +0530] "GET /images/fashion/5.jpeg HTTP/1.1" 200 10451 "https://www.krishnamexports.com/" "Mozilla/5.0 (Windows NT 10.0; Win64; x64; rv:132.0) Gecko/20100101 Firefox/132.0"
95.33.90.18 - - [14/Nov/2024:19:39:06 +0530] "GET /images/fashion/6.jpeg HTTP/1.1" 200 20355 "https://www.krishnamexports.com/" "Mozilla/5.0 (Windows NT 10.0; Win64; x64; rv:132.0) Gecko/20100101 Firefox/132.0"
95.33.90.18 - - [14/Nov/2024:19:39:06 +0530] "GET /categorys/cat-1.jpg HTTP/1.1" 200 114216 "https://www.krishnamexports.com/" "Mozilla/5.0 (Windows NT 10.0; Win64; x64; rv:132.0) Gecko/20100101 Firefox/132.0"
95.33.90.18 - - [14/Nov/2024:19:39:06 +0530] "GET /categorys/8.jpg HTTP/1.1" 200 96106 "https://www.krishnamexports.com/" "Mozilla/5.0 (Windows NT 10.0; Win64; x64; rv:132.0) Gecko/20100101 Firefox/132.0"
95.33.90.18 - - [14/Nov/2024:19:39:06 +0530] "GET /categorys/9.jpg HTTP/1.1" 200 65665 "https://www.krishnamexports.com/" "Mozilla/5.0 (Windows NT 10.0; Win64; x64; rv:132.0) Gecko/20100101 Firefox/132.0"
95.33.90.18 - - [14/Nov/2024:19:39:06 +0530] "GET /categorys/7.jpg HTTP/1.1" 200 63626 "https://www.krishnamexports.com/" "Mozilla/5.0 (Windows NT 10.0; Win64; x64; rv:132.0) Gecko/20100101 Firefox/132.0"
95.33.90.18 - - [14/Nov/2024:19:39:06 +0530] "GET /categorys/cat-2.jpg HTTP/1.1" 200 72391 "https://www.krishnamexports.com/" "Mozilla/5.0 (Windows NT 10.0; Win64; x64; rv:132.0) Gecko/20100101 Firefox/132.0"
95.33.90.18 - - [14/Nov/2024:19:39:06 +0530] "GET /categorys/cat-8.jpg HTTP/1.1" 200 70542 "https://www.krishnamexports.com/" "Mozilla/5.0 (Windows NT 10.0; Win64; x64; rv:132.0) Gecko/20100101 Firefox/132.0"
95.33.90.18 - - [14/Nov/2024:19:39:07 +0530] "GET /categorys/10.jpg HTTP/1.1" 200 82575 "https://www.krishnamexports.com/" "Mozilla/5.0 (Windows NT 10.0; Win64; x64; rv:132.0) Gecko/20100101 Firefox/132.0"
95.33.90.18 - - [14/Nov/2024:19:39:07 +0530] "GET /categorys/sets.jpg HTTP/1.1" 200 60546 "https://www.krishnamexports.com/" "Mozilla/5.0 (Windows NT 10.0; Win64; x64; rv:132.0) Gecko/20100101 Firefox/132.0"
95.33.90.18 - - [14/Nov/2024:19:39:07 +0530] "GET /testimonial/316HGjHjW4L._SL1024_.jpg HTTP/1.1" 200 13679 "https://www.krishnamexports.com/" "Mozilla/5.0 (Windows NT 10.0; Win64; x64; rv:132.0) Gecko/20100101 Firefox/132.0"
95.33.90.18 - - [14/Nov/2024:19:39:07 +0530] "GET /assets/img/banner/popup-img.jpg HTTP/1.1" 200 63173 "https://www.krishnamexports.com/" "Mozilla/5.0 (Windows NT 10.0; Win64; x64; rv:132.0) Gecko/20100101 Firefox/132.0"
95.33.90.18 - - [14/Nov/2024:19:39:07 +0530] "GET /assets/img/footer1.png HTTP/1.1" 200 8576 "https://www.krishnamexports.com/" "Mozilla/5.0 (Windows NT 10.0; Win64; x64; rv:132.0) Gecko/20100101 Firefox/132.0"
95.33.90.18 - - [14/Nov/2024:19:39:07 +0530] "GET /assets/img/pay-1.png HTTP/1.1" 200 12720 "https://www.krishnamexports.com/" "Mozilla/5.0 (Windows NT 10.0; Win64; x64; rv:132.0) Gecko/20100101 Firefox/132.0"
95.33.90.18 - - [14/Nov/2024:19:39:07 +0530] "GET /assets/img/pay-2.png HTTP/1.1" 200 13562 "https://www.krishnamexports.com/" "Mozilla/5.0 (Windows NT 10.0; Win64; x64; rv:132.0) Gecko/20100101 Firefox/132.0"
95.33.90.18 - - [14/Nov/2024:19:39:07 +0530] "GET /assets/img/pay-3.png HTTP/1.1" 200 11916 "https://www.krishnamexports.com/" "Mozilla/5.0 (Windows NT 10.0; Win64; x64; rv:132.0) Gecko/20100101 Firefox/132.0"
95.33.90.18 - - [14/Nov/2024:19:39:07 +0530] "GET /userfiles/Gemstones%20Cutiing(2).png HTTP/1.1" 200 108363 "https://www.krishnamexports.com/" "Mozilla/5.0 (Windows NT 10.0; Win64; x64; rv:132.0) Gecko/20100101 Firefox/132.0"
95.33.90.18 - - [14/Nov/2024:19:39:07 +0530] "GET /assets/img/icon/empty-cart.png HTTP/1.1" 200 4605 "https://www.krishnamexports.com/" "Mozilla/5.0 (Windows NT 10.0; Win64; x64; rv:132.0) Gecko/20100101 Firefox/132.0"
95.33.90.18 - - [14/Nov/2024:19:39:07 +0530] "GET /userfiles/jewelry%20Manufacturing(1).jpeg HTTP/1.1" 200 20596 "https://www.krishnamexports.com/" "Mozilla/5.0 (Windows NT 10.0; Win64; x64; rv:132.0) Gecko/20100101 Firefox/132.0"
95.33.90.18 - - [14/Nov/2024:19:39:07 +0530] "GET /userfiles/Laser%20Marking(2).jpg HTTP/1.1" 200 13219 "https://www.krishnamexports.com/" "Mozilla/5.0 (Windows NT 10.0; Win64; x64; rv:132.0) Gecko/20100101 Firefox/132.0"
95.33.90.18 - - [14/Nov/2024:19:39:07 +0530] "GET /userfiles/quality%20check(2).jpg HTTP/1.1" 200 28605 "https://www.krishnamexports.com/" "Mozilla/5.0 (Windows NT 10.0; Win64; x64; rv:132.0) Gecko/20100101 Firefox/132.0"
95.33.90.18 - - [14/Nov/2024:19:39:07 +0530] "GET /products/CS6902.jpg HTTP/1.1" 200 82023 "https://www.krishnamexports.com/" "Mozilla/5.0 (Windows NT 10.0; Win64; x64; rv:132.0) Gecko/20100101 Firefox/132.0"
95.33.90.18 - - [14/Nov/2024:19:39:07 +0530] "GET /products/CS6901.jpg HTTP/1.1" 200 10460 "https://www.krishnamexports.com/" "Mozilla/5.0 (Windows NT 10.0; Win64; x64; rv:132.0) Gecko/20100101 Firefox/132.0"
95.33.90.18 - - [14/Nov/2024:19:39:07 +0530] "GET /products/CS6903.jpg HTTP/1.1" 200 4963 "https://www.krishnamexports.com/" "Mozilla/5.0 (Windows NT 10.0; Win64; x64; rv:132.0) Gecko/20100101 Firefox/132.0"
95.33.90.18 - - [14/Nov/2024:19:39:07 +0530] "GET /products/CS6905.jpg HTTP/1.1" 200 12763 "https://www.krishnamexports.com/" "Mozilla/5.0 (Windows NT 10.0; Win64; x64; rv:132.0) Gecko/20100101 Firefox/132.0"
95.33.90.18 - - [14/Nov/2024:19:39:07 +0530] "GET /products/CS6907.jpg HTTP/1.1" 200 10770 "https://www.krishnamexports.com/" "Mozilla/5.0 (Windows NT 10.0; Win64; x64; rv:132.0) Gecko/20100101 Firefox/132.0"
95.33.90.18 - - [14/Nov/2024:19:39:07 +0530] "GET /products/CS6908.jpg HTTP/1.1" 200 10840 "https://www.krishnamexports.com/" "Mozilla/5.0 (Windows NT 10.0; Win64; x64; rv:132.0) Gecko/20100101 Firefox/132.0"
95.33.90.18 - - [14/Nov/2024:19:39:07 +0530] "GET /products/CS6904.jpg HTTP/1.1" 200 18877 "https://www.krishnamexports.com/" "Mozilla/5.0 (Windows NT 10.0; Win64; x64; rv:132.0) Gecko/20100101 Firefox/132.0"
95.33.90.18 - - [14/Nov/2024:19:39:07 +0530] "GET /products/CS6909.jpeg HTTP/1.1" 200 371749 "https://www.krishnamexports.com/" "Mozilla/5.0 (Windows NT 10.0; Win64; x64; rv:132.0) Gecko/20100101 Firefox/132.0"
95.33.90.18 - - [14/Nov/2024:19:39:07 +0530] "GET /products/CS6910.jpg HTTP/1.1" 200 35601 "https://www.krishnamexports.com/" "Mozilla/5.0 (Windows NT 10.0; Win64; x64; rv:132.0) Gecko/20100101 Firefox/132.0"
95.33.90.18 - - [14/Nov/2024:19:39:07 +0530] "GET /products/818321403_STK579.jpg HTTP/1.1" 200 19402 "https://www.krishnamexports.com/" "Mozilla/5.0 (Windows NT 10.0; Win64; x64; rv:132.0) Gecko/20100101 Firefox/132.0"
95.33.90.18 - - [14/Nov/2024:19:39:07 +0530] "GET /products/CS6911.jpg HTTP/1.1" 200 122185 "https://www.krishnamexports.com/" "Mozilla/5.0 (Windows NT 10.0; Win64; x64; rv:132.0) Gecko/20100101 Firefox/132.0"
95.33.90.18 - - [14/Nov/2024:19:39:07 +0530] "GET /products/1267829313_STK578.jpg HTTP/1.1" 200 18602 "https://www.krishnamexports.com/" "Mozilla/5.0 (Windows NT 10.0; Win64; x64; rv:132.0) Gecko/20100101 Firefox/132.0"
95.33.90.18 - - [14/Nov/2024:19:39:07 +0530] "GET /products/1754290454_STK577.jpg HTTP/1.1" 200 28361 "https://www.krishnamexports.com/" "Mozilla/5.0 (Windows NT 10.0; Win64; x64; rv:132.0) Gecko/20100101 Firefox/132.0"
95.33.90.18 - - [14/Nov/2024:19:39:07 +0530] "GET /products/74129004_STK576.jpg HTTP/1.1" 200 54126 "https://www.krishnamexports.com/" "Mozilla/5.0 (Windows NT 10.0; Win64; x64; rv:132.0) Gecko/20100101 Firefox/132.0"
95.33.90.18 - - [14/Nov/2024:19:39:07 +0530] "GET /products/1828253687_STK575.jpg HTTP/1.1" 200 25164 "https://www.krishnamexports.com/" "Mozilla/5.0 (Windows NT 10.0; Win64; x64; rv:132.0) Gecko/20100101 Firefox/132.0"
95.33.90.18 - - [14/Nov/2024:19:39:07 +0530] "GET /products/1203905326_STK573.jpg HTTP/1.1" 200 27467 "https://www.krishnamexports.com/" "Mozilla/5.0 (Windows NT 10.0; Win64; x64; rv:132.0) Gecko/20100101 Firefox/132.0"
95.33.90.18 - - [14/Nov/2024:19:39:08 +0530] "GET /products/1825569783_STK572.jpg HTTP/1.1" 200 61142 "https://www.krishnamexports.com/" "Mozilla/5.0 (Windows NT 10.0; Win64; x64; rv:132.0) Gecko/20100101 Firefox/132.0"
95.33.90.18 - - [14/Nov/2024:19:39:08 +0530] "GET /products/32528781_STK571.jpg HTTP/1.1" 200 73712 "https://www.krishnamexports.com/" "Mozilla/5.0 (Windows NT 10.0; Win64; x64; rv:132.0) Gecko/20100101 Firefox/132.0"
95.33.90.18 - - [14/Nov/2024:19:39:08 +0530] "GET /products/1250468670_STK570.jpg HTTP/1.1" 200 30809 "https://www.krishnamexports.com/" "Mozilla/5.0 (Windows NT 10.0; Win64; x64; rv:132.0) Gecko/20100101 Firefox/132.0"
95.33.90.18 - - [14/Nov/2024:19:39:07 +0530] "GET /products/668143711_STK574.jpg HTTP/1.1" 200 174633 "https://www.krishnamexports.com/" "Mozilla/5.0 (Windows NT 10.0; Win64; x64; rv:132.0) Gecko/20100101 Firefox/132.0"
95.33.90.18 - - [14/Nov/2024:19:39:08 +0530] "GET /products/CR6935.jpg HTTP/1.1" 200 66633 "https://www.krishnamexports.com/" "Mozilla/5.0 (Windows NT 10.0; Win64; x64; rv:132.0) Gecko/20100101 Firefox/132.0"
95.33.90.18 - - [14/Nov/2024:19:39:08 +0530] "GET /products/CR6937.jpg HTTP/1.1" 200 63994 "https://www.krishnamexports.com/" "Mozilla/5.0 (Windows NT 10.0; Win64; x64; rv:132.0) Gecko/20100101 Firefox/132.0"
95.33.90.18 - - [14/Nov/2024:19:39:08 +0530] "GET /products/SEG3856.jpg HTTP/1.1" 200 50272 "https://www.krishnamexports.com/" "Mozilla/5.0 (Windows NT 10.0; Win64; x64; rv:132.0) Gecko/20100101 Firefox/132.0"
95.33.90.18 - - [14/Nov/2024:19:39:08 +0530] "GET /products/P80185.jpg HTTP/1.1" 200 41411 "https://www.krishnamexports.com/" "Mozilla/5.0 (Windows NT 10.0; Win64; x64; rv:132.0) Gecko/20100101 Firefox/132.0"
95.33.90.18 - - [14/Nov/2024:19:39:08 +0530] "GET /assets/img/icon/cancel.png HTTP/1.1" 200 187 "https://www.krishnamexports.com/assets/css/style.css" "Mozilla/5.0 (Windows NT 10.0; Win64; x64; rv:132.0) Gecko/20100101 Firefox/132.0"
95.33.90.18 - - [14/Nov/2024:19:39:08 +0530] "GET /undefined HTTP/1.1" 404 - "https://www.krishnamexports.com/" "Mozilla/5.0 (Windows NT 10.0; Win64; x64; rv:132.0) Gecko/20100101 Firefox/132.0"
95.33.90.18 - - [14/Nov/2024:19:39:08 +0530] "GET /assets/img/whatsapp-icon.png HTTP/1.1" 200 29635 "https://www.krishnamexports.com/" "Mozilla/5.0 (Windows NT 10.0; Win64; x64; rv:132.0) Gecko/20100101 Firefox/132.0"
95.33.90.18 - - [14/Nov/2024:19:39:08 +0530] "GET /logo/fav.png HTTP/1.1" 200 1149 "https://www.krishnamexports.com/" "Mozilla/5.0 (Windows NT 10.0; Win64; x64; rv:132.0) Gecko/20100101 Firefox/132.0"
185.191.171.1 - - [14/Nov/2024:19:39:08 +0530] "GET /product/S875152?c=178&keyword=stepchild HTTP/1.1" 200 77380 "-" "Mozilla/5.0 (compatible; SemrushBot/7~bl; +http://www.semrush.com/bot.html)"
94.23.203.52 - - [14/Nov/2024:19:39:09 +0530] "GET /product/122228.html?product_id=545 HTTP/1.1" 200 77380 "-" "Mozilla/5.0 (compatible; MJ12bot/v1.4.8; http://mj12bot.com/)"
85.208.96.211 - - [14/Nov/2024:19:39:17 +0530] "GET /product/T649083?c=911&keyword=passivity HTTP/1.1" 200 77380 "-" "Mozilla/5.0 (compatible; SemrushBot/7~bl; +http://www.semrush.com/bot.html)"
94.23.203.52 - - [14/Nov/2024:19:39:22 +0530] "GET /product/122228.html?product_id=546 HTTP/1.1" 200 77380 "-" "Mozilla/5.0 (compatible; MJ12bot/v1.4.8; http://mj12bot.com/)"
85.208.96.196 - - [14/Nov/2024:19:39:22 +0530] "GET /product/G501546?c=505&keyword=perpetual HTTP/1.1" 200 77380 "-" "Mozilla/5.0 (compatible; SemrushBot/7~bl; +http://www.semrush.com/bot.html)"
85.208.96.194 - - [14/Nov/2024:19:39:34 +0530] "GET /product/C671634?c=933&keyword=protein HTTP/1.1" 200 77380 "-" "Mozilla/5.0 (compatible; SemrushBot/7~bl; +http://www.semrush.com/bot.html)"
94.23.203.52 - - [14/Nov/2024:19:39:37 +0530] "GET /product/122228.html?product_id=547 HTTP/1.1" 200 77380 "-" "Mozilla/5.0 (compatible; MJ12bot/v1.4.8; http://mj12bot.com/)"
94.23.203.52 - - [14/Nov/2024:19:39:50 +0530] "GET /product/122228.html?product_id=548 HTTP/1.1" 200 77380 "-" "Mozilla/5.0 (compatible; MJ12bot/v1.4.8; http://mj12bot.com/)"
94.23.203.52 - - [14/Nov/2024:19:40:05 +0530] "GET /product/122228.html?product_id=549 HTTP/1.1" 200 77380 "-" "Mozilla/5.0 (compatible; MJ12bot/v1.4.8; http://mj12bot.com/)"
85.208.96.194 - - [14/Nov/2024:19:40:10 +0530] "GET /product/E957532?c=22&keyword=sepulchral HTTP/1.1" 200 77380 "-" "Mozilla/5.0 (compatible; SemrushBot/7~bl; +http://www.semrush.com/bot.html)"
94.23.203.52 - - [14/Nov/2024:19:40:17 +0530] "GET /product/122228.html?product_id=55 HTTP/1.1" 200 77380 "-" "Mozilla/5.0 (compatible; MJ12bot/v1.4.8; http://mj12bot.com/)"
85.208.96.208 - - [14/Nov/2024:19:40:26 +0530] "GET /product/N371683?c=214&keyword=passivity HTTP/1.1" 200 77380 "-" "Mozilla/5.0 (compatible; SemrushBot/7~bl; +http://www.semrush.com/bot.html)"
185.191.171.12 - - [14/Nov/2024:19:40:35 +0530] "GET /product/Y703142?c=365&keyword=response HTTP/1.1" 200 77380 "-" "Mozilla/5.0 (compatible; SemrushBot/7~bl; +http://www.semrush.com/bot.html)"
94.23.203.52 - - [14/Nov/2024:19:40:39 +0530] "GET /product/122228.html?product_id=552 HTTP/1.1" 200 77380 "-" "Mozilla/5.0 (compatible; MJ12bot/v1.4.8; http://mj12bot.com/)"
94.23.203.52 - - [14/Nov/2024:19:40:53 +0530] "GET /product/122228.html?product_id=554 HTTP/1.1" 200 77380 "-" "Mozilla/5.0 (compatible; MJ12bot/v1.4.8; http://mj12bot.com/)"
85.208.96.206 - - [14/Nov/2024:19:40:58 +0530] "GET /product/G738276?c=434&keyword=stealth HTTP/1.1" 200 77380 "-" "Mozilla/5.0 (compatible; SemrushBot/7~bl; +http://www.semrush.com/bot.html)"
185.191.171.5 - - [14/Nov/2024:19:41:05 +0530] "GET /product/C216972?c=978&keyword=encourage HTTP/1.1" 200 77380 "-" "Mozilla/5.0 (compatible; SemrushBot/7~bl; +http://www.semrush.com/bot.html)"
94.23.203.52 - - [14/Nov/2024:19:41:08 +0530] "GET /product/122228.html?product_id=556 HTTP/1.1" 200 77380 "-" "Mozilla/5.0 (compatible; MJ12bot/v1.4.8; http://mj12bot.com/)"
85.208.96.196 - - [14/Nov/2024:19:41:08 +0530] "GET /product/E243442?c=332&keyword=response HTTP/1.1" 200 77380 "-" "Mozilla/5.0 (compatible; SemrushBot/7~bl; +http://www.semrush.com/bot.html)"
85.208.96.195 - - [14/Nov/2024:19:41:16 +0530] "GET /63469710.phtml HTTP/1.1" 404 - "-" "Mozilla/5.0 (compatible; SemrushBot/7~bl; +http://www.semrush.com/bot.html)"
114.119.156.71 - - [14/Nov/2024:19:41:23 +0530] "GET /subcategory/gemstones-earrings&page_no=2 HTTP/1.1" 200 186719 "https://www.krishnamexports.com/subcategory/gemstones-earrings&page_no=1" "Mozilla/5.0 (Linux; Android 7.0;) AppleWebKit/537.36 (KHTML, like Gecko) Mobile Safari/537.36 (compatible; PetalBot;+https://webmaster.petalsearch.com/site/petalbot)"
94.23.203.52 - - [14/Nov/2024:19:41:24 +0530] "GET /product/122228.html?product_id=56 HTTP/1.1" 200 77380 "-" "Mozilla/5.0 (compatible; MJ12bot/v1.4.8; http://mj12bot.com/)"
85.208.96.199 - - [14/Nov/2024:19:41:45 +0530] "GET /product/J178187?c=700&keyword=slide HTTP/1.1" 200 77380 "-" "Mozilla/5.0 (compatible; SemrushBot/7~bl; +http://www.semrush.com/bot.html)"
94.23.203.52 - - [14/Nov/2024:19:41:48 +0530] "GET /product/122228.html?product_id=561 HTTP/1.1" 200 77380 "-" "Mozilla/5.0 (compatible; MJ12bot/v1.4.8; http://mj12bot.com/)"
94.23.203.52 - - [14/Nov/2024:19:42:10 +0530] "GET /product/122228.html?product_id=563 HTTP/1.1" 200 77380 "-" "Mozilla/5.0 (compatible; MJ12bot/v1.4.8; http://mj12bot.com/)"
85.208.96.199 - - [14/Nov/2024:19:42:16 +0530] "GET /product/Z833169?c=325&keyword=moisture HTTP/1.1" 200 77380 "-" "Mozilla/5.0 (compatible; SemrushBot/7~bl; +http://www.semrush.com/bot.html)"
66.249.79.35 - - [14/Nov/2024:19:42:17 +0530] "GET /130927873.phtml HTTP/1.1" 404 - "-" "Mozilla/5.0 (Linux; Android 6.0.1; Nexus 5X Build/MMB29P) AppleWebKit/537.36 (KHTML, like Gecko) Chrome/131.0.6778.69 Mobile Safari/537.36 (compatible; Googlebot/2.1; +http://www.google.com/bot.html)"
66.249.79.35 - - [14/Nov/2024:19:42:18 +0530] "GET /106764113.phtml HTTP/1.1" 404 - "-" "Mozilla/5.0 (Linux; Android 6.0.1; Nexus 5X Build/MMB29P) AppleWebKit/537.36 (KHTML, like Gecko) Chrome/131.0.6778.69 Mobile Safari/537.36 (compatible; Googlebot/2.1; +http://www.google.com/bot.html)"
185.191.171.16 - - [14/Nov/2024:19:42:32 +0530] "GET /product/Z69263?c=482&keyword=tenet HTTP/1.1" 200 77380 "-" "Mozilla/5.0 (compatible; SemrushBot/7~bl; +http://www.semrush.com/bot.html)"
94.23.203.52 - - [14/Nov/2024:19:42:38 +0530] "GET /product/122228.html?product_id=567 HTTP/1.1" 200 77380 "-" "Mozilla/5.0 (compatible; MJ12bot/v1.4.8; http://mj12bot.com/)"
185.191.171.12 - - [14/Nov/2024:19:42:41 +0530] "GET /product/Y338518?c=65&keyword=Addict HTTP/1.1" 200 77380 "-" "Mozilla/5.0 (compatible; SemrushBot/7~bl; +http://www.semrush.com/bot.html)"
85.208.96.200 - - [14/Nov/2024:19:42:50 +0530] "GET /product/E317204?c=215&keyword=smear HTTP/1.1" 200 77380 "-" "Mozilla/5.0 (compatible; SemrushBot/7~bl; +http://www.semrush.com/bot.html)"
94.23.203.52 - - [14/Nov/2024:19:42:50 +0530] "GET /product/122228.html?product_id=570 HTTP/1.1" 200 77380 "-" "Mozilla/5.0 (compatible; MJ12bot/v1.4.8; http://mj12bot.com/)"
85.208.96.200 - - [14/Nov/2024:19:42:55 +0530] "GET /product/Q615774?c=658&keyword=unusable HTTP/1.1" 200 77380 "-" "Mozilla/5.0 (compatible; SemrushBot/7~bl; +http://www.semrush.com/bot.html)"
185.191.171.1 - - [14/Nov/2024:19:42:57 +0530] "GET /robots.txt HTTP/1.1" 404 - "-" "Mozilla/5.0 (compatible; SemrushBot/7~bl; +http://www.semrush.com/bot.html)"
85.208.96.197 - - [14/Nov/2024:19:42:58 +0530] "GET /product/W897542?c=914&keyword=response HTTP/1.1" 200 77380 "-" "Mozilla/5.0 (compatible; SemrushBot/7~bl; +http://www.semrush.com/bot.html)"
94.23.203.52 - - [14/Nov/2024:19:43:04 +0530] "GET /product/122228.html?product_id=573 HTTP/1.1" 200 77380 "-" "Mozilla/5.0 (compatible; MJ12bot/v1.4.8; http://mj12bot.com/)"
185.191.171.1 - - [14/Nov/2024:19:43:16 +0530] "GET /114478488.phtml HTTP/1.1" 404 - "-" "Mozilla/5.0 (compatible; SemrushBot/7~bl; +http://www.semrush.com/bot.html)"
185.191.171.12 - - [14/Nov/2024:19:43:23 +0530] "GET /product/J641897?c=375&keyword=stage HTTP/1.1" 200 77380 "-" "Mozilla/5.0 (compatible; SemrushBot/7~bl; +http://www.semrush.com/bot.html)"
94.23.203.52 - - [14/Nov/2024:19:43:28 +0530] "GET /product/122228.html?product_id=577 HTTP/1.1" 200 77380 "-" "Mozilla/5.0 (compatible; MJ12bot/v1.4.8; http://mj12bot.com/)"
85.208.96.205 - - [14/Nov/2024:19:43:35 +0530] "GET /product/X450889?c=730&keyword=enquire HTTP/1.1" 200 77380 "-" "Mozilla/5.0 (compatible; SemrushBot/7~bl; +http://www.semrush.com/bot.html)"
85.208.96.202 - - [14/Nov/2024:19:43:42 +0530] "GET /product/B513371?c=293&keyword=Taipei HTTP/1.1" 200 77380 "-" "Mozilla/5.0 (compatible; SemrushBot/7~bl; +http://www.semrush.com/bot.html)"
66.249.68.35 - - [14/Nov/2024:19:43:49 +0530] "GET /158927643.phtml HTTP/1.1" 404 - "-" "Mozilla/5.0 (Linux; Android 6.0.1; Nexus 5X Build/MMB29P) AppleWebKit/537.36 (KHTML, like Gecko) Chrome/130.0.6723.116 Mobile Safari/537.36 (compatible; Googlebot/2.1; +http://www.google.com/bot.html)"
94.23.203.52 - - [14/Nov/2024:19:43:51 +0530] "GET /product/122228.html?product_id=578 HTTP/1.1" 200 77380 "-" "Mozilla/5.0 (compatible; MJ12bot/v1.4.8; http://mj12bot.com/)"
