85.208.96.212 - - [14/Nov/2024:19:43:54 +0530] "GET /product/S731242?c=246&keyword=response HTTP/1.1" 200 77380 "-" "Mozilla/5.0 (compatible; SemrushBot/7~bl; +http://www.semrush.com/bot.html)"
66.249.79.36 - - [14/Nov/2024:19:43:58 +0530] "GET /180387321.phtml HTTP/1.1" 404 - "-" "Mozilla/5.0 (Linux; Android 6.0.1; Nexus 5X Build/MMB29P) AppleWebKit/537.36 (KHTML, like Gecko) Chrome/131.0.6778.69 Mobile Safari/537.36 (compatible; Googlebot/2.1; +http://www.google.com/bot.html)"
66.249.79.36 - - [14/Nov/2024:19:43:58 +0530] "GET /7508935.phtml HTTP/1.1" 404 - "-" "Mozilla/5.0 (Linux; Android 6.0.1; Nexus 5X Build/MMB29P) AppleWebKit/537.36 (KHTML, like Gecko) Chrome/131.0.6778.69 Mobile Safari/537.36 (compatible; Googlebot/2.1; +http://www.google.com/bot.html)"
85.208.96.194 - - [14/Nov/2024:19:44:03 +0530] "GET /product/P88571?c=449&keyword=Taipei HTTP/1.1" 200 77380 "-" "Mozilla/5.0 (compatible; SemrushBot/7~bl; +http://www.semrush.com/bot.html)"
85.208.96.205 - - [14/Nov/2024:19:44:07 +0530] "GET /product/L559687?c=819&keyword=slide HTTP/1.1" 200 77380 "-" "Mozilla/5.0 (compatible; SemrushBot/7~bl; +http://www.semrush.com/bot.html)"
94.23.203.52 - - [14/Nov/2024:19:44:07 +0530] "GET /product/122228.html?product_id=639 HTTP/1.1" 200 77380 "-" "Mozilla/5.0 (compatible; MJ12bot/v1.4.8; http://mj12bot.com/)"
85.208.96.199 - - [14/Nov/2024:19:44:11 +0530] "GET /product/B112373?c=840&keyword=Stanford HTTP/1.1" 200 77380 "-" "Mozilla/5.0 (compatible; SemrushBot/7~bl; +http://www.semrush.com/bot.html)"
66.249.79.36 - - [14/Nov/2024:19:44:17 +0530] "GET /217228363.phtml HTTP/1.1" 404 - "-" "Mozilla/5.0 (Linux; Android 6.0.1; Nexus 5X Build/MMB29P) AppleWebKit/537.36 (KHTML, like Gecko) Chrome/131.0.6778.69 Mobile Safari/537.36 (compatible; Googlebot/2.1; +http://www.google.com/bot.html)"
185.191.171.3 - - [14/Nov/2024:19:44:25 +0530] "GET /product/F572317?c=575&keyword=waveform HTTP/1.1" 200 77380 "-" "Mozilla/5.0 (compatible; SemrushBot/7~bl; +http://www.semrush.com/bot.html)"
185.191.171.11 - - [14/Nov/2024:19:44:31 +0530] "GET /product/X188549?c=415&keyword=Sydney HTTP/1.1" 200 77380 "-" "Mozilla/5.0 (compatible; SemrushBot/7~bl; +http://www.semrush.com/bot.html)"
94.23.203.52 - - [14/Nov/2024:19:44:31 +0530] "GET /product/122228.html?product_id=645 HTTP/1.1" 200 77380 "-" "Mozilla/5.0 (compatible; MJ12bot/v1.4.8; http://mj12bot.com/)"
94.23.203.52 - - [14/Nov/2024:19:44:36 +0530] "GET /product/122228.html?product_id=714 HTTP/1.1" 200 77380 "-" "Mozilla/5.0 (compatible; MJ12bot/v1.4.8; http://mj12bot.com/)"
94.23.203.52 - - [14/Nov/2024:19:44:54 +0530] "GET /product/122228.html?product_id=724 HTTP/1.1" 200 77380 "-" "Mozilla/5.0 (compatible; MJ12bot/v1.4.8; http://mj12bot.com/)"
85.208.96.205 - - [14/Nov/2024:19:45:01 +0530] "GET /167846634.phtml HTTP/1.1" 404 - "-" "Mozilla/5.0 (compatible; SemrushBot/7~bl; +http://www.semrush.com/bot.html)"
66.249.79.37 - - [14/Nov/2024:19:45:09 +0530] "GET /114557229.phtml HTTP/1.1" 404 - "-" "Mozilla/5.0 (Linux; Android 6.0.1; Nexus 5X Build/MMB29P) AppleWebKit/537.36 (KHTML, like Gecko) Chrome/131.0.6778.69 Mobile Safari/537.36 (compatible; Googlebot/2.1; +http://www.google.com/bot.html)"
94.23.203.52 - - [14/Nov/2024:19:45:13 +0530] "GET /product/122228.html?product_id=733 HTTP/1.1" 200 77380 "-" "Mozilla/5.0 (compatible; MJ12bot/v1.4.8; http://mj12bot.com/)"
185.191.171.11 - - [14/Nov/2024:19:45:18 +0530] "GET /product/X471403?c=1000&keyword=assessor HTTP/1.1" 200 77380 "-" "Mozilla/5.0 (compatible; SemrushBot/7~bl; +http://www.semrush.com/bot.html)"
85.208.96.196 - - [14/Nov/2024:19:45:23 +0530] "GET /product/C706812?c=854&keyword=monophonic HTTP/1.1" 200 77380 "-" "Mozilla/5.0 (compatible; SemrushBot/7~bl; +http://www.semrush.com/bot.html)"
94.23.203.52 - - [14/Nov/2024:19:45:31 +0530] "GET /product/122228.html?product_id=747 HTTP/1.1" 200 77380 "-" "Mozilla/5.0 (compatible; MJ12bot/v1.4.8; http://mj12bot.com/)"
185.191.171.13 - - [14/Nov/2024:19:45:31 +0530] "GET /product/U253338?c=989&keyword=preference HTTP/1.1" 200 77380 "-" "Mozilla/5.0 (compatible; SemrushBot/7~bl; +http://www.semrush.com/bot.html)"
94.23.203.52 - - [14/Nov/2024:19:45:45 +0530] "GET /product/122228.html?product_id=773 HTTP/1.1" 200 77380 "-" "Mozilla/5.0 (compatible; MJ12bot/v1.4.8; http://mj12bot.com/)"
85.208.96.195 - - [14/Nov/2024:19:45:52 +0530] "GET /product/F403291?c=910&keyword=browse HTTP/1.1" 200 77380 "-" "Mozilla/5.0 (compatible; SemrushBot/7~bl; +http://www.semrush.com/bot.html)"
94.23.203.52 - - [14/Nov/2024:19:46:08 +0530] "GET /product/122228.html?product_id=774 HTTP/1.1" 200 77380 "-" "Mozilla/5.0 (compatible; MJ12bot/v1.4.8; http://mj12bot.com/)"
185.191.171.9 - - [14/Nov/2024:19:46:13 +0530] "GET /product/B687103?c=969&keyword=assessor HTTP/1.1" 200 77380 "-" "Mozilla/5.0 (compatible; SemrushBot/7~bl; +http://www.semrush.com/bot.html)"
114.119.156.133 - - [14/Nov/2024:19:46:21 +0530] "GET /product/silver-ring-compass-1 HTTP/1.1" 200 858413 "https://www.krishnamexports.com/product/silver-cz-rings-line" "Mozilla/5.0 (Linux; Android 7.0;) AppleWebKit/537.36 (KHTML, like Gecko) Mobile Safari/537.36 (compatible; PetalBot;+https://webmaster.petalsearch.com/site/petalbot)"
94.23.203.52 - - [14/Nov/2024:19:46:22 +0530] "GET /product/122228.html?product_id=89 HTTP/1.1" 200 77380 "-" "Mozilla/5.0 (compatible; MJ12bot/v1.4.8; http://mj12bot.com/)"
85.208.96.194 - - [14/Nov/2024:19:46:30 +0530] "GET /product/J981197?c=524&keyword=stage HTTP/1.1" 200 77380 "-" "Mozilla/5.0 (compatible; SemrushBot/7~bl; +http://www.semrush.com/bot.html)"
94.23.203.52 - - [14/Nov/2024:19:46:33 +0530] "GET /product/122228.html?product_id=890 HTTP/1.1" 200 77380 "-" "Mozilla/5.0 (compatible; MJ12bot/v1.4.8; http://mj12bot.com/)"
85.208.96.206 - - [14/Nov/2024:19:46:48 +0530] "GET /product/N424437?c=964&keyword=cryptographic HTTP/1.1" 200 77380 "-" "Mozilla/5.0 (compatible; SemrushBot/7~bl; +http://www.semrush.com/bot.html)"
94.23.203.52 - - [14/Nov/2024:19:46:51 +0530] "GET /product/122228.html?product_id=892 HTTP/1.1" 200 77380 "-" "Mozilla/5.0 (compatible; MJ12bot/v1.4.8; http://mj12bot.com/)"
185.191.171.10 - - [14/Nov/2024:19:46:51 +0530] "GET /134030835.phtml HTTP/1.1" 404 - "-" "Mozilla/5.0 (compatible; SemrushBot/7~bl; +http://www.semrush.com/bot.html)"
185.191.171.5 - - [14/Nov/2024:19:46:54 +0530] "GET /product/X622723?c=116&keyword=pompous HTTP/1.1" 200 77380 "-" "Mozilla/5.0 (compatible; SemrushBot/7~bl; +http://www.semrush.com/bot.html)"
66.249.79.37 - - [14/Nov/2024:19:47:10 +0530] "GET /82302447.phtml HTTP/1.1" 404 - "-" "Mozilla/5.0 (Linux; Android 6.0.1; Nexus 5X Build/MMB29P) AppleWebKit/537.36 (KHTML, like Gecko) Chrome/131.0.6778.69 Mobile Safari/537.36 (compatible; Googlebot/2.1; +http://www.google.com/bot.html)"
94.23.203.52 - - [14/Nov/2024:19:47:11 +0530] "GET /product/122228.html?product_id=967 HTTP/1.1" 200 77380 "-" "Mozilla/5.0 (compatible; MJ12bot/v1.4.8; http://mj12bot.com/)"
85.208.96.200 - - [14/Nov/2024:19:47:14 +0530] "GET /product/X694899?c=232&keyword=reinforcement HTTP/1.1" 200 77380 "-" "Mozilla/5.0 (compatible; SemrushBot/7~bl; +http://www.semrush.com/bot.html)"
94.23.203.52 - - [14/Nov/2024:19:47:24 +0530] "GET /product/122228.html?product_id=976 HTTP/1.1" 200 77380 "-" "Mozilla/5.0 (compatible; MJ12bot/v1.4.8; http://mj12bot.com/)"
85.208.96.210 - - [14/Nov/2024:19:47:24 +0530] "GET /product/Y391636?c=205&keyword=reboot HTTP/1.1" 200 77380 "-" "Mozilla/5.0 (compatible; SemrushBot/7~bl; +http://www.semrush.com/bot.html)"
185.191.171.10 - - [14/Nov/2024:19:47:44 +0530] "GET /product/L170545?c=723&keyword=symmetric HTTP/1.1" 200 77380 "-" "Mozilla/5.0 (compatible; SemrushBot/7~bl; +http://www.semrush.com/bot.html)"
94.23.203.52 - - [14/Nov/2024:19:47:44 +0530] "GET /product/122228.html?product_id=986 HTTP/1.1" 200 77380 "-" "Mozilla/5.0 (compatible; MJ12bot/v1.4.8; http://mj12bot.com/)"
185.191.171.15 - - [14/Nov/2024:19:47:51 +0530] "GET /product/J72653?c=153&keyword=appendectomy HTTP/1.1" 200 77380 "-" "Mozilla/5.0 (compatible; SemrushBot/7~bl; +http://www.semrush.com/bot.html)"
94.23.203.52 - - [14/Nov/2024:19:48:00 +0530] "GET /product/122229.html?product_id=114 HTTP/1.1" 200 77380 "-" "Mozilla/5.0 (compatible; MJ12bot/v1.4.8; http://mj12bot.com/)"
185.191.171.18 - - [14/Nov/2024:19:48:04 +0530] "GET /product/W395742?c=289&keyword=response HTTP/1.1" 200 77380 "-" "Mozilla/5.0 (compatible; SemrushBot/7~bl; +http://www.semrush.com/bot.html)"
185.191.171.13 - - [14/Nov/2024:19:48:11 +0530] "GET /product/V624099?c=617&keyword=reinforcement HTTP/1.1" 200 77380 "-" "Mozilla/5.0 (compatible; SemrushBot/7~bl; +http://www.semrush.com/bot.html)"
94.23.203.52 - - [14/Nov/2024:19:48:13 +0530] "GET /product/122229.html?product_id=119 HTTP/1.1" 200 77380 "-" "Mozilla/5.0 (compatible; MJ12bot/v1.4.8; http://mj12bot.com/)"
85.208.96.210 - - [14/Nov/2024:19:48:19 +0530] "GET /product/J732247?c=388&keyword=sci-fi HTTP/1.1" 200 77380 "-" "Mozilla/5.0 (compatible; SemrushBot/7~bl; +http://www.semrush.com/bot.html)"
66.249.79.36 - - [14/Nov/2024:19:48:21 +0530] "GET /87311581.phtml HTTP/1.1" 404 - "-" "Mozilla/5.0 (Linux; Android 6.0.1; Nexus 5X Build/MMB29P) AppleWebKit/537.36 (KHTML, like Gecko) Chrome/131.0.6778.69 Mobile Safari/537.36 (compatible; Googlebot/2.1; +http://www.google.com/bot.html)"
185.191.171.10 - - [14/Nov/2024:19:48:25 +0530] "GET /product/D711285?c=565&keyword=choice HTTP/1.1" 200 77380 "-" "Mozilla/5.0 (compatible; SemrushBot/7~bl; +http://www.semrush.com/bot.html)"
94.23.203.52 - - [14/Nov/2024:19:48:26 +0530] "GET /product/122229.html?product_id=143 HTTP/1.1" 200 77380 "-" "Mozilla/5.0 (compatible; MJ12bot/v1.4.8; http://mj12bot.com/)"
185.191.171.9 - - [14/Nov/2024:19:48:28 +0530] "GET /product/E629646?c=336&keyword=perpetual HTTP/1.1" 200 77380 "-" "Mozilla/5.0 (compatible; SemrushBot/7~bl; +http://www.semrush.com/bot.html)"
94.23.203.52 - - [14/Nov/2024:19:48:33 +0530] "GET /product/122229.html?product_id=16 HTTP/1.1" 200 77380 "-" "Mozilla/5.0 (compatible; MJ12bot/v1.4.8; http://mj12bot.com/)"
94.23.203.52 - - [14/Nov/2024:19:48:37 +0530] "GET /product/122229.html?product_id=170 HTTP/1.1" 200 77380 "-" "Mozilla/5.0 (compatible; MJ12bot/v1.4.8; http://mj12bot.com/)"
94.23.203.52 - - [14/Nov/2024:19:48:40 +0530] "GET /product/122229.html?product_id=18 HTTP/1.1" 200 77380 "-" "Mozilla/5.0 (compatible; MJ12bot/v1.4.8; http://mj12bot.com/)"
94.23.203.52 - - [14/Nov/2024:19:48:43 +0530] "GET /product/122229.html?product_id=189 HTTP/1.1" 200 77380 "-" "Mozilla/5.0 (compatible; MJ12bot/v1.4.8; http://mj12bot.com/)"
85.208.96.193 - - [14/Nov/2024:19:48:44 +0530] "GET /118860102.phtml HTTP/1.1" 404 - "-" "Mozilla/5.0 (compatible; SemrushBot/7~bl; +http://www.semrush.com/bot.html)"
94.23.203.52 - - [14/Nov/2024:19:48:45 +0530] "GET /product/122229.html?product_id=196 HTTP/1.1" 200 77380 "-" "Mozilla/5.0 (compatible; MJ12bot/v1.4.8; http://mj12bot.com/)"
94.23.203.52 - - [14/Nov/2024:19:48:49 +0530] "GET /product/122229.html?product_id=211 HTTP/1.1" 200 77380 "-" "Mozilla/5.0 (compatible; MJ12bot/v1.4.8; http://mj12bot.com/)"
185.191.171.15 - - [14/Nov/2024:19:48:51 +0530] "GET /product/O23232?c=378&keyword=sepulchral HTTP/1.1" 200 77380 "-" "Mozilla/5.0 (compatible; SemrushBot/7~bl; +http://www.semrush.com/bot.html)"
94.23.203.52 - - [14/Nov/2024:19:48:54 +0530] "GET /product/122229.html?product_id=301 HTTP/1.1" 200 77380 "-" "Mozilla/5.0 (compatible; MJ12bot/v1.4.8; http://mj12bot.com/)"
66.249.79.35 - - [14/Nov/2024:19:49:00 +0530] "GET /58939253.phtml HTTP/1.1" 404 - "-" "Mozilla/5.0 (Linux; Android 6.0.1; Nexus 5X Build/MMB29P) AppleWebKit/537.36 (KHTML, like Gecko) Chrome/131.0.6778.69 Mobile Safari/537.36 (compatible; Googlebot/2.1; +http://www.google.com/bot.html)"
94.23.203.52 - - [14/Nov/2024:19:49:01 +0530] "GET /product/122229.html?product_id=302 HTTP/1.1" 200 77380 "-" "Mozilla/5.0 (compatible; MJ12bot/v1.4.8; http://mj12bot.com/)"
94.23.203.52 - - [14/Nov/2024:19:49:04 +0530] "GET /product/122229.html?product_id=304 HTTP/1.1" 200 77380 "-" "Mozilla/5.0 (compatible; MJ12bot/v1.4.8; http://mj12bot.com/)"
94.23.203.52 - - [14/Nov/2024:19:49:08 +0530] "GET /product/122229.html?product_id=312 HTTP/1.1" 200 77380 "-" "Mozilla/5.0 (compatible; MJ12bot/v1.4.8; http://mj12bot.com/)"
94.23.203.52 - - [14/Nov/2024:19:49:10 +0530] "GET /product/122229.html?product_id=315 HTTP/1.1" 200 77380 "-" "Mozilla/5.0 (compatible; MJ12bot/v1.4.8; http://mj12bot.com/)"
85.208.96.199 - - [14/Nov/2024:19:49:12 +0530] "GET /80536572.phtml HTTP/1.1" 404 - "-" "Mozilla/5.0 (compatible; SemrushBot/7~bl; +http://www.semrush.com/bot.html)"
94.23.203.52 - - [14/Nov/2024:19:49:13 +0530] "GET /product/122229.html?product_id=32 HTTP/1.1" 200 77380 "-" "Mozilla/5.0 (compatible; MJ12bot/v1.4.8; http://mj12bot.com/)"
94.23.203.52 - - [14/Nov/2024:19:49:17 +0530] "GET /product/122229.html?product_id=321 HTTP/1.1" 200 77380 "-" "Mozilla/5.0 (compatible; MJ12bot/v1.4.8; http://mj12bot.com/)"
94.23.203.52 - - [14/Nov/2024:19:49:21 +0530] "GET /product/122229.html?product_id=341 HTTP/1.1" 200 77380 "-" "Mozilla/5.0 (compatible; MJ12bot/v1.4.8; http://mj12bot.com/)"
94.23.203.52 - - [14/Nov/2024:19:49:24 +0530] "GET /product/122229.html?product_id=344 HTTP/1.1" 200 77380 "-" "Mozilla/5.0 (compatible; MJ12bot/v1.4.8; http://mj12bot.com/)"
94.23.203.52 - - [14/Nov/2024:19:49:27 +0530] "GET /product/122229.html?product_id=350 HTTP/1.1" 200 77380 "-" "Mozilla/5.0 (compatible; MJ12bot/v1.4.8; http://mj12bot.com/)"
94.23.203.52 - - [14/Nov/2024:19:49:30 +0530] "GET /product/122229.html?product_id=362 HTTP/1.1" 200 77380 "-" "Mozilla/5.0 (compatible; MJ12bot/v1.4.8; http://mj12bot.com/)"
66.249.79.36 - - [14/Nov/2024:19:49:31 +0530] "GET /128323471.phtml HTTP/1.1" 404 - "-" "Mozilla/5.0 (Linux; Android 6.0.1; Nexus 5X Build/MMB29P) AppleWebKit/537.36 (KHTML, like Gecko) Chrome/130.0.6723.116 Mobile Safari/537.36 (compatible; Googlebot/2.1; +http://www.google.com/bot.html)"
94.23.203.52 - - [14/Nov/2024:19:49:35 +0530] "GET /product/122229.html?product_id=366 HTTP/1.1" 200 77380 "-" "Mozilla/5.0 (compatible; MJ12bot/v1.4.8; http://mj12bot.com/)"
94.23.203.52 - - [14/Nov/2024:19:49:38 +0530] "GET /product/122229.html?product_id=377 HTTP/1.1" 200 77380 "-" "Mozilla/5.0 (compatible; MJ12bot/v1.4.8; http://mj12bot.com/)"
85.208.96.194 - - [14/Nov/2024:19:49:40 +0530] "GET /product/A69550?c=869&keyword=calling HTTP/1.1" 200 77380 "-" "Mozilla/5.0 (compatible; SemrushBot/7~bl; +http://www.semrush.com/bot.html)"
94.23.203.52 - - [14/Nov/2024:19:49:42 +0530] "GET /product/122229.html?product_id=385 HTTP/1.1" 200 77380 "-" "Mozilla/5.0 (compatible; MJ12bot/v1.4.8; http://mj12bot.com/)"
185.191.171.16 - - [14/Nov/2024:19:49:44 +0530] "GET /product/F720673?c=289&keyword=Stanford HTTP/1.1" 200 77380 "-" "Mozilla/5.0 (compatible; SemrushBot/7~bl; +http://www.semrush.com/bot.html)"
94.23.203.52 - - [14/Nov/2024:19:49:45 +0530] "GET /product/122229.html?product_id=408 HTTP/1.1" 200 77380 "-" "Mozilla/5.0 (compatible; MJ12bot/v1.4.8; http://mj12bot.com/)"
94.23.203.52 - - [14/Nov/2024:19:49:47 +0530] "GET /product/122229.html?product_id=506 HTTP/1.1" 200 77380 "-" "Mozilla/5.0 (compatible; MJ12bot/v1.4.8; http://mj12bot.com/)"
85.208.96.206 - - [14/Nov/2024:19:49:48 +0530] "GET /product/F46779?c=838&keyword=ordering HTTP/1.1" 200 77380 "-" "Mozilla/5.0 (compatible; SemrushBot/7~bl; +http://www.semrush.com/bot.html)"
94.23.203.52 - - [14/Nov/2024:19:49:51 +0530] "GET /product/122229.html?product_id=518 HTTP/1.1" 200 77380 "-" "Mozilla/5.0 (compatible; MJ12bot/v1.4.8; http://mj12bot.com/)"
94.23.203.52 - - [14/Nov/2024:19:49:54 +0530] "GET /product/122229.html?product_id=520 HTTP/1.1" 200 77380 "-" "Mozilla/5.0 (compatible; MJ12bot/v1.4.8; http://mj12bot.com/)"
94.23.203.52 - - [14/Nov/2024:19:49:56 +0530] "GET /product/122229.html?product_id=526 HTTP/1.1" 200 77380 "-" "Mozilla/5.0 (compatible; MJ12bot/v1.4.8; http://mj12bot.com/)"
94.23.203.52 - - [14/Nov/2024:19:50:01 +0530] "GET /product/122229.html?product_id=527 HTTP/1.1" 200 77380 "-" "Mozilla/5.0 (compatible; MJ12bot/v1.4.8; http://mj12bot.com/)"
94.23.203.52 - - [14/Nov/2024:19:50:05 +0530] "GET /product/122229.html?product_id=532 HTTP/1.1" 200 77380 "-" "Mozilla/5.0 (compatible; MJ12bot/v1.4.8; http://mj12bot.com/)"
185.191.171.1 - - [14/Nov/2024:19:50:06 +0530] "GET /product/V134389?c=255&keyword=enquire HTTP/1.1" 200 77380 "-" "Mozilla/5.0 (compatible; SemrushBot/7~bl; +http://www.semrush.com/bot.html)"
185.191.171.14 - - [14/Nov/2024:19:50:07 +0530] "GET /64010790.phtml HTTP/1.1" 404 - "-" "Mozilla/5.0 (compatible; SemrushBot/7~bl; +http://www.semrush.com/bot.html)"
94.23.203.52 - - [14/Nov/2024:19:50:08 +0530] "GET /product/122229.html?product_id=534 HTTP/1.1" 200 77380 "-" "Mozilla/5.0 (compatible; MJ12bot/v1.4.8; http://mj12bot.com/)"
85.208.96.211 - - [14/Nov/2024:19:50:10 +0530] "GET /product/D78211?c=912&keyword=troupe HTTP/1.1" 200 77380 "-" "Mozilla/5.0 (compatible; SemrushBot/7~bl; +http://www.semrush.com/bot.html)"
94.23.203.52 - - [14/Nov/2024:19:50:11 +0530] "GET /product/122229.html?product_id=54 HTTP/1.1" 200 77380 "-" "Mozilla/5.0 (compatible; MJ12bot/v1.4.8; http://mj12bot.com/)"
94.23.203.52 - - [14/Nov/2024:19:50:15 +0530] "GET /product/122229.html?product_id=543 HTTP/1.1" 200 77380 "-" "Mozilla/5.0 (compatible; MJ12bot/v1.4.8; http://mj12bot.com/)"
94.23.203.52 - - [14/Nov/2024:19:50:22 +0530] "GET /product/122229.html?product_id=548 HTTP/1.1" 200 77380 "-" "Mozilla/5.0 (compatible; MJ12bot/v1.4.8; http://mj12bot.com/)"
94.23.203.52 - - [14/Nov/2024:19:50:30 +0530] "GET /product/122229.html?product_id=55 HTTP/1.1" 200 77380 "-" "Mozilla/5.0 (compatible; MJ12bot/v1.4.8; http://mj12bot.com/)"
185.191.171.13 - - [14/Nov/2024:19:50:31 +0530] "GET /product/I44780?c=475&keyword=marshal HTTP/1.1" 200 77380 "-" "Mozilla/5.0 (compatible; SemrushBot/7~bl; +http://www.semrush.com/bot.html)"
94.23.203.52 - - [14/Nov/2024:19:50:35 +0530] "GET /product/122229.html?product_id=557 HTTP/1.1" 200 77380 "-" "Mozilla/5.0 (compatible; MJ12bot/v1.4.8; http://mj12bot.com/)"
185.191.171.13 - - [14/Nov/2024:19:50:36 +0530] "GET /product/B993461?c=288&keyword=cotton HTTP/1.1" 200 77380 "-" "Mozilla/5.0 (compatible; SemrushBot/7~bl; +http://www.semrush.com/bot.html)"
94.23.203.52 - - [14/Nov/2024:19:50:40 +0530] "GET /product/122229.html?product_id=565 HTTP/1.1" 200 77380 "-" "Mozilla/5.0 (compatible; MJ12bot/v1.4.8; http://mj12bot.com/)"
94.23.203.52 - - [14/Nov/2024:19:50:42 +0530] "GET /product/122229.html?product_id=569 HTTP/1.1" 200 77380 "-" "Mozilla/5.0 (compatible; MJ12bot/v1.4.8; http://mj12bot.com/)"
94.23.203.52 - - [14/Nov/2024:19:50:47 +0530] "GET /product/122229.html?product_id=570 HTTP/1.1" 200 77380 "-" "Mozilla/5.0 (compatible; MJ12bot/v1.4.8; http://mj12bot.com/)"
94.23.203.52 - - [14/Nov/2024:19:50:50 +0530] "GET /product/122229.html?product_id=572 HTTP/1.1" 200 77380 "-" "Mozilla/5.0 (compatible; MJ12bot/v1.4.8; http://mj12bot.com/)"
185.191.171.10 - - [14/Nov/2024:19:50:51 +0530] "GET /product/X809299?c=930&keyword=reinforcement HTTP/1.1" 200 77380 "-" "Mozilla/5.0 (compatible; SemrushBot/7~bl; +http://www.semrush.com/bot.html)"
94.23.203.52 - - [14/Nov/2024:19:50:55 +0530] "GET /product/122229.html?product_id=573 HTTP/1.1" 200 77380 "-" "Mozilla/5.0 (compatible; MJ12bot/v1.4.8; http://mj12bot.com/)"
85.208.96.207 - - [14/Nov/2024:19:50:59 +0530] "GET /product/M777048?c=475&keyword=rejuvenate HTTP/1.1" 200 77380 "-" "Mozilla/5.0 (compatible; SemrushBot/7~bl; +http://www.semrush.com/bot.html)"
95.33.90.18 - - [14/Nov/2024:19:50:56 +0530] "GET / HTTP/1.1" 200 181616 "https://l.facebook.com/" "Mozilla/5.0 (Windows NT 10.0; Win64; x64; rv:132.0) Gecko/20100101 Firefox/132.0"
85.208.96.193 - - [14/Nov/2024:19:51:02 +0530] "GET /product/Q706462?c=843&keyword=organization HTTP/1.1" 200 77380 "-" "Mozilla/5.0 (compatible; SemrushBot/7~bl; +http://www.semrush.com/bot.html)"
95.33.90.18 - - [14/Nov/2024:19:51:02 +0530] "GET /assets/css/plugins/slick.min.css HTTP/1.1" 200 1284 "https://www.krishnamexports.com/" "Mozilla/5.0 (Windows NT 10.0; Win64; x64; rv:132.0) Gecko/20100101 Firefox/132.0"
95.33.90.18 - - [14/Nov/2024:19:51:02 +0530] "GET /assets/css/vendor/font-awesome.min.css HTTP/1.1" 200 31044 "https://www.krishnamexports.com/" "Mozilla/5.0 (Windows NT 10.0; Win64; x64; rv:132.0) Gecko/20100101 Firefox/132.0"
95.33.90.18 - - [14/Nov/2024:19:51:02 +0530] "GET /assets/css/vendor/pe-icon-7-stroke.css HTTP/1.1" 200 10409 "https://www.krishnamexports.com/" "Mozilla/5.0 (Windows NT 10.0; Win64; x64; rv:132.0) Gecko/20100101 Firefox/132.0"
95.33.90.18 - - [14/Nov/2024:19:51:02 +0530] "GET /assets/css/plugins/animate.css HTTP/1.1" 200 59714 "https://www.krishnamexports.com/" "Mozilla/5.0 (Windows NT 10.0; Win64; x64; rv:132.0) Gecko/20100101 Firefox/132.0"
95.33.90.18 - - [14/Nov/2024:19:51:02 +0530] "GET /assets/css/plugins/nice-select.css HTTP/1.1" 200 4337 "https://www.krishnamexports.com/" "Mozilla/5.0 (Windows NT 10.0; Win64; x64; rv:132.0) Gecko/20100101 Firefox/132.0"
95.33.90.18 - - [14/Nov/2024:19:51:02 +0530] "GET /assets/css/plugins/jqueryui.min.css HTTP/1.1" 200 15640 "https://www.krishnamexports.com/" "Mozilla/5.0 (Windows NT 10.0; Win64; x64; rv:132.0) Gecko/20100101 Firefox/132.0"
95.33.90.18 - - [14/Nov/2024:19:51:02 +0530] "GET /assets/css/notify.css HTTP/1.1" 200 1123 "https://www.krishnamexports.com/" "Mozilla/5.0 (Windows NT 10.0; Win64; x64; rv:132.0) Gecko/20100101 Firefox/132.0"
95.33.90.18 - - [14/Nov/2024:19:51:02 +0530] "GET /assets/css/vendor/bootstrap.min.css HTTP/1.1" 200 155764 "https://www.krishnamexports.com/" "Mozilla/5.0 (Windows NT 10.0; Win64; x64; rv:132.0) Gecko/20100101 Firefox/132.0"
95.33.90.18 - - [14/Nov/2024:19:51:02 +0530] "GET /assets/css/style.css HTTP/1.1" 200 161782 "https://www.krishnamexports.com/" "Mozilla/5.0 (Windows NT 10.0; Win64; x64; rv:132.0) Gecko/20100101 Firefox/132.0"
95.33.90.18 - - [14/Nov/2024:19:51:03 +0530] "GET /assets/js/vendor/modernizr-3.6.0.min.js HTTP/1.1" 200 8638 "https://www.krishnamexports.com/" "Mozilla/5.0 (Windows NT 10.0; Win64; x64; rv:132.0) Gecko/20100101 Firefox/132.0"
95.33.90.18 - - [14/Nov/2024:19:51:03 +0530] "GET /assets/js/vendor/jquery-3.3.1.min.js HTTP/1.1" 200 86929 "https://www.krishnamexports.com/" "Mozilla/5.0 (Windows NT 10.0; Win64; x64; rv:132.0) Gecko/20100101 Firefox/132.0"
95.33.90.18 - - [14/Nov/2024:19:51:03 +0530] "GET /assets/js/vendor/popper.min.js HTTP/1.1" 200 20994 "https://www.krishnamexports.com/" "Mozilla/5.0 (Windows NT 10.0; Win64; x64; rv:132.0) Gecko/20100101 Firefox/132.0"
95.33.90.18 - - [14/Nov/2024:19:51:03 +0530] "GET /assets/js/vendor/bootstrap.min.js HTTP/1.1" 200 55781 "https://www.krishnamexports.com/" "Mozilla/5.0 (Windows NT 10.0; Win64; x64; rv:132.0) Gecko/20100101 Firefox/132.0"
95.33.90.18 - - [14/Nov/2024:19:51:03 +0530] "GET /assets/js/plugins/slick.min.js HTTP/1.1" 200 43898 "https://www.krishnamexports.com/" "Mozilla/5.0 (Windows NT 10.0; Win64; x64; rv:132.0) Gecko/20100101 Firefox/132.0"
95.33.90.18 - - [14/Nov/2024:19:51:03 +0530] "GET /assets/js/plugins/countdown.min.js HTTP/1.1" 200 4293 "https://www.krishnamexports.com/" "Mozilla/5.0 (Windows NT 10.0; Win64; x64; rv:132.0) Gecko/20100101 Firefox/132.0"
95.33.90.18 - - [14/Nov/2024:19:51:03 +0530] "GET /assets/js/plugins/nice-select.min.js HTTP/1.1" 200 2945 "https://www.krishnamexports.com/" "Mozilla/5.0 (Windows NT 10.0; Win64; x64; rv:132.0) Gecko/20100101 Firefox/132.0"
95.33.90.18 - - [14/Nov/2024:19:51:03 +0530] "GET /assets/js/plugins/jqueryui.min.js HTTP/1.1" 200 22237 "https://www.krishnamexports.com/" "Mozilla/5.0 (Windows NT 10.0; Win64; x64; rv:132.0) Gecko/20100101 Firefox/132.0"
95.33.90.18 - - [14/Nov/2024:19:51:03 +0530] "GET /assets/js/plugins/image-zoom.min.js HTTP/1.1" 200 2626 "https://www.krishnamexports.com/" "Mozilla/5.0 (Windows NT 10.0; Win64; x64; rv:132.0) Gecko/20100101 Firefox/132.0"
95.33.90.18 - - [14/Nov/2024:19:51:03 +0530] "GET /assets/js/plugins/imagesloaded.pkgd.min.js HTTP/1.1" 200 5600 "https://www.krishnamexports.com/" "Mozilla/5.0 (Windows NT 10.0; Win64; x64; rv:132.0) Gecko/20100101 Firefox/132.0"
95.33.90.18 - - [14/Nov/2024:19:51:03 +0530] "GET /assets/js/plugins/instagramfeed.min.js HTTP/1.1" 200 6812 "https://www.krishnamexports.com/" "Mozilla/5.0 (Windows NT 10.0; Win64; x64; rv:132.0) Gecko/20100101 Firefox/132.0"
95.33.90.18 - - [14/Nov/2024:19:51:03 +0530] "GET /assets/js/plugins/ajaxchimp.js HTTP/1.1" 200 2545 "https://www.krishnamexports.com/" "Mozilla/5.0 (Windows NT 10.0; Win64; x64; rv:132.0) Gecko/20100101 Firefox/132.0"
95.33.90.18 - - [14/Nov/2024:19:51:03 +0530] "GET /assets/js/plugins/ajax-mail.js HTTP/1.1" 200 1342 "https://www.krishnamexports.com/" "Mozilla/5.0 (Windows NT 10.0; Win64; x64; rv:132.0) Gecko/20100101 Firefox/132.0"
95.33.90.18 - - [14/Nov/2024:19:51:03 +0530] "GET /assets/js/plugins/google-map.js HTTP/1.1" 200 4464 "https://www.krishnamexports.com/" "Mozilla/5.0 (Windows NT 10.0; Win64; x64; rv:132.0) Gecko/20100101 Firefox/132.0"
95.33.90.18 - - [14/Nov/2024:19:51:03 +0530] "GET /assets/js/main.js HTTP/1.1" 200 18654 "https://www.krishnamexports.com/" "Mozilla/5.0 (Windows NT 10.0; Win64; x64; rv:132.0) Gecko/20100101 Firefox/132.0"
95.33.90.18 - - [14/Nov/2024:19:51:03 +0530] "GET /js/blockui.min.js HTTP/1.1" 200 9164 "https://www.krishnamexports.com/" "Mozilla/5.0 (Windows NT 10.0; Win64; x64; rv:132.0) Gecko/20100101 Firefox/132.0"
95.33.90.18 - - [14/Nov/2024:19:51:03 +0530] "GET /js/function.js HTTP/1.1" 200 15257 "https://www.krishnamexports.com/" "Mozilla/5.0 (Windows NT 10.0; Win64; x64; rv:132.0) Gecko/20100101 Firefox/132.0"
95.33.90.18 - - [14/Nov/2024:19:51:03 +0530] "GET /images/chain/6.jpeg HTTP/1.1" 200 8582 "https://www.krishnamexports.com/" "Mozilla/5.0 (Windows NT 10.0; Win64; x64; rv:132.0) Gecko/20100101 Firefox/132.0"
95.33.90.18 - - [14/Nov/2024:19:51:03 +0530] "GET /images/chain/5.jpeg HTTP/1.1" 200 11647 "https://www.krishnamexports.com/" "Mozilla/5.0 (Windows NT 10.0; Win64; x64; rv:132.0) Gecko/20100101 Firefox/132.0"
95.33.90.18 - - [14/Nov/2024:19:51:03 +0530] "GET /images/chain/7.jpeg HTTP/1.1" 200 10952 "https://www.krishnamexports.com/" "Mozilla/5.0 (Windows NT 10.0; Win64; x64; rv:132.0) Gecko/20100101 Firefox/132.0"
95.33.90.18 - - [14/Nov/2024:19:51:03 +0530] "GET /images/gemstones/1.jpeg HTTP/1.1" 200 6947 "https://www.krishnamexports.com/" "Mozilla/5.0 (Windows NT 10.0; Win64; x64; rv:132.0) Gecko/20100101 Firefox/132.0"
95.33.90.18 - - [14/Nov/2024:19:51:03 +0530] "GET /logo/8.png HTTP/1.1" 200 45961 "https://www.krishnamexports.com/" "Mozilla/5.0 (Windows NT 10.0; Win64; x64; rv:132.0) Gecko/20100101 Firefox/132.0"
94.23.203.52 - - [14/Nov/2024:19:51:03 +0530] "GET /product/122229.html?product_id=580 HTTP/1.1" 200 77380 "-" "Mozilla/5.0 (compatible; MJ12bot/v1.4.8; http://mj12bot.com/)"
95.33.90.18 - - [14/Nov/2024:19:51:03 +0530] "GET /home_setting/earring.jpg HTTP/1.1" 200 61896 "https://www.krishnamexports.com/" "Mozilla/5.0 (Windows NT 10.0; Win64; x64; rv:132.0) Gecko/20100101 Firefox/132.0"
95.33.90.18 - - [14/Nov/2024:19:51:03 +0530] "GET /home_setting/ring.jpg HTTP/1.1" 200 77710 "https://www.krishnamexports.com/" "Mozilla/5.0 (Windows NT 10.0; Win64; x64; rv:132.0) Gecko/20100101 Firefox/132.0"
95.33.90.18 - - [14/Nov/2024:19:51:03 +0530] "GET /home_setting/pendant.jpg HTTP/1.1" 200 80511 "https://www.krishnamexports.com/" "Mozilla/5.0 (Windows NT 10.0; Win64; x64; rv:132.0) Gecko/20100101 Firefox/132.0"
95.33.90.18 - - [14/Nov/2024:19:51:03 +0530] "GET /home_setting/bangles.jpg HTTP/1.1" 200 54587 "https://www.krishnamexports.com/" "Mozilla/5.0 (Windows NT 10.0; Win64; x64; rv:132.0) Gecko/20100101 Firefox/132.0"
95.33.90.18 - - [14/Nov/2024:19:51:04 +0530] "GET /home_setting/cufflink.jpg HTTP/1.1" 200 67075 "https://www.krishnamexports.com/" "Mozilla/5.0 (Windows NT 10.0; Win64; x64; rv:132.0) Gecko/20100101 Firefox/132.0"
95.33.90.18 - - [14/Nov/2024:19:51:04 +0530] "GET /images/diamond/1.jpeg HTTP/1.1" 200 9707 "https://www.krishnamexports.com/" "Mozilla/5.0 (Windows NT 10.0; Win64; x64; rv:132.0) Gecko/20100101 Firefox/132.0"
95.33.90.18 - - [14/Nov/2024:19:51:03 +0530] "GET /home_setting/set.jpg HTTP/1.1" 200 71163 "https://www.krishnamexports.com/" "Mozilla/5.0 (Windows NT 10.0; Win64; x64; rv:132.0) Gecko/20100101 Firefox/132.0"
95.33.90.18 - - [14/Nov/2024:19:51:04 +0530] "GET /images/diamond/2.jpeg HTTP/1.1" 200 17670 "https://www.krishnamexports.com/" "Mozilla/5.0 (Windows NT 10.0; Win64; x64; rv:132.0) Gecko/20100101 Firefox/132.0"
95.33.90.18 - - [14/Nov/2024:19:51:04 +0530] "GET /images/diamond/3.jpeg HTTP/1.1" 200 17313 "https://www.krishnamexports.com/" "Mozilla/5.0 (Windows NT 10.0; Win64; x64; rv:132.0) Gecko/20100101 Firefox/132.0"
95.33.90.18 - - [14/Nov/2024:19:51:04 +0530] "GET /images/diamond/4.jpeg HTTP/1.1" 200 11948 "https://www.krishnamexports.com/" "Mozilla/5.0 (Windows NT 10.0; Win64; x64; rv:132.0) Gecko/20100101 Firefox/132.0"
95.33.90.18 - - [14/Nov/2024:19:51:04 +0530] "GET /images/diamond/6.jpeg HTTP/1.1" 200 9190 "https://www.krishnamexports.com/" "Mozilla/5.0 (Windows NT 10.0; Win64; x64; rv:132.0) Gecko/20100101 Firefox/132.0"
95.33.90.18 - - [14/Nov/2024:19:51:04 +0530] "GET /images/diamond/5.jpeg HTTP/1.1" 200 14132 "https://www.krishnamexports.com/" "Mozilla/5.0 (Windows NT 10.0; Win64; x64; rv:132.0) Gecko/20100101 Firefox/132.0"
95.33.90.18 - - [14/Nov/2024:19:51:04 +0530] "GET /images/gold/1.jpeg HTTP/1.1" 200 21933 "https://www.krishnamexports.com/" "Mozilla/5.0 (Windows NT 10.0; Win64; x64; rv:132.0) Gecko/20100101 Firefox/132.0"
95.33.90.18 - - [14/Nov/2024:19:51:04 +0530] "GET /images/gold/2.jpeg HTTP/1.1" 200 12896 "https://www.krishnamexports.com/" "Mozilla/5.0 (Windows NT 10.0; Win64; x64; rv:132.0) Gecko/20100101 Firefox/132.0"
95.33.90.18 - - [14/Nov/2024:19:51:04 +0530] "GET /assets/fonts/fontawesome-webfont3e6e.woff2?v=4.7.0 HTTP/1.1" 200 77160 "https://www.krishnamexports.com/assets/css/vendor/font-awesome.min.css" "Mozilla/5.0 (Windows NT 10.0; Win64; x64; rv:132.0) Gecko/20100101 Firefox/132.0"
95.33.90.18 - - [14/Nov/2024:19:51:04 +0530] "GET /assets/fonts/Pe-icon-7-strokebb1d.woff?d7yf1v HTTP/1.1" 200 58556 "https://www.krishnamexports.com/assets/css/vendor/pe-icon-7-stroke.css" "Mozilla/5.0 (Windows NT 10.0; Win64; x64; rv:132.0) Gecko/20100101 Firefox/132.0"
95.33.90.18 - - [14/Nov/2024:19:51:04 +0530] "GET /images/gold/3.jpeg HTTP/1.1" 200 12594 "https://www.krishnamexports.com/" "Mozilla/5.0 (Windows NT 10.0; Win64; x64; rv:132.0) Gecko/20100101 Firefox/132.0"
95.33.90.18 - - [14/Nov/2024:19:51:04 +0530] "GET /images/gold/5.jpeg HTTP/1.1" 200 13192 "https://www.krishnamexports.com/" "Mozilla/5.0 (Windows NT 10.0; Win64; x64; rv:132.0) Gecko/20100101 Firefox/132.0"
95.33.90.18 - - [14/Nov/2024:19:51:04 +0530] "GET /images/gold/4.jpeg HTTP/1.1" 200 10019 "https://www.krishnamexports.com/" "Mozilla/5.0 (Windows NT 10.0; Win64; x64; rv:132.0) Gecko/20100101 Firefox/132.0"
95.33.90.18 - - [14/Nov/2024:19:51:04 +0530] "GET /userfiles/PhotoRoom-20230711_185806.png HTTP/1.1" 200 1144200 "https://www.krishnamexports.com/" "Mozilla/5.0 (Windows NT 10.0; Win64; x64; rv:132.0) Gecko/20100101 Firefox/132.0"
95.33.90.18 - - [14/Nov/2024:19:51:04 +0530] "GET /images/silver/2.jpeg HTTP/1.1" 200 19078 "https://www.krishnamexports.com/" "Mozilla/5.0 (Windows NT 10.0; Win64; x64; rv:132.0) Gecko/20100101 Firefox/132.0"
95.33.90.18 - - [14/Nov/2024:19:51:04 +0530] "GET /images/gold/6.jpeg HTTP/1.1" 200 25690 "https://www.krishnamexports.com/" "Mozilla/5.0 (Windows NT 10.0; Win64; x64; rv:132.0) Gecko/20100101 Firefox/132.0"
95.33.90.18 - - [14/Nov/2024:19:51:04 +0530] "GET /images/silver/1.jpeg HTTP/1.1" 200 15534 "https://www.krishnamexports.com/" "Mozilla/5.0 (Windows NT 10.0; Win64; x64; rv:132.0) Gecko/20100101 Firefox/132.0"
95.33.90.18 - - [14/Nov/2024:19:51:04 +0530] "GET /images/silver/3.jpeg HTTP/1.1" 200 9613 "https://www.krishnamexports.com/" "Mozilla/5.0 (Windows NT 10.0; Win64; x64; rv:132.0) Gecko/20100101 Firefox/132.0"
95.33.90.18 - - [14/Nov/2024:19:51:04 +0530] "GET /images/silver/4.jpeg HTTP/1.1" 200 11639 "https://www.krishnamexports.com/" "Mozilla/5.0 (Windows NT 10.0; Win64; x64; rv:132.0) Gecko/20100101 Firefox/132.0"
95.33.90.18 - - [14/Nov/2024:19:51:04 +0530] "GET /images/silver/5.jpeg HTTP/1.1" 200 14613 "https://www.krishnamexports.com/" "Mozilla/5.0 (Windows NT 10.0; Win64; x64; rv:132.0) Gecko/20100101 Firefox/132.0"
95.33.90.18 - - [14/Nov/2024:19:51:04 +0530] "GET /images/silver/6.jpeg HTTP/1.1" 200 10265 "https://www.krishnamexports.com/" "Mozilla/5.0 (Windows NT 10.0; Win64; x64; rv:132.0) Gecko/20100101 Firefox/132.0"
95.33.90.18 - - [14/Nov/2024:19:51:05 +0530] "GET /images/chain/3.jpeg HTTP/1.1" 200 8144 "https://www.krishnamexports.com/" "Mozilla/5.0 (Windows NT 10.0; Win64; x64; rv:132.0) Gecko/20100101 Firefox/132.0"
95.33.90.18 - - [14/Nov/2024:19:51:05 +0530] "GET /images/chain/2.jpeg HTTP/1.1" 200 10206 "https://www.krishnamexports.com/" "Mozilla/5.0 (Windows NT 10.0; Win64; x64; rv:132.0) Gecko/20100101 Firefox/132.0"
95.33.90.18 - - [14/Nov/2024:19:51:05 +0530] "GET /images/chain/4.jpeg HTTP/1.1" 200 8290 "https://www.krishnamexports.com/" "Mozilla/5.0 (Windows NT 10.0; Win64; x64; rv:132.0) Gecko/20100101 Firefox/132.0"
95.33.90.18 - - [14/Nov/2024:19:51:05 +0530] "GET /images/gemstones/2.jpeg HTTP/1.1" 200 19799 "https://www.krishnamexports.com/" "Mozilla/5.0 (Windows NT 10.0; Win64; x64; rv:132.0) Gecko/20100101 Firefox/132.0"
95.33.90.18 - - [14/Nov/2024:19:51:05 +0530] "GET /images/gemstones/3.jpeg HTTP/1.1" 200 26989 "https://www.krishnamexports.com/" "Mozilla/5.0 (Windows NT 10.0; Win64; x64; rv:132.0) Gecko/20100101 Firefox/132.0"
95.33.90.18 - - [14/Nov/2024:19:51:05 +0530] "GET /images/gemstones/4.jpeg HTTP/1.1" 200 18763 "https://www.krishnamexports.com/" "Mozilla/5.0 (Windows NT 10.0; Win64; x64; rv:132.0) Gecko/20100101 Firefox/132.0"
95.33.90.18 - - [14/Nov/2024:19:51:05 +0530] "GET /images/gemstones/5.jpeg HTTP/1.1" 200 16182 "https://www.krishnamexports.com/" "Mozilla/5.0 (Windows NT 10.0; Win64; x64; rv:132.0) Gecko/20100101 Firefox/132.0"
95.33.90.18 - - [14/Nov/2024:19:51:05 +0530] "GET /images/gemstones/6.jpeg HTTP/1.1" 200 14114 "https://www.krishnamexports.com/" "Mozilla/5.0 (Windows NT 10.0; Win64; x64; rv:132.0) Gecko/20100101 Firefox/132.0"
95.33.90.18 - - [14/Nov/2024:19:51:05 +0530] "GET /images/fashion/1.jpeg HTTP/1.1" 200 11089 "https://www.krishnamexports.com/" "Mozilla/5.0 (Windows NT 10.0; Win64; x64; rv:132.0) Gecko/20100101 Firefox/132.0"
95.33.90.18 - - [14/Nov/2024:19:51:05 +0530] "GET /images/fashion/2.jpeg HTTP/1.1" 200 12169 "https://www.krishnamexports.com/" "Mozilla/5.0 (Windows NT 10.0; Win64; x64; rv:132.0) Gecko/20100101 Firefox/132.0"
95.33.90.18 - - [14/Nov/2024:19:51:05 +0530] "GET / HTTP/1.1" 200 181616 "https://l.facebook.com/" "Mozilla/5.0 (Windows NT 10.0; Win64; x64; rv:132.0) Gecko/20100101 Firefox/132.0"
95.33.90.18 - - [14/Nov/2024:19:51:05 +0530] "GET /images/fashion/3.jpeg HTTP/1.1" 200 8734 "https://www.krishnamexports.com/" "Mozilla/5.0 (Windows NT 10.0; Win64; x64; rv:132.0) Gecko/20100101 Firefox/132.0"
95.33.90.18 - - [14/Nov/2024:19:51:05 +0530] "GET /images/fashion/4.jpeg HTTP/1.1" 200 8669 "https://www.krishnamexports.com/" "Mozilla/5.0 (Windows NT 10.0; Win64; x64; rv:132.0) Gecko/20100101 Firefox/132.0"
95.33.90.18 - - [14/Nov/2024:19:51:05 +0530] "GET /images/fashion/5.jpeg HTTP/1.1" 200 10451 "https://www.krishnamexports.com/" "Mozilla/5.0 (Windows NT 10.0; Win64; x64; rv:132.0) Gecko/20100101 Firefox/132.0"
95.33.90.18 - - [14/Nov/2024:19:51:05 +0530] "GET /images/fashion/6.jpeg HTTP/1.1" 200 20355 "https://www.krishnamexports.com/" "Mozilla/5.0 (Windows NT 10.0; Win64; x64; rv:132.0) Gecko/20100101 Firefox/132.0"
95.33.90.18 - - [14/Nov/2024:19:51:05 +0530] "GET /categorys/cat-1.jpg HTTP/1.1" 200 114216 "https://www.krishnamexports.com/" "Mozilla/5.0 (Windows NT 10.0; Win64; x64; rv:132.0) Gecko/20100101 Firefox/132.0"
95.33.90.18 - - [14/Nov/2024:19:51:05 +0530] "GET /categorys/8.jpg HTTP/1.1" 200 96106 "https://www.krishnamexports.com/" "Mozilla/5.0 (Windows NT 10.0; Win64; x64; rv:132.0) Gecko/20100101 Firefox/132.0"
95.33.90.18 - - [14/Nov/2024:19:51:05 +0530] "GET /categorys/cat-8.jpg HTTP/1.1" 200 70542 "https://www.krishnamexports.com/" "Mozilla/5.0 (Windows NT 10.0; Win64; x64; rv:132.0) Gecko/20100101 Firefox/132.0"
95.33.90.18 - - [14/Nov/2024:19:51:05 +0530] "GET /categorys/7.jpg HTTP/1.1" 200 63626 "https://www.krishnamexports.com/" "Mozilla/5.0 (Windows NT 10.0; Win64; x64; rv:132.0) Gecko/20100101 Firefox/132.0"
95.33.90.18 - - [14/Nov/2024:19:51:05 +0530] "GET /categorys/9.jpg HTTP/1.1" 200 65665 "https://www.krishnamexports.com/" "Mozilla/5.0 (Windows NT 10.0; Win64; x64; rv:132.0) Gecko/20100101 Firefox/132.0"
95.33.90.18 - - [14/Nov/2024:19:51:05 +0530] "GET /categorys/cat-2.jpg HTTP/1.1" 200 72391 "https://www.krishnamexports.com/" "Mozilla/5.0 (Windows NT 10.0; Win64; x64; rv:132.0) Gecko/20100101 Firefox/132.0"
95.33.90.18 - - [14/Nov/2024:19:51:05 +0530] "GET /categorys/10.jpg HTTP/1.1" 200 82575 "https://www.krishnamexports.com/" "Mozilla/5.0 (Windows NT 10.0; Win64; x64; rv:132.0) Gecko/20100101 Firefox/132.0"
95.33.90.18 - - [14/Nov/2024:19:51:05 +0530] "GET /categorys/sets.jpg HTTP/1.1" 200 60546 "https://www.krishnamexports.com/" "Mozilla/5.0 (Windows NT 10.0; Win64; x64; rv:132.0) Gecko/20100101 Firefox/132.0"
95.33.90.18 - - [14/Nov/2024:19:51:06 +0530] "GET /testimonial/316HGjHjW4L._SL1024_.jpg HTTP/1.1" 200 13679 "https://www.krishnamexports.com/" "Mozilla/5.0 (Windows NT 10.0; Win64; x64; rv:132.0) Gecko/20100101 Firefox/132.0"
95.33.90.18 - - [14/Nov/2024:19:51:06 +0530] "GET /assets/img/banner/popup-img.jpg HTTP/1.1" 200 63173 "https://www.krishnamexports.com/" "Mozilla/5.0 (Windows NT 10.0; Win64; x64; rv:132.0) Gecko/20100101 Firefox/132.0"
95.33.90.18 - - [14/Nov/2024:19:51:06 +0530] "GET /slider/PhotoRoom-20230711_185956.png HTTP/1.1" 200 860313 "https://www.krishnamexports.com/" "Mozilla/5.0 (Windows NT 10.0; Win64; x64; rv:132.0) Gecko/20100101 Firefox/132.0"
95.33.90.18 - - [14/Nov/2024:19:51:06 +0530] "GET /assets/img/footer1.png HTTP/1.1" 200 8576 "https://www.krishnamexports.com/" "Mozilla/5.0 (Windows NT 10.0; Win64; x64; rv:132.0) Gecko/20100101 Firefox/132.0"
95.33.90.18 - - [14/Nov/2024:19:51:06 +0530] "GET /assets/img/pay-1.png HTTP/1.1" 200 12720 "https://www.krishnamexports.com/" "Mozilla/5.0 (Windows NT 10.0; Win64; x64; rv:132.0) Gecko/20100101 Firefox/132.0"
95.33.90.18 - - [14/Nov/2024:19:51:06 +0530] "GET /assets/img/pay-2.png HTTP/1.1" 200 13562 "https://www.krishnamexports.com/" "Mozilla/5.0 (Windows NT 10.0; Win64; x64; rv:132.0) Gecko/20100101 Firefox/132.0"
95.33.90.18 - - [14/Nov/2024:19:51:06 +0530] "GET /assets/img/pay-3.png HTTP/1.1" 200 11916 "https://www.krishnamexports.com/" "Mozilla/5.0 (Windows NT 10.0; Win64; x64; rv:132.0) Gecko/20100101 Firefox/132.0"
94.23.203.52 - - [14/Nov/2024:19:51:06 +0530] "GET /product/122229.html?product_id=584 HTTP/1.1" 200 77380 "-" "Mozilla/5.0 (compatible; MJ12bot/v1.4.8; http://mj12bot.com/)"
95.33.90.18 - - [14/Nov/2024:19:51:06 +0530] "GET /assets/img/icon/empty-cart.png HTTP/1.1" 200 4605 "https://www.krishnamexports.com/" "Mozilla/5.0 (Windows NT 10.0; Win64; x64; rv:132.0) Gecko/20100101 Firefox/132.0"
95.33.90.18 - - [14/Nov/2024:19:51:06 +0530] "GET /userfiles/Gemstones%20Cutiing(2).png HTTP/1.1" 200 108363 "https://www.krishnamexports.com/" "Mozilla/5.0 (Windows NT 10.0; Win64; x64; rv:132.0) Gecko/20100101 Firefox/132.0"
95.33.90.18 - - [14/Nov/2024:19:51:06 +0530] "GET /userfiles/jewelry%20Manufacturing(1).jpeg HTTP/1.1" 200 20596 "https://www.krishnamexports.com/" "Mozilla/5.0 (Windows NT 10.0; Win64; x64; rv:132.0) Gecko/20100101 Firefox/132.0"
95.33.90.18 - - [14/Nov/2024:19:51:06 +0530] "GET /userfiles/Laser%20Marking(2).jpg HTTP/1.1" 200 13219 "https://www.krishnamexports.com/" "Mozilla/5.0 (Windows NT 10.0; Win64; x64; rv:132.0) Gecko/20100101 Firefox/132.0"
95.33.90.18 - - [14/Nov/2024:19:51:06 +0530] "GET /userfiles/quality%20check(2).jpg HTTP/1.1" 200 28605 "https://www.krishnamexports.com/" "Mozilla/5.0 (Windows NT 10.0; Win64; x64; rv:132.0) Gecko/20100101 Firefox/132.0"
95.33.90.18 - - [14/Nov/2024:19:51:06 +0530] "GET /products/CS6901.jpg HTTP/1.1" 200 10460 "https://www.krishnamexports.com/" "Mozilla/5.0 (Windows NT 10.0; Win64; x64; rv:132.0) Gecko/20100101 Firefox/132.0"
95.33.90.18 - - [14/Nov/2024:19:51:06 +0530] "GET /products/CS6902.jpg HTTP/1.1" 200 82023 "https://www.krishnamexports.com/" "Mozilla/5.0 (Windows NT 10.0; Win64; x64; rv:132.0) Gecko/20100101 Firefox/132.0"
95.33.90.18 - - [14/Nov/2024:19:51:06 +0530] "GET /products/CS6903.jpg HTTP/1.1" 200 4963 "https://www.krishnamexports.com/" "Mozilla/5.0 (Windows NT 10.0; Win64; x64; rv:132.0) Gecko/20100101 Firefox/132.0"
95.33.90.18 - - [14/Nov/2024:19:51:06 +0530] "GET /products/CS6904.jpg HTTP/1.1" 200 18877 "https://www.krishnamexports.com/" "Mozilla/5.0 (Windows NT 10.0; Win64; x64; rv:132.0) Gecko/20100101 Firefox/132.0"
95.33.90.18 - - [14/Nov/2024:19:51:06 +0530] "GET /products/CS6905.jpg HTTP/1.1" 200 12763 "https://www.krishnamexports.com/" "Mozilla/5.0 (Windows NT 10.0; Win64; x64; rv:132.0) Gecko/20100101 Firefox/132.0"
95.33.90.18 - - [14/Nov/2024:19:51:06 +0530] "GET /products/CS6908.jpg HTTP/1.1" 200 10840 "https://www.krishnamexports.com/" "Mozilla/5.0 (Windows NT 10.0; Win64; x64; rv:132.0) Gecko/20100101 Firefox/132.0"
95.33.90.18 - - [14/Nov/2024:19:51:06 +0530] "GET /products/CS6907.jpg HTTP/1.1" 200 10770 "https://www.krishnamexports.com/" "Mozilla/5.0 (Windows NT 10.0; Win64; x64; rv:132.0) Gecko/20100101 Firefox/132.0"
95.33.90.18 - - [14/Nov/2024:19:51:07 +0530] "GET /products/CS6910.jpg HTTP/1.1" 200 35601 "https://www.krishnamexports.com/" "Mozilla/5.0 (Windows NT 10.0; Win64; x64; rv:132.0) Gecko/20100101 Firefox/132.0"
95.33.90.18 - - [14/Nov/2024:19:51:07 +0530] "GET /products/CS6911.jpg HTTP/1.1" 200 122185 "https://www.krishnamexports.com/" "Mozilla/5.0 (Windows NT 10.0; Win64; x64; rv:132.0) Gecko/20100101 Firefox/132.0"
95.33.90.18 - - [14/Nov/2024:19:51:07 +0530] "GET /products/818321403_STK579.jpg HTTP/1.1" 200 19402 "https://www.krishnamexports.com/" "Mozilla/5.0 (Windows NT 10.0; Win64; x64; rv:132.0) Gecko/20100101 Firefox/132.0"
95.33.90.18 - - [14/Nov/2024:19:51:06 +0530] "GET /products/CS6909.jpeg HTTP/1.1" 200 371749 "https://www.krishnamexports.com/" "Mozilla/5.0 (Windows NT 10.0; Win64; x64; rv:132.0) Gecko/20100101 Firefox/132.0"
95.33.90.18 - - [14/Nov/2024:19:51:07 +0530] "GET /products/1267829313_STK578.jpg HTTP/1.1" 200 18602 "https://www.krishnamexports.com/" "Mozilla/5.0 (Windows NT 10.0; Win64; x64; rv:132.0) Gecko/20100101 Firefox/132.0"
95.33.90.18 - - [14/Nov/2024:19:51:07 +0530] "GET /products/1754290454_STK577.jpg HTTP/1.1" 200 28361 "https://www.krishnamexports.com/" "Mozilla/5.0 (Windows NT 10.0; Win64; x64; rv:132.0) Gecko/20100101 Firefox/132.0"
95.33.90.18 - - [14/Nov/2024:19:51:07 +0530] "GET /products/74129004_STK576.jpg HTTP/1.1" 200 54126 "https://www.krishnamexports.com/" "Mozilla/5.0 (Windows NT 10.0; Win64; x64; rv:132.0) Gecko/20100101 Firefox/132.0"
95.33.90.18 - - [14/Nov/2024:19:51:07 +0530] "GET /products/1828253687_STK575.jpg HTTP/1.1" 200 25164 "https://www.krishnamexports.com/" "Mozilla/5.0 (Windows NT 10.0; Win64; x64; rv:132.0) Gecko/20100101 Firefox/132.0"
95.33.90.18 - - [14/Nov/2024:19:51:07 +0530] "GET /products/668143711_STK574.jpg HTTP/1.1" 200 174633 "https://www.krishnamexports.com/" "Mozilla/5.0 (Windows NT 10.0; Win64; x64; rv:132.0) Gecko/20100101 Firefox/132.0"
95.33.90.18 - - [14/Nov/2024:19:51:07 +0530] "GET /products/1203905326_STK573.jpg HTTP/1.1" 200 27467 "https://www.krishnamexports.com/" "Mozilla/5.0 (Windows NT 10.0; Win64; x64; rv:132.0) Gecko/20100101 Firefox/132.0"
95.33.90.18 - - [14/Nov/2024:19:51:07 +0530] "GET /products/1825569783_STK572.jpg HTTP/1.1" 200 61142 "https://www.krishnamexports.com/" "Mozilla/5.0 (Windows NT 10.0; Win64; x64; rv:132.0) Gecko/20100101 Firefox/132.0"
95.33.90.18 - - [14/Nov/2024:19:51:07 +0530] "GET /products/32528781_STK571.jpg HTTP/1.1" 200 73712 "https://www.krishnamexports.com/" "Mozilla/5.0 (Windows NT 10.0; Win64; x64; rv:132.0) Gecko/20100101 Firefox/132.0"
95.33.90.18 - - [14/Nov/2024:19:51:07 +0530] "GET /products/1250468670_STK570.jpg HTTP/1.1" 200 30809 "https://www.krishnamexports.com/" "Mozilla/5.0 (Windows NT 10.0; Win64; x64; rv:132.0) Gecko/20100101 Firefox/132.0"
95.33.90.18 - - [14/Nov/2024:19:51:07 +0530] "GET /products/CR6935.jpg HTTP/1.1" 200 66633 "https://www.krishnamexports.com/" "Mozilla/5.0 (Windows NT 10.0; Win64; x64; rv:132.0) Gecko/20100101 Firefox/132.0"
95.33.90.18 - - [14/Nov/2024:19:51:07 +0530] "GET /products/CR6937.jpg HTTP/1.1" 200 63994 "https://www.krishnamexports.com/" "Mozilla/5.0 (Windows NT 10.0; Win64; x64; rv:132.0) Gecko/20100101 Firefox/132.0"
95.33.90.18 - - [14/Nov/2024:19:51:07 +0530] "GET /products/SEG3856.jpg HTTP/1.1" 200 50272 "https://www.krishnamexports.com/" "Mozilla/5.0 (Windows NT 10.0; Win64; x64; rv:132.0) Gecko/20100101 Firefox/132.0"
95.33.90.18 - - [14/Nov/2024:19:51:07 +0530] "GET /products/P80185.jpg HTTP/1.1" 200 41411 "https://www.krishnamexports.com/" "Mozilla/5.0 (Windows NT 10.0; Win64; x64; rv:132.0) Gecko/20100101 Firefox/132.0"
95.33.90.18 - - [14/Nov/2024:19:51:07 +0530] "GET /assets/img/icon/cancel.png HTTP/1.1" 200 187 "https://www.krishnamexports.com/assets/css/style.css" "Mozilla/5.0 (Windows NT 10.0; Win64; x64; rv:132.0) Gecko/20100101 Firefox/132.0"
95.33.90.18 - - [14/Nov/2024:19:51:07 +0530] "GET /undefined HTTP/1.1" 404 - "https://www.krishnamexports.com/" "Mozilla/5.0 (Windows NT 10.0; Win64; x64; rv:132.0) Gecko/20100101 Firefox/132.0"
95.33.90.18 - - [14/Nov/2024:19:51:07 +0530] "GET /assets/img/whatsapp-icon.png HTTP/1.1" 200 29635 "https://www.krishnamexports.com/" "Mozilla/5.0 (Windows NT 10.0; Win64; x64; rv:132.0) Gecko/20100101 Firefox/132.0"
94.23.203.52 - - [14/Nov/2024:19:51:09 +0530] "GET /product/122229.html?product_id=585 HTTP/1.1" 200 77380 "-" "Mozilla/5.0 (compatible; MJ12bot/v1.4.8; http://mj12bot.com/)"
95.33.90.18 - - [14/Nov/2024:19:51:10 +0530] "GET /logo/fav.png HTTP/1.1" 200 1149 "https://www.krishnamexports.com/" "Mozilla/5.0 (Windows NT 10.0; Win64; x64; rv:132.0) Gecko/20100101 Firefox/132.0"
95.33.90.18 - - [14/Nov/2024:19:51:10 +0530] "GET /assets/fonts/Pe-icon-7-strokebb1d.ttf?d7yf1v HTTP/1.1" 200 58480 "https://www.krishnamexports.com/assets/css/vendor/pe-icon-7-stroke.css" "Mozilla/5.0 (Windows NT 10.0; Win64; x64; rv:132.0) Gecko/20100101 Firefox/132.0"
95.33.90.18 - - [14/Nov/2024:19:51:10 +0530] "GET /assets/fonts/fontawesome-webfont3e6e.woff?v=4.7.0 HTTP/1.1" 200 98024 "https://www.krishnamexports.com/assets/css/vendor/font-awesome.min.css" "Mozilla/5.0 (Windows NT 10.0; Win64; x64; rv:132.0) Gecko/20100101 Firefox/132.0"
85.208.96.206 - - [14/Nov/2024:19:51:12 +0530] "GET /product/C102650?c=824&keyword=calling HTTP/1.1" 200 77380 "-" "Mozilla/5.0 (compatible; SemrushBot/7~bl; +http://www.semrush.com/bot.html)"
94.23.203.52 - - [14/Nov/2024:19:51:12 +0530] "GET /product/122229.html?product_id=586 HTTP/1.1" 200 77380 "-" "Mozilla/5.0 (compatible; MJ12bot/v1.4.8; http://mj12bot.com/)"
185.191.171.11 - - [14/Nov/2024:19:51:15 +0530] "GET /product/V671?c=660&keyword=Taipei HTTP/1.1" 200 77380 "-" "Mozilla/5.0 (compatible; SemrushBot/7~bl; +http://www.semrush.com/bot.html)"
94.23.203.52 - - [14/Nov/2024:19:51:16 +0530] "GET /product/122229.html?product_id=590 HTTP/1.1" 200 77380 "-" "Mozilla/5.0 (compatible; MJ12bot/v1.4.8; http://mj12bot.com/)"
94.23.203.52 - - [14/Nov/2024:19:51:20 +0530] "GET /product/122229.html?product_id=591 HTTP/1.1" 200 77380 "-" "Mozilla/5.0 (compatible; MJ12bot/v1.4.8; http://mj12bot.com/)"
94.23.203.52 - - [14/Nov/2024:19:51:23 +0530] "GET /product/122229.html?product_id=592 HTTP/1.1" 200 77380 "-" "Mozilla/5.0 (compatible; MJ12bot/v1.4.8; http://mj12bot.com/)"
114.119.147.233 - - [14/Nov/2024:19:51:25 +0530] "GET /subcategory/gemstones-rings&page_no=3 HTTP/1.1" 200 186455 "https://www.krishnamexports.com/subcategory/gemstones-rings&page_no=4" "Mozilla/5.0 (Linux; Android 7.0;) AppleWebKit/537.36 (KHTML, like Gecko) Mobile Safari/537.36 (compatible; PetalBot;+https://webmaster.petalsearch.com/site/petalbot)"
94.23.203.52 - - [14/Nov/2024:19:51:27 +0530] "GET /product/122229.html?product_id=594 HTTP/1.1" 200 77380 "-" "Mozilla/5.0 (compatible; MJ12bot/v1.4.8; http://mj12bot.com/)"
94.23.203.52 - - [14/Nov/2024:19:51:30 +0530] "GET /product/122229.html?product_id=598 HTTP/1.1" 200 77380 "-" "Mozilla/5.0 (compatible; MJ12bot/v1.4.8; http://mj12bot.com/)"
66.249.79.37 - - [14/Nov/2024:19:51:31 +0530] "GET /169886319.phtml HTTP/1.1" 404 - "-" "Mozilla/5.0 (Linux; Android 6.0.1; Nexus 5X Build/MMB29P) AppleWebKit/537.36 (KHTML, like Gecko) Chrome/130.0.6723.116 Mobile Safari/537.36 (compatible; Googlebot/2.1; +http://www.google.com/bot.html)"
94.23.203.52 - - [14/Nov/2024:19:51:35 +0530] "GET /product/122229.html?product_id=602 HTTP/1.1" 200 77380 "-" "Mozilla/5.0 (compatible; MJ12bot/v1.4.8; http://mj12bot.com/)"
94.23.203.52 - - [14/Nov/2024:19:51:37 +0530] "GET /product/122229.html?product_id=604 HTTP/1.1" 200 77380 "-" "Mozilla/5.0 (compatible; MJ12bot/v1.4.8; http://mj12bot.com/)"
94.23.203.52 - - [14/Nov/2024:19:51:40 +0530] "GET /product/122229.html?product_id=606 HTTP/1.1" 200 77380 "-" "Mozilla/5.0 (compatible; MJ12bot/v1.4.8; http://mj12bot.com/)"
94.23.203.52 - - [14/Nov/2024:19:51:44 +0530] "GET /product/122229.html?product_id=610 HTTP/1.1" 200 77380 "-" "Mozilla/5.0 (compatible; MJ12bot/v1.4.8; http://mj12bot.com/)"
94.23.203.52 - - [14/Nov/2024:19:51:46 +0530] "GET /product/122229.html?product_id=611 HTTP/1.1" 200 77380 "-" "Mozilla/5.0 (compatible; MJ12bot/v1.4.8; http://mj12bot.com/)"
