94.23.203.52 - - [14/Nov/2024:19:51:51 +0530] "GET /product/122229.html?product_id=615 HTTP/1.1" 200 77380 "-" "Mozilla/5.0 (compatible; MJ12bot/v1.4.8; http://mj12bot.com/)"
85.208.96.194 - - [14/Nov/2024:19:51:54 +0530] "GET /product/X613311?c=41&keyword=troupe HTTP/1.1" 200 77380 "-" "Mozilla/5.0 (compatible; SemrushBot/7~bl; +http://www.semrush.com/bot.html)"
94.23.203.52 - - [14/Nov/2024:19:51:56 +0530] "GET /product/122229.html?product_id=616 HTTP/1.1" 200 77380 "-" "Mozilla/5.0 (compatible; MJ12bot/v1.4.8; http://mj12bot.com/)"
94.23.203.52 - - [14/Nov/2024:19:52:00 +0530] "GET /product/122229.html?product_id=62 HTTP/1.1" 200 77380 "-" "Mozilla/5.0 (compatible; MJ12bot/v1.4.8; http://mj12bot.com/)"
94.23.203.52 - - [14/Nov/2024:19:52:03 +0530] "GET /product/122229.html?product_id=620 HTTP/1.1" 200 77380 "-" "Mozilla/5.0 (compatible; MJ12bot/v1.4.8; http://mj12bot.com/)"
94.23.203.52 - - [14/Nov/2024:19:52:06 +0530] "GET /product/122229.html?product_id=621 HTTP/1.1" 200 77380 "-" "Mozilla/5.0 (compatible; MJ12bot/v1.4.8; http://mj12bot.com/)"
94.23.203.52 - - [14/Nov/2024:19:52:09 +0530] "GET /product/122229.html?product_id=622 HTTP/1.1" 200 77380 "-" "Mozilla/5.0 (compatible; MJ12bot/v1.4.8; http://mj12bot.com/)"
40.77.167.116 - - [14/Nov/2024:19:52:10 +0530] "GET /contact/?contact_type=bulk_order HTTP/1.1" 404 - "-" "Mozilla/5.0 AppleWebKit/537.36 (KHTML, like Gecko; compatible; bingbot/2.0; +http://www.bing.com/bingbot.htm) Chrome/116.0.1938.76 Safari/537.36"
85.208.96.195 - - [14/Nov/2024:19:52:11 +0530] "GET /product/B627823?c=866&keyword=pompous HTTP/1.1" 200 77380 "-" "Mozilla/5.0 (compatible; SemrushBot/7~bl; +http://www.semrush.com/bot.html)"
94.23.203.52 - - [14/Nov/2024:19:52:12 +0530] "GET /product/122229.html?product_id=624 HTTP/1.1" 200 77380 "-" "Mozilla/5.0 (compatible; MJ12bot/v1.4.8; http://mj12bot.com/)"
94.23.203.52 - - [14/Nov/2024:19:52:14 +0530] "GET /product/122229.html?product_id=626 HTTP/1.1" 200 77380 "-" "Mozilla/5.0 (compatible; MJ12bot/v1.4.8; http://mj12bot.com/)"
94.23.203.52 - - [14/Nov/2024:19:52:17 +0530] "GET /product/122229.html?product_id=627 HTTP/1.1" 200 77380 "-" "Mozilla/5.0 (compatible; MJ12bot/v1.4.8; http://mj12bot.com/)"
94.23.203.52 - - [14/Nov/2024:19:52:21 +0530] "GET /product/122229.html?product_id=628 HTTP/1.1" 200 77380 "-" "Mozilla/5.0 (compatible; MJ12bot/v1.4.8; http://mj12bot.com/)"
85.208.96.194 - - [14/Nov/2024:19:52:21 +0530] "GET /product/J620083?c=901&keyword=passivity HTTP/1.1" 200 77380 "-" "Mozilla/5.0 (compatible; SemrushBot/7~bl; +http://www.semrush.com/bot.html)"
94.23.203.52 - - [14/Nov/2024:19:52:24 +0530] "GET /product/122229.html?product_id=629 HTTP/1.1" 200 77380 "-" "Mozilla/5.0 (compatible; MJ12bot/v1.4.8; http://mj12bot.com/)"
185.191.171.4 - - [14/Nov/2024:19:52:25 +0530] "GET /product/L765711?c=170&keyword=troupe HTTP/1.1" 200 77380 "-" "Mozilla/5.0 (compatible; SemrushBot/7~bl; +http://www.semrush.com/bot.html)"
94.23.203.52 - - [14/Nov/2024:19:52:27 +0530] "GET /product/122229.html?product_id=630 HTTP/1.1" 200 77380 "-" "Mozilla/5.0 (compatible; MJ12bot/v1.4.8; http://mj12bot.com/)"
94.23.203.52 - - [14/Nov/2024:19:52:30 +0530] "GET /product/122229.html?product_id=631 HTTP/1.1" 200 77380 "-" "Mozilla/5.0 (compatible; MJ12bot/v1.4.8; http://mj12bot.com/)"
94.23.203.52 - - [14/Nov/2024:19:52:35 +0530] "GET /product/122229.html?product_id=632 HTTP/1.1" 200 77380 "-" "Mozilla/5.0 (compatible; MJ12bot/v1.4.8; http://mj12bot.com/)"
94.23.203.52 - - [14/Nov/2024:19:52:38 +0530] "GET /product/122229.html?product_id=634 HTTP/1.1" 200 77380 "-" "Mozilla/5.0 (compatible; MJ12bot/v1.4.8; http://mj12bot.com/)"
85.208.96.193 - - [14/Nov/2024:19:52:43 +0530] "GET /product/B461293?c=258&keyword=influenza HTTP/1.1" 200 77380 "-" "Mozilla/5.0 (compatible; SemrushBot/7~bl; +http://www.semrush.com/bot.html)"
94.23.203.52 - - [14/Nov/2024:19:52:43 +0530] "GET /product/122229.html?product_id=635 HTTP/1.1" 200 77380 "-" "Mozilla/5.0 (compatible; MJ12bot/v1.4.8; http://mj12bot.com/)"
40.77.167.116 - - [14/Nov/2024:19:52:46 +0530] "GET /subcategory/stud-earrings HTTP/1.1" 200 185966 "-" "Mozilla/5.0 AppleWebKit/537.36 (KHTML, like Gecko; compatible; bingbot/2.0; +http://www.bing.com/bingbot.htm) Chrome/116.0.1938.76 Safari/537.36"
94.23.203.52 - - [14/Nov/2024:19:52:47 +0530] "GET /product/122229.html?product_id=636 HTTP/1.1" 200 77380 "-" "Mozilla/5.0 (compatible; MJ12bot/v1.4.8; http://mj12bot.com/)"
185.191.171.11 - - [14/Nov/2024:19:52:55 +0530] "GET /product/B950691?c=834&keyword=browse HTTP/1.1" 200 77380 "-" "Mozilla/5.0 (compatible; SemrushBot/7~bl; +http://www.semrush.com/bot.html)"
94.23.203.52 - - [14/Nov/2024:19:52:56 +0530] "GET /product/122229.html?product_id=642 HTTP/1.1" 200 77380 "-" "Mozilla/5.0 (compatible; MJ12bot/v1.4.8; http://mj12bot.com/)"
94.23.203.52 - - [14/Nov/2024:19:52:59 +0530] "GET /product/122229.html?product_id=644 HTTP/1.1" 200 77380 "-" "Mozilla/5.0 (compatible; MJ12bot/v1.4.8; http://mj12bot.com/)"
94.23.203.52 - - [14/Nov/2024:19:53:03 +0530] "GET /product/122229.html?product_id=645 HTTP/1.1" 200 77380 "-" "Mozilla/5.0 (compatible; MJ12bot/v1.4.8; http://mj12bot.com/)"
94.23.203.52 - - [14/Nov/2024:19:53:06 +0530] "GET /product/122229.html?product_id=647 HTTP/1.1" 200 77380 "-" "Mozilla/5.0 (compatible; MJ12bot/v1.4.8; http://mj12bot.com/)"
94.23.203.52 - - [14/Nov/2024:19:53:09 +0530] "GET /product/12223.html?product_id=974 HTTP/1.1" 200 77380 "-" "Mozilla/5.0 (compatible; MJ12bot/v1.4.8; http://mj12bot.com/)"
94.23.203.52 - - [14/Nov/2024:19:53:13 +0530] "GET /product/122230.html?product_id=277 HTTP/1.1" 200 77380 "-" "Mozilla/5.0 (compatible; MJ12bot/v1.4.8; http://mj12bot.com/)"
40.77.167.116 - - [14/Nov/2024:19:53:19 +0530] "GET /148689486.phtml HTTP/1.1" 404 - "-" "Mozilla/5.0 AppleWebKit/537.36 (KHTML, like Gecko; compatible; bingbot/2.0; +http://www.bing.com/bingbot.htm) Chrome/116.0.1938.76 Safari/537.36"
66.249.79.37 - - [14/Nov/2024:19:53:22 +0530] "GET /88555193.phtml HTTP/1.1" 404 - "-" "Mozilla/5.0 (Linux; Android 6.0.1; Nexus 5X Build/MMB29P) AppleWebKit/537.36 (KHTML, like Gecko) Chrome/130.0.6723.116 Mobile Safari/537.36 (compatible; Googlebot/2.1; +http://www.google.com/bot.html)"
185.191.171.17 - - [14/Nov/2024:19:53:33 +0530] "GET /71930727.phtml HTTP/1.1" 404 - "-" "Mozilla/5.0 (compatible; SemrushBot/7~bl; +http://www.semrush.com/bot.html)"
85.208.96.203 - - [14/Nov/2024:19:53:38 +0530] "GET /product/N138411?c=901&keyword=troupe HTTP/1.1" 200 77380 "-" "Mozilla/5.0 (compatible; SemrushBot/7~bl; +http://www.semrush.com/bot.html)"
85.208.96.206 - - [14/Nov/2024:19:53:44 +0530] "GET /product/F469747?c=697&keyword=sci-fi HTTP/1.1" 200 77380 "-" "Mozilla/5.0 (compatible; SemrushBot/7~bl; +http://www.semrush.com/bot.html)"
185.191.171.18 - - [14/Nov/2024:19:53:51 +0530] "GET /product/B151867?c=764&keyword=injure HTTP/1.1" 200 77380 "-" "Mozilla/5.0 (compatible; SemrushBot/7~bl; +http://www.semrush.com/bot.html)"
85.208.96.193 - - [14/Nov/2024:19:53:55 +0530] "GET /132820776.phtml HTTP/1.1" 404 - "-" "Mozilla/5.0 (compatible; SemrushBot/7~bl; +http://www.semrush.com/bot.html)"
185.191.171.17 - - [14/Nov/2024:19:54:02 +0530] "GET /product/X504007?c=700&keyword=plaque HTTP/1.1" 200 77380 "-" "Mozilla/5.0 (compatible; SemrushBot/7~bl; +http://www.semrush.com/bot.html)"
85.208.96.203 - - [14/Nov/2024:19:54:06 +0530] "GET /product/L650271?c=253&keyword=Taipei HTTP/1.1" 200 77380 "-" "Mozilla/5.0 (compatible; SemrushBot/7~bl; +http://www.semrush.com/bot.html)"
185.191.171.10 - - [14/Nov/2024:19:54:15 +0530] "GET /product/U652828?c=494&keyword=flight HTTP/1.1" 200 77380 "-" "Mozilla/5.0 (compatible; SemrushBot/7~bl; +http://www.semrush.com/bot.html)"
185.191.171.18 - - [14/Nov/2024:19:54:21 +0530] "GET /20183634.phtml HTTP/1.1" 404 - "-" "Mozilla/5.0 (compatible; SemrushBot/7~bl; +http://www.semrush.com/bot.html)"
85.208.96.193 - - [14/Nov/2024:19:54:30 +0530] "GET /product/N65221?c=258&keyword=recuperation HTTP/1.1" 200 77380 "-" "Mozilla/5.0 (compatible; SemrushBot/7~bl; +http://www.semrush.com/bot.html)"
85.208.96.201 - - [14/Nov/2024:19:54:46 +0530] "GET /product/V984875?c=187&keyword=Adder HTTP/1.1" 200 77380 "-" "Mozilla/5.0 (compatible; SemrushBot/7~bl; +http://www.semrush.com/bot.html)"
52.167.144.187 - - [14/Nov/2024:19:54:50 +0530] "GET /216616491.phtml HTTP/1.1" 404 - "-" "Mozilla/5.0 AppleWebKit/537.36 (KHTML, like Gecko; compatible; bingbot/2.0; +http://www.bing.com/bingbot.htm) Chrome/116.0.1938.76 Safari/537.36"
85.208.96.201 - - [14/Nov/2024:19:54:51 +0530] "GET /product/B289043?c=36&keyword=mobilehome HTTP/1.1" 200 77380 "-" "Mozilla/5.0 (compatible; SemrushBot/7~bl; +http://www.semrush.com/bot.html)"
185.191.171.19 - - [14/Nov/2024:19:54:53 +0530] "GET /product/F777093?c=767&keyword=influenza HTTP/1.1" 200 77380 "-" "Mozilla/5.0 (compatible; SemrushBot/7~bl; +http://www.semrush.com/bot.html)"
85.208.96.201 - - [14/Nov/2024:19:54:57 +0530] "GET /product/G571902?c=696&keyword=Lincoln HTTP/1.1" 200 77380 "-" "Mozilla/5.0 (compatible; SemrushBot/7~bl; +http://www.semrush.com/bot.html)"
185.191.171.13 - - [14/Nov/2024:19:55:27 +0530] "GET /product/X375645?c=999&keyword=symmetric HTTP/1.1" 200 77380 "-" "Mozilla/5.0 (compatible; SemrushBot/7~bl; +http://www.semrush.com/bot.html)"
85.208.96.208 - - [14/Nov/2024:19:55:53 +0530] "GET /product/S727472?c=117&keyword=encourage HTTP/1.1" 200 77380 "-" "Mozilla/5.0 (compatible; SemrushBot/7~bl; +http://www.semrush.com/bot.html)"
85.208.96.208 - - [14/Nov/2024:19:55:57 +0530] "GET /product/P769459?c=888&keyword=voiceless HTTP/1.1" 200 77380 "-" "Mozilla/5.0 (compatible; SemrushBot/7~bl; +http://www.semrush.com/bot.html)"
185.191.171.11 - - [14/Nov/2024:19:56:02 +0530] "GET /product/A48204?c=376&keyword=smear HTTP/1.1" 200 77380 "-" "Mozilla/5.0 (compatible; SemrushBot/7~bl; +http://www.semrush.com/bot.html)"
85.208.96.194 - - [14/Nov/2024:19:56:07 +0530] "GET /146595555.phtml HTTP/1.1" 404 - "-" "Mozilla/5.0 (compatible; SemrushBot/7~bl; +http://www.semrush.com/bot.html)"
85.208.96.208 - - [14/Nov/2024:19:56:14 +0530] "GET /117391410.phtml HTTP/1.1" 404 - "-" "Mozilla/5.0 (compatible; SemrushBot/7~bl; +http://www.semrush.com/bot.html)"
185.191.171.15 - - [14/Nov/2024:19:56:18 +0530] "GET /product/V113875?c=974&keyword=Adder HTTP/1.1" 200 77380 "-" "Mozilla/5.0 (compatible; SemrushBot/7~bl; +http://www.semrush.com/bot.html)"
114.119.130.3 - - [14/Nov/2024:19:56:21 +0530] "GET /product/silver-pendants-with-cz-cross-17 HTTP/1.1" 200 920999 "https://www.krishnamexports.com/product/silver-pendants-heart-3" "Mozilla/5.0 (Linux; Android 7.0;) AppleWebKit/537.36 (KHTML, like Gecko) Mobile Safari/537.36 (compatible; PetalBot;+https://webmaster.petalsearch.com/site/petalbot)"
185.191.171.8 - - [14/Nov/2024:19:56:23 +0530] "GET /product/D154105?c=407&keyword=kindness HTTP/1.1" 200 77380 "-" "Mozilla/5.0 (compatible; SemrushBot/7~bl; +http://www.semrush.com/bot.html)"
85.208.96.196 - - [14/Nov/2024:19:56:40 +0530] "GET /product/R452495?c=286&keyword=update HTTP/1.1" 200 77380 "-" "Mozilla/5.0 (compatible; SemrushBot/7~bl; +http://www.semrush.com/bot.html)"
85.208.96.193 - - [14/Nov/2024:19:56:44 +0530] "GET /product/C347388?c=194&keyword=Persia HTTP/1.1" 200 77380 "-" "Mozilla/5.0 (compatible; SemrushBot/7~bl; +http://www.semrush.com/bot.html)"
66.249.79.35 - - [14/Nov/2024:19:56:48 +0530] "GET /159076587.phtml HTTP/1.1" 404 - "-" "Mozilla/5.0 (Linux; Android 6.0.1; Nexus 5X Build/MMB29P) AppleWebKit/537.36 (KHTML, like Gecko) Chrome/131.0.6778.69 Mobile Safari/537.36 (compatible; Googlebot/2.1; +http://www.google.com/bot.html)"
66.249.79.36 - - [14/Nov/2024:19:56:49 +0530] "GET /94514953.phtml HTTP/1.1" 404 - "-" "Mozilla/5.0 (Linux; Android 6.0.1; Nexus 5X Build/MMB29P) AppleWebKit/537.36 (KHTML, like Gecko) Chrome/130.0.6723.116 Mobile Safari/537.36 (compatible; Googlebot/2.1; +http://www.google.com/bot.html)"
85.208.96.195 - - [14/Nov/2024:19:57:14 +0530] "GET /249089796.phtml HTTP/1.1" 404 - "-" "Mozilla/5.0 (compatible; SemrushBot/7~bl; +http://www.semrush.com/bot.html)"
85.208.96.201 - - [14/Nov/2024:19:57:28 +0530] "GET /product/C455418?c=380&keyword=Addict HTTP/1.1" 200 77380 "-" "Mozilla/5.0 (compatible; SemrushBot/7~bl; +http://www.semrush.com/bot.html)"
85.208.96.209 - - [14/Nov/2024:19:57:43 +0530] "GET /127068804.phtml HTTP/1.1" 404 - "-" "Mozilla/5.0 (compatible; SemrushBot/7~bl; +http://www.semrush.com/bot.html)"
185.191.171.6 - - [14/Nov/2024:19:57:44 +0530] "GET /product/Q644192?c=582&keyword=forthcoming HTTP/1.1" 200 77380 "-" "Mozilla/5.0 (compatible; SemrushBot/7~bl; +http://www.semrush.com/bot.html)"
85.208.96.194 - - [14/Nov/2024:19:57:50 +0530] "GET /product/D402899?c=475&keyword=reinforcement HTTP/1.1" 200 77380 "-" "Mozilla/5.0 (compatible; SemrushBot/7~bl; +http://www.semrush.com/bot.html)"
185.191.171.11 - - [14/Nov/2024:19:58:10 +0530] "GET /product/G345442?c=815&keyword=response HTTP/1.1" 200 77380 "-" "Mozilla/5.0 (compatible; SemrushBot/7~bl; +http://www.semrush.com/bot.html)"
185.191.171.11 - - [14/Nov/2024:19:58:51 +0530] "GET /product/L33161?c=251&keyword=cotton HTTP/1.1" 200 77380 "-" "Mozilla/5.0 (compatible; SemrushBot/7~bl; +http://www.semrush.com/bot.html)"
185.191.171.11 - - [14/Nov/2024:19:58:58 +0530] "GET /product/U408506?c=381&keyword=ambassador HTTP/1.1" 200 77380 "-" "Mozilla/5.0 (compatible; SemrushBot/7~bl; +http://www.semrush.com/bot.html)"
185.191.171.16 - - [14/Nov/2024:19:59:07 +0530] "GET /product/Z917747?c=270&keyword=sci-fi HTTP/1.1" 200 77380 "-" "Mozilla/5.0 (compatible; SemrushBot/7~bl; +http://www.semrush.com/bot.html)"
85.208.96.198 - - [14/Nov/2024:19:59:12 +0530] "GET /product/Y53818?c=332&keyword=Addict HTTP/1.1" 200 77380 "-" "Mozilla/5.0 (compatible; SemrushBot/7~bl; +http://www.semrush.com/bot.html)"
85.208.96.206 - - [14/Nov/2024:19:59:16 +0530] "GET /product/L52297?c=990&keyword=stage HTTP/1.1" 200 77380 "-" "Mozilla/5.0 (compatible; SemrushBot/7~bl; +http://www.semrush.com/bot.html)"
185.191.171.3 - - [14/Nov/2024:19:59:38 +0530] "GET /product/O122006?c=241&keyword=ambassador HTTP/1.1" 200 77380 "-" "Mozilla/5.0 (compatible; SemrushBot/7~bl; +http://www.semrush.com/bot.html)"
185.191.171.8 - - [14/Nov/2024:19:59:56 +0530] "GET /product/M543282?c=929&keyword=insignificant HTTP/1.1" 200 77380 "-" "Mozilla/5.0 (compatible; SemrushBot/7~bl; +http://www.semrush.com/bot.html)"
185.191.171.16 - - [14/Nov/2024:20:00:00 +0530] "GET /product/L642419?c=905&keyword=septet HTTP/1.1" 200 77380 "-" "Mozilla/5.0 (compatible; SemrushBot/7~bl; +http://www.semrush.com/bot.html)"
66.249.79.36 - - [14/Nov/2024:20:00:06 +0530] "GET /83670453.phtml HTTP/1.1" 404 - "-" "Mozilla/5.0 (Linux; Android 6.0.1; Nexus 5X Build/MMB29P) AppleWebKit/537.36 (KHTML, like Gecko) Chrome/131.0.6778.69 Mobile Safari/537.36 (compatible; Googlebot/2.1; +http://www.google.com/bot.html)"
185.191.171.16 - - [14/Nov/2024:20:00:09 +0530] "GET /product/N356317?c=99&keyword=waveform HTTP/1.1" 200 77380 "-" "Mozilla/5.0 (compatible; SemrushBot/7~bl; +http://www.semrush.com/bot.html)"
85.208.96.206 - - [14/Nov/2024:20:00:20 +0530] "GET /product/L51517?c=95&keyword=waveform HTTP/1.1" 200 77380 "-" "Mozilla/5.0 (compatible; SemrushBot/7~bl; +http://www.semrush.com/bot.html)"
85.208.96.211 - - [14/Nov/2024:20:00:24 +0530] "GET /product/Y77868?c=465&keyword=moped HTTP/1.1" 200 77380 "-" "Mozilla/5.0 (compatible; SemrushBot/7~bl; +http://www.semrush.com/bot.html)"
85.208.96.193 - - [14/Nov/2024:20:00:27 +0530] "GET /product/R849853?c=714&keyword=appendectomy HTTP/1.1" 200 77380 "-" "Mozilla/5.0 (compatible; SemrushBot/7~bl; +http://www.semrush.com/bot.html)"
185.191.171.14 - - [14/Nov/2024:20:00:47 +0530] "GET /product/C386726?c=756&keyword=traverse HTTP/1.1" 200 77380 "-" "Mozilla/5.0 (compatible; SemrushBot/7~bl; +http://www.semrush.com/bot.html)"
185.191.171.3 - - [14/Nov/2024:20:00:53 +0530] "GET /product/B244479?c=354&keyword=ordering HTTP/1.1" 200 77380 "-" "Mozilla/5.0 (compatible; SemrushBot/7~bl; +http://www.semrush.com/bot.html)"
185.191.171.7 - - [14/Nov/2024:20:01:05 +0530] "GET /product/A829114?c=227&keyword=recycling HTTP/1.1" 200 77380 "-" "Mozilla/5.0 (compatible; SemrushBot/7~bl; +http://www.semrush.com/bot.html)"
114.119.130.3 - - [14/Nov/2024:20:01:21 +0530] "GET /product/silver-pendants-moon HTTP/1.1" 200 921009 "https://www.krishnamexports.com/product/silver-pendants-heart-3" "Mozilla/5.0 (Linux; Android 7.0;) AppleWebKit/537.36 (KHTML, like Gecko) Mobile Safari/537.36 (compatible; PetalBot;+https://webmaster.petalsearch.com/site/petalbot)"
185.191.171.3 - - [14/Nov/2024:20:01:36 +0530] "GET /133193538.phtml HTTP/1.1" 404 - "-" "Mozilla/5.0 (compatible; SemrushBot/7~bl; +http://www.semrush.com/bot.html)"
185.191.171.6 - - [14/Nov/2024:20:01:58 +0530] "GET /product/A593528?c=77&keyword=flight HTTP/1.1" 200 77380 "-" "Mozilla/5.0 (compatible; SemrushBot/7~bl; +http://www.semrush.com/bot.html)"
185.191.171.3 - - [14/Nov/2024:20:02:10 +0530] "GET /49005216.phtml HTTP/1.1" 404 - "-" "Mozilla/5.0 (compatible; SemrushBot/7~bl; +http://www.semrush.com/bot.html)"
85.208.96.208 - - [14/Nov/2024:20:02:10 +0530] "GET /product/V133479?c=729&keyword=ordering HTTP/1.1" 200 77380 "-" "Mozilla/5.0 (compatible; SemrushBot/7~bl; +http://www.semrush.com/bot.html)"
185.191.171.14 - - [14/Nov/2024:20:02:16 +0530] "GET /98192142.phtml HTTP/1.1" 404 - "-" "Mozilla/5.0 (compatible; SemrushBot/7~bl; +http://www.semrush.com/bot.html)"
85.208.96.194 - - [14/Nov/2024:20:02:24 +0530] "GET /product/U580626?c=457&keyword=traverse HTTP/1.1" 200 77380 "-" "Mozilla/5.0 (compatible; SemrushBot/7~bl; +http://www.semrush.com/bot.html)"
185.191.171.14 - - [14/Nov/2024:20:02:33 +0530] "GET /product/S908718?c=853&keyword=Addict HTTP/1.1" 200 77380 "-" "Mozilla/5.0 (compatible; SemrushBot/7~bl; +http://www.semrush.com/bot.html)"
185.191.171.14 - - [14/Nov/2024:20:02:37 +0530] "GET /product/U110468?c=86&keyword=moped HTTP/1.1" 200 77380 "-" "Mozilla/5.0 (compatible; SemrushBot/7~bl; +http://www.semrush.com/bot.html)"
85.208.96.205 - - [14/Nov/2024:20:02:41 +0530] "GET /product/S362328?c=366&keyword=flight HTTP/1.1" 200 77380 "-" "Mozilla/5.0 (compatible; SemrushBot/7~bl; +http://www.semrush.com/bot.html)"
66.249.68.34 - - [14/Nov/2024:20:02:49 +0530] "GET /188404596.phtml HTTP/1.1" 404 - "-" "Mozilla/5.0 (Linux; Android 6.0.1; Nexus 5X Build/MMB29P) AppleWebKit/537.36 (KHTML, like Gecko) Chrome/130.0.6723.116 Mobile Safari/537.36 (compatible; Googlebot/2.1; +http://www.google.com/bot.html)"
85.208.96.200 - - [14/Nov/2024:20:03:39 +0530] "GET /product/W80206?c=122&keyword=ambassador HTTP/1.1" 200 77380 "-" "Mozilla/5.0 (compatible; SemrushBot/7~bl; +http://www.semrush.com/bot.html)"
85.208.96.206 - - [14/Nov/2024:20:03:42 +0530] "GET /product/G420400?c=992&keyword=stair HTTP/1.1" 200 77380 "-" "Mozilla/5.0 (compatible; SemrushBot/7~bl; +http://www.semrush.com/bot.html)"
185.191.171.13 - - [14/Nov/2024:20:03:47 +0530] "GET /product/U446466?c=35&keyword=ramshackle HTTP/1.1" 200 77380 "-" "Mozilla/5.0 (compatible; SemrushBot/7~bl; +http://www.semrush.com/bot.html)"
185.191.171.12 - - [14/Nov/2024:20:03:57 +0530] "GET /product/T566923?c=141&keyword=pompous HTTP/1.1" 200 77380 "-" "Mozilla/5.0 (compatible; SemrushBot/7~bl; +http://www.semrush.com/bot.html)"
185.191.171.14 - - [14/Nov/2024:20:04:01 +0530] "GET /product/Z405703?c=607&keyword=assessor HTTP/1.1" 200 77380 "-" "Mozilla/5.0 (compatible; SemrushBot/7~bl; +http://www.semrush.com/bot.html)"
85.208.96.195 - - [14/Nov/2024:20:04:26 +0530] "GET /product/P172291?c=118&keyword=browse HTTP/1.1" 200 77380 "-" "Mozilla/5.0 (compatible; SemrushBot/7~bl; +http://www.semrush.com/bot.html)"
185.191.171.13 - - [14/Nov/2024:20:04:30 +0530] "GET /product/Q664342?c=296&keyword=response HTTP/1.1" 200 77380 "-" "Mozilla/5.0 (compatible; SemrushBot/7~bl; +http://www.semrush.com/bot.html)"
185.191.171.15 - - [14/Nov/2024:20:04:35 +0530] "GET /product/N729469?c=747&keyword=moisture HTTP/1.1" 200 77380 "-" "Mozilla/5.0 (compatible; SemrushBot/7~bl; +http://www.semrush.com/bot.html)"
85.208.96.197 - - [14/Nov/2024:20:04:54 +0530] "GET /product/D111153?c=683&keyword=appendectomy HTTP/1.1" 200 77380 "-" "Mozilla/5.0 (compatible; SemrushBot/7~bl; +http://www.semrush.com/bot.html)"
85.208.96.197 - - [14/Nov/2024:20:04:57 +0530] "GET /166037985.phtml HTTP/1.1" 404 - "-" "Mozilla/5.0 (compatible; SemrushBot/7~bl; +http://www.semrush.com/bot.html)"
185.191.171.14 - - [14/Nov/2024:20:05:11 +0530] "GET /product/V333705?c=329&keyword=kindness HTTP/1.1" 200 77380 "-" "Mozilla/5.0 (compatible; SemrushBot/7~bl; +http://www.semrush.com/bot.html)"
85.208.96.197 - - [14/Nov/2024:20:05:16 +0530] "GET /product/M432418?c=307&keyword=Addict HTTP/1.1" 200 77380 "-" "Mozilla/5.0 (compatible; SemrushBot/7~bl; +http://www.semrush.com/bot.html)"
85.208.96.207 - - [14/Nov/2024:20:05:20 +0530] "GET /product/F477417?c=411&keyword=waveform HTTP/1.1" 200 77380 "-" "Mozilla/5.0 (compatible; SemrushBot/7~bl; +http://www.semrush.com/bot.html)"
185.191.171.10 - - [14/Nov/2024:20:05:53 +0530] "GET /33853113.phtml HTTP/1.1" 404 - "-" "Mozilla/5.0 (compatible; SemrushBot/7~bl; +http://www.semrush.com/bot.html)"
185.191.171.9 - - [14/Nov/2024:20:06:04 +0530] "GET /robots.txt HTTP/1.1" 404 - "-" "Mozilla/5.0 (compatible; SemrushBot/7~bl; +http://www.semrush.com/bot.html)"
185.191.171.15 - - [14/Nov/2024:20:06:06 +0530] "GET /product/R532185?c=848&keyword=choice HTTP/1.1" 200 77380 "-" "Mozilla/5.0 (compatible; SemrushBot/7~bl; +http://www.semrush.com/bot.html)"
185.191.171.5 - - [14/Nov/2024:20:06:11 +0530] "GET /product/D166091?c=900&keyword=browse HTTP/1.1" 200 77380 "-" "Mozilla/5.0 (compatible; SemrushBot/7~bl; +http://www.semrush.com/bot.html)"
85.208.96.194 - - [14/Nov/2024:20:06:16 +0530] "GET /product/G241702?c=661&keyword=Lincoln HTTP/1.1" 200 77380 "-" "Mozilla/5.0 (compatible; SemrushBot/7~bl; +http://www.semrush.com/bot.html)"
185.191.171.10 - - [14/Nov/2024:20:06:20 +0530] "GET /product/Z128569?c=516&keyword=moisture HTTP/1.1" 200 77380 "-" "Mozilla/5.0 (compatible; SemrushBot/7~bl; +http://www.semrush.com/bot.html)"
114.119.156.71 - - [14/Nov/2024:20:06:21 +0530] "GET /product/silver-earring-with-gemstone-52 HTTP/1.1" 200 1077034 "https://www.krishnamexports.com/product/silver-earrings-seahorse" "Mozilla/5.0 (Linux; Android 7.0;) AppleWebKit/537.36 (KHTML, like Gecko) Mobile Safari/537.36 (compatible; PetalBot;+https://webmaster.petalsearch.com/site/petalbot)"
185.191.171.12 - - [14/Nov/2024:20:06:28 +0530] "GET /174220443.phtml HTTP/1.1" 404 - "-" "Mozilla/5.0 (compatible; SemrushBot/7~bl; +http://www.semrush.com/bot.html)"
185.191.171.15 - - [14/Nov/2024:20:06:30 +0530] "GET /product/W47342?c=767&keyword=response HTTP/1.1" 200 77380 "-" "Mozilla/5.0 (compatible; SemrushBot/7~bl; +http://www.semrush.com/bot.html)"
185.191.171.10 - - [14/Nov/2024:20:06:39 +0530] "GET /164800143.phtml HTTP/1.1" 404 - "-" "Mozilla/5.0 (compatible; SemrushBot/7~bl; +http://www.semrush.com/bot.html)"
85.208.96.209 - - [14/Nov/2024:20:06:51 +0530] "GET /product/M605266?c=232&keyword=ramshackle HTTP/1.1" 200 77380 "-" "Mozilla/5.0 (compatible; SemrushBot/7~bl; +http://www.semrush.com/bot.html)"
85.208.96.200 - - [14/Nov/2024:20:06:57 +0530] "GET /product/F71531?c=410&keyword=displease HTTP/1.1" 200 77380 "-" "Mozilla/5.0 (compatible; SemrushBot/7~bl; +http://www.semrush.com/bot.html)"
85.208.96.206 - - [14/Nov/2024:20:07:17 +0530] "GET /173831643.phtml HTTP/1.1" 404 - "-" "Mozilla/5.0 (compatible; SemrushBot/7~bl; +http://www.semrush.com/bot.html)"
85.208.96.203 - - [14/Nov/2024:20:07:51 +0530] "GET /product/U107998?c=692&keyword=freezer HTTP/1.1" 200 77380 "-" "Mozilla/5.0 (compatible; SemrushBot/7~bl; +http://www.semrush.com/bot.html)"
85.208.96.200 - - [14/Nov/2024:20:07:57 +0530] "GET /product/M306812?c=666&keyword=monophonic HTTP/1.1" 200 77380 "-" "Mozilla/5.0 (compatible; SemrushBot/7~bl; +http://www.semrush.com/bot.html)"
54.236.1.11 - - [14/Nov/2024:20:08:02 +0530] "GET /robots.txt HTTP/1.1" 404 - "-" "Mozilla/5.0 (compatible; Pinterestbot/1.0; +http://www.pinterest.com/bot.html)"
85.208.96.211 - - [14/Nov/2024:20:08:05 +0530] "GET /product/M904552?c=700&keyword=stepchild HTTP/1.1" 200 77380 "-" "Mozilla/5.0 (compatible; SemrushBot/7~bl; +http://www.semrush.com/bot.html)"
54.236.1.11 - - [14/Nov/2024:20:08:09 +0530] "GET / HTTP/1.1" 200 181616 "-" "Mozilla/5.0 (compatible; Pinterestbot/1.0; +http://www.pinterest.com/bot.html)"
85.208.96.197 - - [14/Nov/2024:20:08:10 +0530] "GET /product/K610360?c=867&keyword=financier HTTP/1.1" 200 77380 "-" "Mozilla/5.0 (compatible; SemrushBot/7~bl; +http://www.semrush.com/bot.html)"
85.208.96.200 - - [14/Nov/2024:20:08:19 +0530] "GET /product/A354510?c=890&keyword=rouge HTTP/1.1" 200 77380 "-" "Mozilla/5.0 (compatible; SemrushBot/7~bl; +http://www.semrush.com/bot.html)"
185.191.171.9 - - [14/Nov/2024:20:08:28 +0530] "GET /product/U384222?c=17&keyword=revamp HTTP/1.1" 200 77380 "-" "Mozilla/5.0 (compatible; SemrushBot/7~bl; +http://www.semrush.com/bot.html)"
85.208.96.206 - - [14/Nov/2024:20:08:33 +0530] "GET /product/C479832?c=152&keyword=sepulchral HTTP/1.1" 200 77380 "-" "Mozilla/5.0 (compatible; SemrushBot/7~bl; +http://www.semrush.com/bot.html)"
185.191.171.4 - - [14/Nov/2024:20:08:35 +0530] "GET /172940724.phtml HTTP/1.1" 404 - "-" "Mozilla/5.0 (compatible; SemrushBot/7~bl; +http://www.semrush.com/bot.html)"
85.208.96.195 - - [14/Nov/2024:20:08:54 +0530] "GET /product/U841328?c=542&keyword=flight HTTP/1.1" 200 77380 "-" "Mozilla/5.0 (compatible; SemrushBot/7~bl; +http://www.semrush.com/bot.html)"
185.191.171.14 - - [14/Nov/2024:20:09:03 +0530] "GET /product/C933454?c=505&keyword=composite HTTP/1.1" 200 77380 "-" "Mozilla/5.0 (compatible; SemrushBot/7~bl; +http://www.semrush.com/bot.html)"
185.191.171.5 - - [14/Nov/2024:20:09:18 +0530] "GET /product/K181854?c=10&keyword=composite HTTP/1.1" 200 77380 "-" "Mozilla/5.0 (compatible; SemrushBot/7~bl; +http://www.semrush.com/bot.html)"
185.191.171.4 - - [14/Nov/2024:20:10:00 +0530] "GET /product/G347756?c=440&keyword=freshman HTTP/1.1" 200 77380 "-" "Mozilla/5.0 (compatible; SemrushBot/7~bl; +http://www.semrush.com/bot.html)"
185.191.171.13 - - [14/Nov/2024:20:10:07 +0530] "GET /robots.txt HTTP/1.1" 404 - "-" "Mozilla/5.0 (compatible; SemrushBot/7~bl; +http://www.semrush.com/bot.html)"
85.208.96.200 - - [14/Nov/2024:20:10:08 +0530] "GET /192313737.phtml HTTP/1.1" 404 - "-" "Mozilla/5.0 (compatible; SemrushBot/7~bl; +http://www.semrush.com/bot.html)"
85.208.96.210 - - [14/Nov/2024:20:10:17 +0530] "GET /product/Y475356?c=45&keyword=freshman HTTP/1.1" 200 77380 "-" "Mozilla/5.0 (compatible; SemrushBot/7~bl; +http://www.semrush.com/bot.html)"
185.191.171.11 - - [14/Nov/2024:20:10:24 +0530] "GET /product/Y340026?c=580&keyword=traverse HTTP/1.1" 200 77380 "-" "Mozilla/5.0 (compatible; SemrushBot/7~bl; +http://www.semrush.com/bot.html)"
185.191.171.10 - - [14/Nov/2024:20:10:29 +0530] "GET /product/W497064?c=473&keyword=reflector HTTP/1.1" 200 77380 "-" "Mozilla/5.0 (compatible; SemrushBot/7~bl; +http://www.semrush.com/bot.html)"
185.191.171.9 - - [14/Nov/2024:20:10:52 +0530] "GET /product/F679645?c=417&keyword=symmetric HTTP/1.1" 200 77380 "-" "Mozilla/5.0 (compatible; SemrushBot/7~bl; +http://www.semrush.com/bot.html)"
85.208.96.208 - - [14/Nov/2024:20:10:55 +0530] "GET /product/Y242500?c=477&keyword=stair HTTP/1.1" 200 77380 "-" "Mozilla/5.0 (compatible; SemrushBot/7~bl; +http://www.semrush.com/bot.html)"
66.249.79.37 - - [14/Nov/2024:20:11:00 +0530] "GET /246375755.phtml HTTP/1.1" 404 - "-" "Mozilla/5.0 (Linux; Android 6.0.1; Nexus 5X Build/MMB29P) AppleWebKit/537.36 (KHTML, like Gecko) Chrome/131.0.6778.69 Mobile Safari/537.36 (compatible; Googlebot/2.1; +http://www.google.com/bot.html)"
85.208.96.194 - - [14/Nov/2024:20:11:10 +0530] "GET /product/M425112?c=654&keyword=monophonic HTTP/1.1" 200 77380 "-" "Mozilla/5.0 (compatible; SemrushBot/7~bl; +http://www.semrush.com/bot.html)"
85.208.96.202 - - [14/Nov/2024:20:11:16 +0530] "GET /product/W478942?c=171&keyword=response HTTP/1.1" 200 77380 "-" "Mozilla/5.0 (compatible; SemrushBot/7~bl; +http://www.semrush.com/bot.html)"
114.119.134.207 - - [14/Nov/2024:20:11:32 +0530] "GET /subcategory/gemstones-earrings&page_no=1 HTTP/1.1" 200 186793 "https://www.krishnamexports.com/subcategory/gemstones-earrings&page_no=2" "Mozilla/5.0 (Linux; Android 7.0;) AppleWebKit/537.36 (KHTML, like Gecko) Mobile Safari/537.36 (compatible; PetalBot;+https://webmaster.petalsearch.com/site/petalbot)"
85.208.96.202 - - [14/Nov/2024:20:11:46 +0530] "GET /219458538.phtml HTTP/1.1" 404 - "-" "Mozilla/5.0 (compatible; SemrushBot/7~bl; +http://www.semrush.com/bot.html)"
85.208.96.194 - - [14/Nov/2024:20:11:58 +0530] "GET /product/N942123?c=232&keyword=pompous HTTP/1.1" 200 77380 "-" "Mozilla/5.0 (compatible; SemrushBot/7~bl; +http://www.semrush.com/bot.html)"
185.191.171.4 - - [14/Nov/2024:20:12:01 +0530] "GET /product/A935974?c=767&keyword=unusable HTTP/1.1" 200 77380 "-" "Mozilla/5.0 (compatible; SemrushBot/7~bl; +http://www.semrush.com/bot.html)"
85.208.96.206 - - [14/Nov/2024:20:12:16 +0530] "GET /product/X355365?c=705&keyword=perforce HTTP/1.1" 200 77380 "-" "Mozilla/5.0 (compatible; SemrushBot/7~bl; +http://www.semrush.com/bot.html)"
185.191.171.12 - - [14/Nov/2024:20:12:23 +0530] "GET /product/H2711?c=245&keyword=troupe HTTP/1.1" 200 77380 "-" "Mozilla/5.0 (compatible; SemrushBot/7~bl; +http://www.semrush.com/bot.html)"
66.249.79.36 - - [14/Nov/2024:20:12:24 +0530] "GET /162245805.phtml HTTP/1.1" 404 - "-" "Mozilla/5.0 (Linux; Android 6.0.1; Nexus 5X Build/MMB29P) AppleWebKit/537.36 (KHTML, like Gecko) Chrome/131.0.6778.69 Mobile Safari/537.36 (compatible; Googlebot/2.1; +http://www.google.com/bot.html)"
85.208.96.208 - - [14/Nov/2024:20:12:28 +0530] "GET /product/Z994083?c=541&keyword=passivity HTTP/1.1" 200 77380 "-" "Mozilla/5.0 (compatible; SemrushBot/7~bl; +http://www.semrush.com/bot.html)"
66.249.79.36 - - [14/Nov/2024:20:12:36 +0530] "GET /87166523.phtml HTTP/1.1" 404 - "-" "Mozilla/5.0 (Linux; Android 6.0.1; Nexus 5X Build/MMB29P) AppleWebKit/537.36 (KHTML, like Gecko) Chrome/131.0.6778.69 Mobile Safari/537.36 (compatible; Googlebot/2.1; +http://www.google.com/bot.html)"
185.191.171.11 - - [14/Nov/2024:20:13:04 +0530] "GET /product/Y470884?c=449&keyword=hesitantly HTTP/1.1" 200 77380 "-" "Mozilla/5.0 (compatible; SemrushBot/7~bl; +http://www.semrush.com/bot.html)"
85.208.96.196 - - [14/Nov/2024:20:13:14 +0530] "GET /product/W410328?c=532&keyword=flight HTTP/1.1" 200 77380 "-" "Mozilla/5.0 (compatible; SemrushBot/7~bl; +http://www.semrush.com/bot.html)"
85.208.96.209 - - [14/Nov/2024:20:13:18 +0530] "GET /product/D493665?c=659&keyword=perforce HTTP/1.1" 200 77380 "-" "Mozilla/5.0 (compatible; SemrushBot/7~bl; +http://www.semrush.com/bot.html)"
66.249.79.36 - - [14/Nov/2024:20:13:24 +0530] "GET /154025715.phtml HTTP/1.1" 404 - "-" "Mozilla/5.0 (Linux; Android 6.0.1; Nexus 5X Build/MMB29P) AppleWebKit/537.36 (KHTML, like Gecko) Chrome/131.0.6778.69 Mobile Safari/537.36 (compatible; Googlebot/2.1; +http://www.google.com/bot.html)"
85.208.96.206 - - [14/Nov/2024:20:13:29 +0530] "GET /product/S199178?c=317&keyword=rebellion HTTP/1.1" 200 77380 "-" "Mozilla/5.0 (compatible; SemrushBot/7~bl; +http://www.semrush.com/bot.html)"
185.191.171.12 - - [14/Nov/2024:20:13:32 +0530] "GET /product/N756691?c=169&keyword=browse HTTP/1.1" 200 77380 "-" "Mozilla/5.0 (compatible; SemrushBot/7~bl; +http://www.semrush.com/bot.html)"
185.191.171.5 - - [14/Nov/2024:20:14:10 +0530] "GET /product/I858658?c=769&keyword=diamond HTTP/1.1" 200 77380 "-" "Mozilla/5.0 (compatible; SemrushBot/7~bl; +http://www.semrush.com/bot.html)"
85.208.96.206 - - [14/Nov/2024:20:14:16 +0530] "GET /product/J69871?c=602&keyword=Taipei HTTP/1.1" 200 77380 "-" "Mozilla/5.0 (compatible; SemrushBot/7~bl; +http://www.semrush.com/bot.html)"
185.191.171.6 - - [14/Nov/2024:20:14:58 +0530] "GET /product/T875907?c=235&keyword=plaque HTTP/1.1" 200 77380 "-" "Mozilla/5.0 (compatible; SemrushBot/7~bl; +http://www.semrush.com/bot.html)"
85.208.96.210 - - [14/Nov/2024:20:15:12 +0530] "GET /29705022.phtml HTTP/1.1" 404 - "-" "Mozilla/5.0 (compatible; SemrushBot/7~bl; +http://www.semrush.com/bot.html)"
185.191.171.19 - - [14/Nov/2024:20:15:20 +0530] "GET /160950132.phtml HTTP/1.1" 404 - "-" "Mozilla/5.0 (compatible; SemrushBot/7~bl; +http://www.semrush.com/bot.html)"
85.208.96.207 - - [14/Nov/2024:20:15:20 +0530] "GET /product/Y724904?c=911&keyword=smear HTTP/1.1" 200 77380 "-" "Mozilla/5.0 (compatible; SemrushBot/7~bl; +http://www.semrush.com/bot.html)"
95.33.90.18 - - [14/Nov/2024:20:15:24 +0530] "GET / HTTP/1.1" 200 181616 "https://www.google.com/" "Mozilla/5.0 (Windows NT 10.0; Win64; x64; rv:132.0) Gecko/20100101 Firefox/132.0"
95.33.90.18 - - [14/Nov/2024:20:15:26 +0530] "GET /assets/css/vendor/pe-icon-7-stroke.css HTTP/1.1" 200 10409 "https://www.krishnamexports.com/" "Mozilla/5.0 (Windows NT 10.0; Win64; x64; rv:132.0) Gecko/20100101 Firefox/132.0"
95.33.90.18 - - [14/Nov/2024:20:15:25 +0530] "GET /assets/css/vendor/bootstrap.min.css HTTP/1.1" 200 155764 "https://www.krishnamexports.com/" "Mozilla/5.0 (Windows NT 10.0; Win64; x64; rv:132.0) Gecko/20100101 Firefox/132.0"
95.33.90.18 - - [14/Nov/2024:20:15:26 +0530] "GET /assets/css/vendor/font-awesome.min.css HTTP/1.1" 200 31044 "https://www.krishnamexports.com/" "Mozilla/5.0 (Windows NT 10.0; Win64; x64; rv:132.0) Gecko/20100101 Firefox/132.0"
95.33.90.18 - - [14/Nov/2024:20:15:26 +0530] "GET /assets/css/plugins/animate.css HTTP/1.1" 200 59714 "https://www.krishnamexports.com/" "Mozilla/5.0 (Windows NT 10.0; Win64; x64; rv:132.0) Gecko/20100101 Firefox/132.0"
95.33.90.18 - - [14/Nov/2024:20:15:26 +0530] "GET /assets/css/plugins/slick.min.css HTTP/1.1" 200 1284 "https://www.krishnamexports.com/" "Mozilla/5.0 (Windows NT 10.0; Win64; x64; rv:132.0) Gecko/20100101 Firefox/132.0"
95.33.90.18 - - [14/Nov/2024:20:15:26 +0530] "GET /assets/css/plugins/jqueryui.min.css HTTP/1.1" 200 15640 "https://www.krishnamexports.com/" "Mozilla/5.0 (Windows NT 10.0; Win64; x64; rv:132.0) Gecko/20100101 Firefox/132.0"
95.33.90.18 - - [14/Nov/2024:20:15:26 +0530] "GET /assets/css/plugins/nice-select.css HTTP/1.1" 200 4337 "https://www.krishnamexports.com/" "Mozilla/5.0 (Windows NT 10.0; Win64; x64; rv:132.0) Gecko/20100101 Firefox/132.0"
95.33.90.18 - - [14/Nov/2024:20:15:26 +0530] "GET /assets/css/notify.css HTTP/1.1" 200 1123 "https://www.krishnamexports.com/" "Mozilla/5.0 (Windows NT 10.0; Win64; x64; rv:132.0) Gecko/20100101 Firefox/132.0"
95.33.90.18 - - [14/Nov/2024:20:15:26 +0530] "GET /assets/css/style.css HTTP/1.1" 200 161782 "https://www.krishnamexports.com/" "Mozilla/5.0 (Windows NT 10.0; Win64; x64; rv:132.0) Gecko/20100101 Firefox/132.0"
95.33.90.18 - - [14/Nov/2024:20:15:26 +0530] "GET /images/diamond/2.jpeg HTTP/1.1" 200 17670 "https://www.krishnamexports.com/" "Mozilla/5.0 (Windows NT 10.0; Win64; x64; rv:132.0) Gecko/20100101 Firefox/132.0"
95.33.90.18 - - [14/Nov/2024:20:15:26 +0530] "GET /logo/8.png HTTP/1.1" 200 45961 "https://www.krishnamexports.com/" "Mozilla/5.0 (Windows NT 10.0; Win64; x64; rv:132.0) Gecko/20100101 Firefox/132.0"
95.33.90.18 - - [14/Nov/2024:20:15:26 +0530] "GET /assets/img/whatsapp-icon.png HTTP/1.1" 200 29635 "https://www.krishnamexports.com/" "Mozilla/5.0 (Windows NT 10.0; Win64; x64; rv:132.0) Gecko/20100101 Firefox/132.0"
95.33.90.18 - - [14/Nov/2024:20:15:26 +0530] "GET /home_setting/set.jpg HTTP/1.1" 200 71163 "https://www.krishnamexports.com/" "Mozilla/5.0 (Windows NT 10.0; Win64; x64; rv:132.0) Gecko/20100101 Firefox/132.0"
95.33.90.18 - - [14/Nov/2024:20:15:26 +0530] "GET /home_setting/pendant.jpg HTTP/1.1" 200 80511 "https://www.krishnamexports.com/" "Mozilla/5.0 (Windows NT 10.0; Win64; x64; rv:132.0) Gecko/20100101 Firefox/132.0"
95.33.90.18 - - [14/Nov/2024:20:15:26 +0530] "GET /images/silver/1.jpeg HTTP/1.1" 200 15534 "https://www.krishnamexports.com/" "Mozilla/5.0 (Windows NT 10.0; Win64; x64; rv:132.0) Gecko/20100101 Firefox/132.0"
95.33.90.18 - - [14/Nov/2024:20:15:27 +0530] "GET /home_setting/ring.jpg HTTP/1.1" 200 77710 "https://www.krishnamexports.com/" "Mozilla/5.0 (Windows NT 10.0; Win64; x64; rv:132.0) Gecko/20100101 Firefox/132.0"
95.33.90.18 - - [14/Nov/2024:20:15:27 +0530] "GET /home_setting/bangles.jpg HTTP/1.1" 200 54587 "https://www.krishnamexports.com/" "Mozilla/5.0 (Windows NT 10.0; Win64; x64; rv:132.0) Gecko/20100101 Firefox/132.0"
95.33.90.18 - - [14/Nov/2024:20:15:27 +0530] "GET /home_setting/earring.jpg HTTP/1.1" 200 61896 "https://www.krishnamexports.com/" "Mozilla/5.0 (Windows NT 10.0; Win64; x64; rv:132.0) Gecko/20100101 Firefox/132.0"
95.33.90.18 - - [14/Nov/2024:20:15:27 +0530] "GET /home_setting/cufflink.jpg HTTP/1.1" 200 67075 "https://www.krishnamexports.com/" "Mozilla/5.0 (Windows NT 10.0; Win64; x64; rv:132.0) Gecko/20100101 Firefox/132.0"
95.33.90.18 - - [14/Nov/2024:20:15:27 +0530] "GET /images/diamond/1.jpeg HTTP/1.1" 200 9707 "https://www.krishnamexports.com/" "Mozilla/5.0 (Windows NT 10.0; Win64; x64; rv:132.0) Gecko/20100101 Firefox/132.0"
95.33.90.18 - - [14/Nov/2024:20:15:27 +0530] "GET /images/diamond/3.jpeg HTTP/1.1" 200 17313 "https://www.krishnamexports.com/" "Mozilla/5.0 (Windows NT 10.0; Win64; x64; rv:132.0) Gecko/20100101 Firefox/132.0"
95.33.90.18 - - [14/Nov/2024:20:15:27 +0530] "GET /images/diamond/4.jpeg HTTP/1.1" 200 11948 "https://www.krishnamexports.com/" "Mozilla/5.0 (Windows NT 10.0; Win64; x64; rv:132.0) Gecko/20100101 Firefox/132.0"
95.33.90.18 - - [14/Nov/2024:20:15:27 +0530] "GET /images/diamond/5.jpeg HTTP/1.1" 200 14132 "https://www.krishnamexports.com/" "Mozilla/5.0 (Windows NT 10.0; Win64; x64; rv:132.0) Gecko/20100101 Firefox/132.0"
95.33.90.18 - - [14/Nov/2024:20:15:27 +0530] "GET /images/gold/1.jpeg HTTP/1.1" 200 21933 "https://www.krishnamexports.com/" "Mozilla/5.0 (Windows NT 10.0; Win64; x64; rv:132.0) Gecko/20100101 Firefox/132.0"
95.33.90.18 - - [14/Nov/2024:20:15:27 +0530] "GET /images/diamond/6.jpeg HTTP/1.1" 200 9190 "https://www.krishnamexports.com/" "Mozilla/5.0 (Windows NT 10.0; Win64; x64; rv:132.0) Gecko/20100101 Firefox/132.0"
95.33.90.18 - - [14/Nov/2024:20:15:27 +0530] "GET /images/gold/2.jpeg HTTP/1.1" 200 12896 "https://www.krishnamexports.com/" "Mozilla/5.0 (Windows NT 10.0; Win64; x64; rv:132.0) Gecko/20100101 Firefox/132.0"
95.33.90.18 - - [14/Nov/2024:20:15:27 +0530] "GET /images/gold/3.jpeg HTTP/1.1" 200 12594 "https://www.krishnamexports.com/" "Mozilla/5.0 (Windows NT 10.0; Win64; x64; rv:132.0) Gecko/20100101 Firefox/132.0"
95.33.90.18 - - [14/Nov/2024:20:15:27 +0530] "GET /images/gold/4.jpeg HTTP/1.1" 200 10019 "https://www.krishnamexports.com/" "Mozilla/5.0 (Windows NT 10.0; Win64; x64; rv:132.0) Gecko/20100101 Firefox/132.0"
95.33.90.18 - - [14/Nov/2024:20:15:27 +0530] "GET /images/gold/5.jpeg HTTP/1.1" 200 13192 "https://www.krishnamexports.com/" "Mozilla/5.0 (Windows NT 10.0; Win64; x64; rv:132.0) Gecko/20100101 Firefox/132.0"
95.33.90.18 - - [14/Nov/2024:20:15:27 +0530] "GET /images/gold/6.jpeg HTTP/1.1" 200 25690 "https://www.krishnamexports.com/" "Mozilla/5.0 (Windows NT 10.0; Win64; x64; rv:132.0) Gecko/20100101 Firefox/132.0"
95.33.90.18 - - [14/Nov/2024:20:15:27 +0530] "GET /images/silver/2.jpeg HTTP/1.1" 200 19078 "https://www.krishnamexports.com/" "Mozilla/5.0 (Windows NT 10.0; Win64; x64; rv:132.0) Gecko/20100101 Firefox/132.0"
95.33.90.18 - - [14/Nov/2024:20:15:27 +0530] "GET /images/silver/3.jpeg HTTP/1.1" 200 9613 "https://www.krishnamexports.com/" "Mozilla/5.0 (Windows NT 10.0; Win64; x64; rv:132.0) Gecko/20100101 Firefox/132.0"
95.33.90.18 - - [14/Nov/2024:20:15:27 +0530] "GET /images/silver/4.jpeg HTTP/1.1" 200 11639 "https://www.krishnamexports.com/" "Mozilla/5.0 (Windows NT 10.0; Win64; x64; rv:132.0) Gecko/20100101 Firefox/132.0"
95.33.90.18 - - [14/Nov/2024:20:15:27 +0530] "GET /images/silver/5.jpeg HTTP/1.1" 200 14613 "https://www.krishnamexports.com/" "Mozilla/5.0 (Windows NT 10.0; Win64; x64; rv:132.0) Gecko/20100101 Firefox/132.0"
95.33.90.18 - - [14/Nov/2024:20:15:27 +0530] "GET /images/silver/6.jpeg HTTP/1.1" 200 10265 "https://www.krishnamexports.com/" "Mozilla/5.0 (Windows NT 10.0; Win64; x64; rv:132.0) Gecko/20100101 Firefox/132.0"
95.33.90.18 - - [14/Nov/2024:20:15:27 +0530] "GET /images/chain/2.jpeg HTTP/1.1" 200 10206 "https://www.krishnamexports.com/" "Mozilla/5.0 (Windows NT 10.0; Win64; x64; rv:132.0) Gecko/20100101 Firefox/132.0"
95.33.90.18 - - [14/Nov/2024:20:15:27 +0530] "GET /images/chain/4.jpeg HTTP/1.1" 200 8290 "https://www.krishnamexports.com/" "Mozilla/5.0 (Windows NT 10.0; Win64; x64; rv:132.0) Gecko/20100101 Firefox/132.0"
95.33.90.18 - - [14/Nov/2024:20:15:27 +0530] "GET /images/chain/3.jpeg HTTP/1.1" 200 8144 "https://www.krishnamexports.com/" "Mozilla/5.0 (Windows NT 10.0; Win64; x64; rv:132.0) Gecko/20100101 Firefox/132.0"
95.33.90.18 - - [14/Nov/2024:20:15:27 +0530] "GET /userfiles/PhotoRoom-20230711_185806.png HTTP/1.1" 200 1144200 "https://www.krishnamexports.com/" "Mozilla/5.0 (Windows NT 10.0; Win64; x64; rv:132.0) Gecko/20100101 Firefox/132.0"
95.33.90.18 - - [14/Nov/2024:20:15:27 +0530] "GET /images/chain/5.jpeg HTTP/1.1" 200 11647 "https://www.krishnamexports.com/" "Mozilla/5.0 (Windows NT 10.0; Win64; x64; rv:132.0) Gecko/20100101 Firefox/132.0"
95.33.90.18 - - [14/Nov/2024:20:15:27 +0530] "GET /images/chain/6.jpeg HTTP/1.1" 200 8582 "https://www.krishnamexports.com/" "Mozilla/5.0 (Windows NT 10.0; Win64; x64; rv:132.0) Gecko/20100101 Firefox/132.0"
95.33.90.18 - - [14/Nov/2024:20:15:27 +0530] "GET /images/chain/7.jpeg HTTP/1.1" 200 10952 "https://www.krishnamexports.com/" "Mozilla/5.0 (Windows NT 10.0; Win64; x64; rv:132.0) Gecko/20100101 Firefox/132.0"
95.33.90.18 - - [14/Nov/2024:20:15:28 +0530] "GET /images/gemstones/1.jpeg HTTP/1.1" 200 6947 "https://www.krishnamexports.com/" "Mozilla/5.0 (Windows NT 10.0; Win64; x64; rv:132.0) Gecko/20100101 Firefox/132.0"
95.33.90.18 - - [14/Nov/2024:20:15:28 +0530] "GET /images/gemstones/2.jpeg HTTP/1.1" 200 19799 "https://www.krishnamexports.com/" "Mozilla/5.0 (Windows NT 10.0; Win64; x64; rv:132.0) Gecko/20100101 Firefox/132.0"
95.33.90.18 - - [14/Nov/2024:20:15:28 +0530] "GET /images/gemstones/4.jpeg HTTP/1.1" 200 18763 "https://www.krishnamexports.com/" "Mozilla/5.0 (Windows NT 10.0; Win64; x64; rv:132.0) Gecko/20100101 Firefox/132.0"
95.33.90.18 - - [14/Nov/2024:20:15:28 +0530] "GET /images/gemstones/3.jpeg HTTP/1.1" 200 26989 "https://www.krishnamexports.com/" "Mozilla/5.0 (Windows NT 10.0; Win64; x64; rv:132.0) Gecko/20100101 Firefox/132.0"
95.33.90.18 - - [14/Nov/2024:20:15:28 +0530] "GET /images/gemstones/5.jpeg HTTP/1.1" 200 16182 "https://www.krishnamexports.com/" "Mozilla/5.0 (Windows NT 10.0; Win64; x64; rv:132.0) Gecko/20100101 Firefox/132.0"
95.33.90.18 - - [14/Nov/2024:20:15:28 +0530] "GET /images/gemstones/6.jpeg HTTP/1.1" 200 14114 "https://www.krishnamexports.com/" "Mozilla/5.0 (Windows NT 10.0; Win64; x64; rv:132.0) Gecko/20100101 Firefox/132.0"
95.33.90.18 - - [14/Nov/2024:20:15:28 +0530] "GET /assets/js/vendor/modernizr-3.6.0.min.js HTTP/1.1" 200 8638 "https://www.krishnamexports.com/" "Mozilla/5.0 (Windows NT 10.0; Win64; x64; rv:132.0) Gecko/20100101 Firefox/132.0"
95.33.90.18 - - [14/Nov/2024:20:15:28 +0530] "GET /images/fashion/1.jpeg HTTP/1.1" 200 11089 "https://www.krishnamexports.com/" "Mozilla/5.0 (Windows NT 10.0; Win64; x64; rv:132.0) Gecko/20100101 Firefox/132.0"
95.33.90.18 - - [14/Nov/2024:20:15:28 +0530] "GET /images/fashion/2.jpeg HTTP/1.1" 200 12169 "https://www.krishnamexports.com/" "Mozilla/5.0 (Windows NT 10.0; Win64; x64; rv:132.0) Gecko/20100101 Firefox/132.0"
95.33.90.18 - - [14/Nov/2024:20:15:28 +0530] "GET /images/fashion/3.jpeg HTTP/1.1" 200 8734 "https://www.krishnamexports.com/" "Mozilla/5.0 (Windows NT 10.0; Win64; x64; rv:132.0) Gecko/20100101 Firefox/132.0"
95.33.90.18 - - [14/Nov/2024:20:15:28 +0530] "GET /images/fashion/5.jpeg HTTP/1.1" 200 10451 "https://www.krishnamexports.com/" "Mozilla/5.0 (Windows NT 10.0; Win64; x64; rv:132.0) Gecko/20100101 Firefox/132.0"
95.33.90.18 - - [14/Nov/2024:20:15:28 +0530] "GET /images/fashion/4.jpeg HTTP/1.1" 200 8669 "https://www.krishnamexports.com/" "Mozilla/5.0 (Windows NT 10.0; Win64; x64; rv:132.0) Gecko/20100101 Firefox/132.0"
95.33.90.18 - - [14/Nov/2024:20:15:28 +0530] "GET /images/fashion/6.jpeg HTTP/1.1" 200 20355 "https://www.krishnamexports.com/" "Mozilla/5.0 (Windows NT 10.0; Win64; x64; rv:132.0) Gecko/20100101 Firefox/132.0"
95.33.90.18 - - [14/Nov/2024:20:15:28 +0530] "GET /assets/js/vendor/jquery-3.3.1.min.js HTTP/1.1" 200 86929 "https://www.krishnamexports.com/" "Mozilla/5.0 (Windows NT 10.0; Win64; x64; rv:132.0) Gecko/20100101 Firefox/132.0"
95.33.90.18 - - [14/Nov/2024:20:15:28 +0530] "GET /assets/js/vendor/popper.min.js HTTP/1.1" 200 20994 "https://www.krishnamexports.com/" "Mozilla/5.0 (Windows NT 10.0; Win64; x64; rv:132.0) Gecko/20100101 Firefox/132.0"
95.33.90.18 - - [14/Nov/2024:20:15:28 +0530] "GET /assets/js/vendor/bootstrap.min.js HTTP/1.1" 200 55781 "https://www.krishnamexports.com/" "Mozilla/5.0 (Windows NT 10.0; Win64; x64; rv:132.0) Gecko/20100101 Firefox/132.0"
95.33.90.18 - - [14/Nov/2024:20:15:28 +0530] "GET /assets/js/plugins/slick.min.js HTTP/1.1" 200 43898 "https://www.krishnamexports.com/" "Mozilla/5.0 (Windows NT 10.0; Win64; x64; rv:132.0) Gecko/20100101 Firefox/132.0"
95.33.90.18 - - [14/Nov/2024:20:15:28 +0530] "GET /assets/js/plugins/countdown.min.js HTTP/1.1" 200 4293 "https://www.krishnamexports.com/" "Mozilla/5.0 (Windows NT 10.0; Win64; x64; rv:132.0) Gecko/20100101 Firefox/132.0"
95.33.90.18 - - [14/Nov/2024:20:15:28 +0530] "GET /categorys/cat-1.jpg HTTP/1.1" 200 114216 "https://www.krishnamexports.com/" "Mozilla/5.0 (Windows NT 10.0; Win64; x64; rv:132.0) Gecko/20100101 Firefox/132.0"
95.33.90.18 - - [14/Nov/2024:20:15:28 +0530] "GET /assets/js/plugins/nice-select.min.js HTTP/1.1" 200 2945 "https://www.krishnamexports.com/" "Mozilla/5.0 (Windows NT 10.0; Win64; x64; rv:132.0) Gecko/20100101 Firefox/132.0"
95.33.90.18 - - [14/Nov/2024:20:15:28 +0530] "GET /assets/js/plugins/jqueryui.min.js HTTP/1.1" 200 22237 "https://www.krishnamexports.com/" "Mozilla/5.0 (Windows NT 10.0; Win64; x64; rv:132.0) Gecko/20100101 Firefox/132.0"
95.33.90.18 - - [14/Nov/2024:20:15:28 +0530] "GET /assets/js/plugins/image-zoom.min.js HTTP/1.1" 200 2626 "https://www.krishnamexports.com/" "Mozilla/5.0 (Windows NT 10.0; Win64; x64; rv:132.0) Gecko/20100101 Firefox/132.0"
95.33.90.18 - - [14/Nov/2024:20:15:28 +0530] "GET /assets/js/plugins/instagramfeed.min.js HTTP/1.1" 200 6812 "https://www.krishnamexports.com/" "Mozilla/5.0 (Windows NT 10.0; Win64; x64; rv:132.0) Gecko/20100101 Firefox/132.0"
95.33.90.18 - - [14/Nov/2024:20:15:28 +0530] "GET /assets/js/plugins/imagesloaded.pkgd.min.js HTTP/1.1" 200 5600 "https://www.krishnamexports.com/" "Mozilla/5.0 (Windows NT 10.0; Win64; x64; rv:132.0) Gecko/20100101 Firefox/132.0"
95.33.90.18 - - [14/Nov/2024:20:15:28 +0530] "GET /categorys/9.jpg HTTP/1.1" 200 65665 "https://www.krishnamexports.com/" "Mozilla/5.0 (Windows NT 10.0; Win64; x64; rv:132.0) Gecko/20100101 Firefox/132.0"
95.33.90.18 - - [14/Nov/2024:20:15:28 +0530] "GET /categorys/8.jpg HTTP/1.1" 200 96106 "https://www.krishnamexports.com/" "Mozilla/5.0 (Windows NT 10.0; Win64; x64; rv:132.0) Gecko/20100101 Firefox/132.0"
95.33.90.18 - - [14/Nov/2024:20:15:28 +0530] "GET /categorys/7.jpg HTTP/1.1" 200 63626 "https://www.krishnamexports.com/" "Mozilla/5.0 (Windows NT 10.0; Win64; x64; rv:132.0) Gecko/20100101 Firefox/132.0"
95.33.90.18 - - [14/Nov/2024:20:15:28 +0530] "GET /categorys/cat-8.jpg HTTP/1.1" 200 70542 "https://www.krishnamexports.com/" "Mozilla/5.0 (Windows NT 10.0; Win64; x64; rv:132.0) Gecko/20100101 Firefox/132.0"
95.33.90.18 - - [14/Nov/2024:20:15:28 +0530] "GET /assets/js/plugins/ajaxchimp.js HTTP/1.1" 200 2545 "https://www.krishnamexports.com/" "Mozilla/5.0 (Windows NT 10.0; Win64; x64; rv:132.0) Gecko/20100101 Firefox/132.0"
95.33.90.18 - - [14/Nov/2024:20:15:28 +0530] "GET /categorys/cat-2.jpg HTTP/1.1" 200 72391 "https://www.krishnamexports.com/" "Mozilla/5.0 (Windows NT 10.0; Win64; x64; rv:132.0) Gecko/20100101 Firefox/132.0"
95.33.90.18 - - [14/Nov/2024:20:15:28 +0530] "GET /assets/js/plugins/ajax-mail.js HTTP/1.1" 200 1342 "https://www.krishnamexports.com/" "Mozilla/5.0 (Windows NT 10.0; Win64; x64; rv:132.0) Gecko/20100101 Firefox/132.0"
95.33.90.18 - - [14/Nov/2024:20:15:28 +0530] "GET /assets/js/plugins/google-map.js HTTP/1.1" 200 4464 "https://www.krishnamexports.com/" "Mozilla/5.0 (Windows NT 10.0; Win64; x64; rv:132.0) Gecko/20100101 Firefox/132.0"
95.33.90.18 - - [14/Nov/2024:20:15:28 +0530] "GET /categorys/10.jpg HTTP/1.1" 200 82575 "https://www.krishnamexports.com/" "Mozilla/5.0 (Windows NT 10.0; Win64; x64; rv:132.0) Gecko/20100101 Firefox/132.0"
95.33.90.18 - - [14/Nov/2024:20:15:29 +0530] "GET /testimonial/316HGjHjW4L._SL1024_.jpg HTTP/1.1" 200 13679 "https://www.krishnamexports.com/" "Mozilla/5.0 (Windows NT 10.0; Win64; x64; rv:132.0) Gecko/20100101 Firefox/132.0"
95.33.90.18 - - [14/Nov/2024:20:15:29 +0530] "GET /categorys/sets.jpg HTTP/1.1" 200 60546 "https://www.krishnamexports.com/" "Mozilla/5.0 (Windows NT 10.0; Win64; x64; rv:132.0) Gecko/20100101 Firefox/132.0"
95.33.90.18 - - [14/Nov/2024:20:15:29 +0530] "GET /assets/img/banner/popup-img.jpg HTTP/1.1" 200 63173 "https://www.krishnamexports.com/" "Mozilla/5.0 (Windows NT 10.0; Win64; x64; rv:132.0) Gecko/20100101 Firefox/132.0"
95.33.90.18 - - [14/Nov/2024:20:15:29 +0530] "GET /assets/img/footer1.png HTTP/1.1" 200 8576 "https://www.krishnamexports.com/" "Mozilla/5.0 (Windows NT 10.0; Win64; x64; rv:132.0) Gecko/20100101 Firefox/132.0"
95.33.90.18 - - [14/Nov/2024:20:15:29 +0530] "GET /assets/img/pay-1.png HTTP/1.1" 200 12720 "https://www.krishnamexports.com/" "Mozilla/5.0 (Windows NT 10.0; Win64; x64; rv:132.0) Gecko/20100101 Firefox/132.0"
