85.208.96.209 - - [14/Nov/2024:13:46:39 +0530] "GET /product/D475179?c=898&keyword=ordering HTTP/1.1" 200 77380 "-" "Mozilla/5.0 (compatible; SemrushBot/7~bl; +http://www.semrush.com/bot.html)"
217.182.175.38 - - [14/Nov/2024:13:46:41 +0530] "GET /product/122239.html?product_id=531 HTTP/1.1" 200 77380 "-" "Mozilla/5.0 (compatible; MJ12bot/v1.4.8; http://mj12bot.com/)"
217.182.175.38 - - [14/Nov/2024:13:46:44 +0530] "GET /product/122239.html?product_id=534 HTTP/1.1" 200 77380 "-" "Mozilla/5.0 (compatible; MJ12bot/v1.4.8; http://mj12bot.com/)"
66.249.68.34 - - [14/Nov/2024:13:46:45 +0530] "GET /198700749.phtml HTTP/1.1" 404 - "-" "Mozilla/5.0 (Linux; Android 6.0.1; Nexus 5X Build/MMB29P) AppleWebKit/537.36 (KHTML, like Gecko) Chrome/130.0.6723.116 Mobile Safari/537.36 (compatible; Googlebot/2.1; +http://www.google.com/bot.html)"
85.208.96.210 - - [14/Nov/2024:13:46:45 +0530] "GET /product/U663358?c=447&keyword=diamond HTTP/1.1" 200 77380 "-" "Mozilla/5.0 (compatible; SemrushBot/7~bl; +http://www.semrush.com/bot.html)"
85.208.96.205 - - [14/Nov/2024:13:46:46 +0530] "GET /112487994.phtml HTTP/1.1" 404 - "-" "Mozilla/5.0 (compatible; SemrushBot/7~bl; +http://www.semrush.com/bot.html)"
217.182.175.38 - - [14/Nov/2024:13:46:47 +0530] "GET /product/122239.html?product_id=536 HTTP/1.1" 200 77380 "-" "Mozilla/5.0 (compatible; MJ12bot/v1.4.8; http://mj12bot.com/)"
217.182.175.38 - - [14/Nov/2024:13:46:50 +0530] "GET /product/122239.html?product_id=540 HTTP/1.1" 200 77380 "-" "Mozilla/5.0 (compatible; MJ12bot/v1.4.8; http://mj12bot.com/)"
217.182.175.38 - - [14/Nov/2024:13:46:53 +0530] "GET /product/122239.html?product_id=548 HTTP/1.1" 200 77380 "-" "Mozilla/5.0 (compatible; MJ12bot/v1.4.8; http://mj12bot.com/)"
217.182.175.38 - - [14/Nov/2024:13:46:56 +0530] "GET /product/122239.html?product_id=557 HTTP/1.1" 200 77380 "-" "Mozilla/5.0 (compatible; MJ12bot/v1.4.8; http://mj12bot.com/)"
217.182.175.38 - - [14/Nov/2024:13:46:59 +0530] "GET /product/122239.html?product_id=560 HTTP/1.1" 200 77380 "-" "Mozilla/5.0 (compatible; MJ12bot/v1.4.8; http://mj12bot.com/)"
185.191.171.1 - - [14/Nov/2024:13:46:59 +0530] "GET /product/E512126?c=19&keyword=traverse HTTP/1.1" 200 77380 "-" "Mozilla/5.0 (compatible; SemrushBot/7~bl; +http://www.semrush.com/bot.html)"
85.208.96.206 - - [14/Nov/2024:13:47:00 +0530] "GET /product/19.html?product_id=629 HTTP/1.1" 200 77380 "-" "Mozilla/5.0 (compatible; SemrushBot/7~bl; +http://www.semrush.com/bot.html)"
54.36.149.49 - - [14/Nov/2024:13:47:01 +0530] "GET /product/silver-earring-with-cz-5 HTTP/1.1" 200 1076423 "-" "Mozilla/5.0 (compatible; AhrefsBot/7.0; +http://ahrefs.com/robot/)"
217.182.175.38 - - [14/Nov/2024:13:47:02 +0530] "GET /product/122239.html?product_id=567 HTTP/1.1" 200 77380 "-" "Mozilla/5.0 (compatible; MJ12bot/v1.4.8; http://mj12bot.com/)"
217.182.175.38 - - [14/Nov/2024:13:47:05 +0530] "GET /product/122239.html?product_id=57 HTTP/1.1" 200 77380 "-" "Mozilla/5.0 (compatible; MJ12bot/v1.4.8; http://mj12bot.com/)"
217.182.175.38 - - [14/Nov/2024:13:47:08 +0530] "GET /product/122239.html?product_id=571 HTTP/1.1" 200 77380 "-" "Mozilla/5.0 (compatible; MJ12bot/v1.4.8; http://mj12bot.com/)"
85.208.96.206 - - [14/Nov/2024:13:47:11 +0530] "GET /product/G262736?c=667&keyword=reboot HTTP/1.1" 200 77380 "-" "Mozilla/5.0 (compatible; SemrushBot/7~bl; +http://www.semrush.com/bot.html)"
217.182.175.38 - - [14/Nov/2024:13:47:12 +0530] "GET /product/122239.html?product_id=572 HTTP/1.1" 200 77380 "-" "Mozilla/5.0 (compatible; MJ12bot/v1.4.8; http://mj12bot.com/)"
217.182.175.38 - - [14/Nov/2024:13:47:15 +0530] "GET /product/122239.html?product_id=59 HTTP/1.1" 200 77380 "-" "Mozilla/5.0 (compatible; MJ12bot/v1.4.8; http://mj12bot.com/)"
217.182.175.38 - - [14/Nov/2024:13:47:17 +0530] "GET /product/122239.html?product_id=597 HTTP/1.1" 200 77380 "-" "Mozilla/5.0 (compatible; MJ12bot/v1.4.8; http://mj12bot.com/)"
217.182.175.38 - - [14/Nov/2024:13:47:21 +0530] "GET /product/122239.html?product_id=598 HTTP/1.1" 200 77380 "-" "Mozilla/5.0 (compatible; MJ12bot/v1.4.8; http://mj12bot.com/)"
217.182.175.38 - - [14/Nov/2024:13:47:24 +0530] "GET /product/122239.html?product_id=600 HTTP/1.1" 200 77380 "-" "Mozilla/5.0 (compatible; MJ12bot/v1.4.8; http://mj12bot.com/)"
217.182.175.38 - - [14/Nov/2024:13:47:28 +0530] "GET /product/122239.html?product_id=602 HTTP/1.1" 200 77380 "-" "Mozilla/5.0 (compatible; MJ12bot/v1.4.8; http://mj12bot.com/)"
217.182.175.38 - - [14/Nov/2024:13:47:32 +0530] "GET /product/122239.html?product_id=605 HTTP/1.1" 200 77380 "-" "Mozilla/5.0 (compatible; MJ12bot/v1.4.8; http://mj12bot.com/)"
85.208.96.212 - - [14/Nov/2024:13:47:32 +0530] "GET /product/M456078?c=411&keyword=rebellion HTTP/1.1" 200 77380 "-" "Mozilla/5.0 (compatible; SemrushBot/7~bl; +http://www.semrush.com/bot.html)"
66.249.68.34 - - [14/Nov/2024:13:47:33 +0530] "GET /79111863.phtml HTTP/1.1" 404 - "-" "Mozilla/5.0 (Linux; Android 6.0.1; Nexus 5X Build/MMB29P) AppleWebKit/537.36 (KHTML, like Gecko) Chrome/130.0.6723.116 Mobile Safari/537.36 (compatible; Googlebot/2.1; +http://www.google.com/bot.html)"
217.182.175.38 - - [14/Nov/2024:13:47:35 +0530] "GET /product/122239.html?product_id=609 HTTP/1.1" 200 77380 "-" "Mozilla/5.0 (compatible; MJ12bot/v1.4.8; http://mj12bot.com/)"
217.182.175.38 - - [14/Nov/2024:13:47:39 +0530] "GET /product/122239.html?product_id=610 HTTP/1.1" 200 77380 "-" "Mozilla/5.0 (compatible; MJ12bot/v1.4.8; http://mj12bot.com/)"
185.191.171.12 - - [14/Nov/2024:13:47:41 +0530] "GET /product/X610503?c=610&keyword=assessor HTTP/1.1" 200 77380 "-" "Mozilla/5.0 (compatible; SemrushBot/7~bl; +http://www.semrush.com/bot.html)"
217.182.175.38 - - [14/Nov/2024:13:47:42 +0530] "GET /product/122239.html?product_id=617 HTTP/1.1" 200 77380 "-" "Mozilla/5.0 (compatible; MJ12bot/v1.4.8; http://mj12bot.com/)"
217.182.175.38 - - [14/Nov/2024:13:47:46 +0530] "GET /product/122239.html?product_id=628 HTTP/1.1" 200 77380 "-" "Mozilla/5.0 (compatible; MJ12bot/v1.4.8; http://mj12bot.com/)"
185.191.171.2 - - [14/Nov/2024:13:47:48 +0530] "GET /232881129.phtml HTTP/1.1" 404 - "-" "Mozilla/5.0 (compatible; SemrushBot/7~bl; +http://www.semrush.com/bot.html)"
217.182.175.38 - - [14/Nov/2024:13:47:49 +0530] "GET /product/122239.html?product_id=630 HTTP/1.1" 200 77380 "-" "Mozilla/5.0 (compatible; MJ12bot/v1.4.8; http://mj12bot.com/)"
217.182.175.38 - - [14/Nov/2024:13:47:53 +0530] "GET /product/122239.html?product_id=631 HTTP/1.1" 200 77380 "-" "Mozilla/5.0 (compatible; MJ12bot/v1.4.8; http://mj12bot.com/)"
217.182.175.38 - - [14/Nov/2024:13:47:56 +0530] "GET /product/122239.html?product_id=639 HTTP/1.1" 200 77380 "-" "Mozilla/5.0 (compatible; MJ12bot/v1.4.8; http://mj12bot.com/)"
217.182.175.38 - - [14/Nov/2024:13:48:00 +0530] "GET /product/122239.html?product_id=643 HTTP/1.1" 200 77380 "-" "Mozilla/5.0 (compatible; MJ12bot/v1.4.8; http://mj12bot.com/)"
217.182.175.38 - - [14/Nov/2024:13:48:03 +0530] "GET /product/122239.html?product_id=648 HTTP/1.1" 200 77380 "-" "Mozilla/5.0 (compatible; MJ12bot/v1.4.8; http://mj12bot.com/)"
217.182.175.38 - - [14/Nov/2024:13:48:07 +0530] "GET /product/122239.html?product_id=651 HTTP/1.1" 200 77380 "-" "Mozilla/5.0 (compatible; MJ12bot/v1.4.8; http://mj12bot.com/)"
85.208.96.205 - - [14/Nov/2024:13:48:10 +0530] "GET /product/F710039?c=332&keyword=cowpox HTTP/1.1" 200 77380 "-" "Mozilla/5.0 (compatible; SemrushBot/7~bl; +http://www.semrush.com/bot.html)"
66.249.68.34 - - [14/Nov/2024:13:48:10 +0530] "GET /210750714.phtml HTTP/1.1" 404 - "-" "Mozilla/5.0 (Linux; Android 6.0.1; Nexus 5X Build/MMB29P) AppleWebKit/537.36 (KHTML, like Gecko) Chrome/130.0.6723.116 Mobile Safari/537.36 (compatible; Googlebot/2.1; +http://www.google.com/bot.html)"
217.182.175.38 - - [14/Nov/2024:13:48:11 +0530] "GET /product/122239.html?product_id=662 HTTP/1.1" 200 77380 "-" "Mozilla/5.0 (compatible; MJ12bot/v1.4.8; http://mj12bot.com/)"
217.182.175.38 - - [14/Nov/2024:13:48:14 +0530] "GET /product/122239.html?product_id=671 HTTP/1.1" 200 77380 "-" "Mozilla/5.0 (compatible; MJ12bot/v1.4.8; http://mj12bot.com/)"
217.182.175.38 - - [14/Nov/2024:13:48:19 +0530] "GET /product/122239.html?product_id=677 HTTP/1.1" 200 77380 "-" "Mozilla/5.0 (compatible; MJ12bot/v1.4.8; http://mj12bot.com/)"
217.182.175.38 - - [14/Nov/2024:13:48:22 +0530] "GET /product/122239.html?product_id=684 HTTP/1.1" 200 77380 "-" "Mozilla/5.0 (compatible; MJ12bot/v1.4.8; http://mj12bot.com/)"
66.249.68.34 - - [14/Nov/2024:13:48:23 +0530] "GET /187575642.phtml HTTP/1.1" 404 - "-" "Mozilla/5.0 (Linux; Android 6.0.1; Nexus 5X Build/MMB29P) AppleWebKit/537.36 (KHTML, like Gecko) Chrome/130.0.6723.116 Mobile Safari/537.36 (compatible; Googlebot/2.1; +http://www.google.com/bot.html)"
217.182.175.38 - - [14/Nov/2024:13:48:26 +0530] "GET /product/122239.html?product_id=686 HTTP/1.1" 200 77380 "-" "Mozilla/5.0 (compatible; MJ12bot/v1.4.8; http://mj12bot.com/)"
217.182.175.38 - - [14/Nov/2024:13:48:30 +0530] "GET /product/122239.html?product_id=687 HTTP/1.1" 200 77380 "-" "Mozilla/5.0 (compatible; MJ12bot/v1.4.8; http://mj12bot.com/)"
1.54.176.186 - - [14/Nov/2024:13:48:34 +0530] "GET / HTTP/1.0" 200 181616 "https://www.krishnamexports.com/" "Mozilla/5.0 (Windows NT 10.0.0; Win64; x64; ) AppleWebKit/537.36 (KHTML, like Gecko) Chrome/124.0.6367.78 Chrome/124.0.6367.78 Not-A.Brand/99 Safari/537.36"
217.182.175.38 - - [14/Nov/2024:13:48:35 +0530] "GET /product/122239.html?product_id=688 HTTP/1.1" 200 77380 "-" "Mozilla/5.0 (compatible; MJ12bot/v1.4.8; http://mj12bot.com/)"
66.249.68.34 - - [14/Nov/2024:13:48:36 +0530] "GET /248625585.phtml HTTP/1.1" 404 - "-" "Mozilla/5.0 (Linux; Android 6.0.1; Nexus 5X Build/MMB29P) AppleWebKit/537.36 (KHTML, like Gecko) Chrome/130.0.6723.116 Mobile Safari/537.36 (compatible; Googlebot/2.1; +http://www.google.com/bot.html)"
1.54.176.186 - - [14/Nov/2024:13:48:37 +0530] "POST /ajax/mail.php HTTP/1.0" 200 97 "https://www.krishnamexports.com/" "Mozilla/5.0 (Windows NT 10.0.0; Win64; x64; ) AppleWebKit/537.36 (KHTML, like Gecko) Chrome/124.0.6367.78 Chrome/124.0.6367.78 Not-A.Brand/99 Safari/537.36"
66.249.68.34 - - [14/Nov/2024:13:48:37 +0530] "GET /34710093.phtml HTTP/1.1" 404 - "-" "Mozilla/5.0 (Linux; Android 6.0.1; Nexus 5X Build/MMB29P) AppleWebKit/537.36 (KHTML, like Gecko) Chrome/130.0.6723.116 Mobile Safari/537.36 (compatible; Googlebot/2.1; +http://www.google.com/bot.html)"
217.182.175.38 - - [14/Nov/2024:13:48:40 +0530] "GET /product/122239.html?product_id=694 HTTP/1.1" 200 77380 "-" "Mozilla/5.0 (compatible; MJ12bot/v1.4.8; http://mj12bot.com/)"
217.182.175.38 - - [14/Nov/2024:13:48:43 +0530] "GET /product/122239.html?product_id=695 HTTP/1.1" 200 77380 "-" "Mozilla/5.0 (compatible; MJ12bot/v1.4.8; http://mj12bot.com/)"
85.208.96.210 - - [14/Nov/2024:13:48:48 +0530] "GET /product/D733619?c=419&keyword=septet HTTP/1.1" 200 77380 "-" "Mozilla/5.0 (compatible; SemrushBot/7~bl; +http://www.semrush.com/bot.html)"
217.182.175.38 - - [14/Nov/2024:13:48:49 +0530] "GET /product/122239.html?product_id=700 HTTP/1.1" 200 77380 "-" "Mozilla/5.0 (compatible; MJ12bot/v1.4.8; http://mj12bot.com/)"
85.208.96.209 - - [14/Nov/2024:13:48:57 +0530] "GET /product/R170083?c=682&keyword=passivity HTTP/1.1" 200 77380 "-" "Mozilla/5.0 (compatible; SemrushBot/7~bl; +http://www.semrush.com/bot.html)"
185.191.171.5 - - [14/Nov/2024:13:49:01 +0530] "GET /product/X260257?c=819&keyword=conception HTTP/1.1" 200 77380 "-" "Mozilla/5.0 (compatible; SemrushBot/7~bl; +http://www.semrush.com/bot.html)"
66.249.68.36 - - [14/Nov/2024:13:49:02 +0530] "GET /166850334.phtml HTTP/1.1" 404 - "-" "Mozilla/5.0 (Linux; Android 6.0.1; Nexus 5X Build/MMB29P) AppleWebKit/537.36 (KHTML, like Gecko) Chrome/130.0.6723.116 Mobile Safari/537.36 (compatible; Googlebot/2.1; +http://www.google.com/bot.html)"
185.191.171.5 - - [14/Nov/2024:13:49:07 +0530] "GET /product/Q571340?c=295&keyword=sucrose HTTP/1.1" 200 77380 "-" "Mozilla/5.0 (compatible; SemrushBot/7~bl; +http://www.semrush.com/bot.html)"
185.191.171.4 - - [14/Nov/2024:13:49:14 +0530] "GET /product/J642235?c=877&keyword=mythic HTTP/1.1" 200 77380 "-" "Mozilla/5.0 (compatible; SemrushBot/7~bl; +http://www.semrush.com/bot.html)"
85.208.96.196 - - [14/Nov/2024:13:49:19 +0530] "GET /product/R172267?c=663&keyword=injure HTTP/1.1" 200 77380 "-" "Mozilla/5.0 (compatible; SemrushBot/7~bl; +http://www.semrush.com/bot.html)"
85.208.96.194 - - [14/Nov/2024:13:49:26 +0530] "GET /167867937.phtml HTTP/1.1" 404 - "-" "Mozilla/5.0 (compatible; SemrushBot/7~bl; +http://www.semrush.com/bot.html)"
185.191.171.15 - - [14/Nov/2024:13:49:28 +0530] "GET /product/D60531?c=92&keyword=displease HTTP/1.1" 200 77380 "-" "Mozilla/5.0 (compatible; SemrushBot/7~bl; +http://www.semrush.com/bot.html)"
85.208.96.196 - - [14/Nov/2024:13:49:28 +0530] "GET /217727568.phtml HTTP/1.1" 404 - "-" "Mozilla/5.0 (compatible; SemrushBot/7~bl; +http://www.semrush.com/bot.html)"
185.191.171.7 - - [14/Nov/2024:13:49:32 +0530] "GET /146683845.phtml HTTP/1.1" 404 - "-" "Mozilla/5.0 (compatible; SemrushBot/7~bl; +http://www.semrush.com/bot.html)"
185.191.171.5 - - [14/Nov/2024:13:49:36 +0530] "GET /product/M531764?c=550&keyword=reflector HTTP/1.1" 200 77380 "-" "Mozilla/5.0 (compatible; SemrushBot/7~bl; +http://www.semrush.com/bot.html)"
185.191.171.5 - - [14/Nov/2024:13:49:43 +0530] "GET /product/H168461?c=486&keyword=cotton HTTP/1.1" 200 77380 "-" "Mozilla/5.0 (compatible; SemrushBot/7~bl; +http://www.semrush.com/bot.html)"
85.208.96.194 - - [14/Nov/2024:13:49:46 +0530] "GET /product/P516271?c=924&keyword=Taipei HTTP/1.1" 200 77380 "-" "Mozilla/5.0 (compatible; SemrushBot/7~bl; +http://www.semrush.com/bot.html)"
185.191.171.1 - - [14/Nov/2024:13:49:52 +0530] "GET /product/B14483?c=450&keyword=passivity HTTP/1.1" 200 77380 "-" "Mozilla/5.0 (compatible; SemrushBot/7~bl; +http://www.semrush.com/bot.html)"
85.208.96.196 - - [14/Nov/2024:13:49:55 +0530] "GET /product/A4472?c=880&keyword=encourage HTTP/1.1" 200 77380 "-" "Mozilla/5.0 (compatible; SemrushBot/7~bl; +http://www.semrush.com/bot.html)"
85.208.96.198 - - [14/Nov/2024:13:50:11 +0530] "GET /product/V713123?c=687&keyword=pompous HTTP/1.1" 200 77380 "-" "Mozilla/5.0 (compatible; SemrushBot/7~bl; +http://www.semrush.com/bot.html)"
85.208.96.211 - - [14/Nov/2024:13:50:24 +0530] "GET /71235585.phtml HTTP/1.1" 404 - "-" "Mozilla/5.0 (compatible; SemrushBot/7~bl; +http://www.semrush.com/bot.html)"
185.191.171.10 - - [14/Nov/2024:13:50:25 +0530] "GET /product/X20329?c=192&keyword=seamless HTTP/1.1" 200 77380 "-" "Mozilla/5.0 (compatible; SemrushBot/7~bl; +http://www.semrush.com/bot.html)"
54.36.148.95 - - [14/Nov/2024:13:50:33 +0530] "GET /product/silver-ring-compass-1 HTTP/1.1" 200 858413 "-" "Mozilla/5.0 (compatible; AhrefsBot/7.0; +http://ahrefs.com/robot/)"
85.208.96.195 - - [14/Nov/2024:13:50:57 +0530] "GET /105919380.phtml HTTP/1.1" 404 - "-" "Mozilla/5.0 (compatible; SemrushBot/7~bl; +http://www.semrush.com/bot.html)"
66.249.79.36 - - [14/Nov/2024:13:50:58 +0530] "GET /166688483.phtml HTTP/1.1" 404 - "-" "Mozilla/5.0 (Linux; Android 6.0.1; Nexus 5X Build/MMB29P) AppleWebKit/537.36 (KHTML, like Gecko) Chrome/131.0.6778.69 Mobile Safari/537.36 (compatible; Googlebot/2.1; +http://www.google.com/bot.html)"
185.191.171.13 - - [14/Nov/2024:13:51:04 +0530] "GET /product/B20931?c=669&keyword=displease HTTP/1.1" 200 77380 "-" "Mozilla/5.0 (compatible; SemrushBot/7~bl; +http://www.semrush.com/bot.html)"
185.191.171.15 - - [14/Nov/2024:13:51:13 +0530] "GET /product/C918478?c=478&keyword=rebellion HTTP/1.1" 200 77380 "-" "Mozilla/5.0 (compatible; SemrushBot/7~bl; +http://www.semrush.com/bot.html)"
66.249.79.36 - - [14/Nov/2024:13:51:19 +0530] "GET /38744621.phtml HTTP/1.1" 404 - "-" "Mozilla/5.0 (Linux; Android 6.0.1; Nexus 5X Build/MMB29P) AppleWebKit/537.36 (KHTML, like Gecko) Chrome/131.0.6778.69 Mobile Safari/537.36 (compatible; Googlebot/2.1; +http://www.google.com/bot.html)"
85.208.96.203 - - [14/Nov/2024:13:51:32 +0530] "GET /23442183.phtml HTTP/1.1" 404 - "-" "Mozilla/5.0 (compatible; SemrushBot/7~bl; +http://www.semrush.com/bot.html)"
85.208.96.196 - - [14/Nov/2024:13:51:33 +0530] "GET /product/T318389?c=332&keyword=enquire HTTP/1.1" 200 77380 "-" "Mozilla/5.0 (compatible; SemrushBot/7~bl; +http://www.semrush.com/bot.html)"
85.208.96.196 - - [14/Nov/2024:13:51:45 +0530] "GET /12582513.phtml HTTP/1.1" 404 - "-" "Mozilla/5.0 (compatible; SemrushBot/7~bl; +http://www.semrush.com/bot.html)"
85.208.96.194 - - [14/Nov/2024:13:51:56 +0530] "GET /product/S731242?c=870&keyword=response HTTP/1.1" 200 77380 "-" "Mozilla/5.0 (compatible; SemrushBot/7~bl; +http://www.semrush.com/bot.html)"
85.208.96.200 - - [14/Nov/2024:13:51:59 +0530] "GET /product/B263459?c=911&keyword=voiceless HTTP/1.1" 200 77380 "-" "Mozilla/5.0 (compatible; SemrushBot/7~bl; +http://www.semrush.com/bot.html)"
185.191.171.19 - - [14/Nov/2024:13:51:59 +0530] "GET /119019105.phtml HTTP/1.1" 404 - "-" "Mozilla/5.0 (compatible; SemrushBot/7~bl; +http://www.semrush.com/bot.html)"
185.191.171.12 - - [14/Nov/2024:13:52:09 +0530] "GET /product/S209890?c=644&keyword=recommended HTTP/1.1" 200 77380 "-" "Mozilla/5.0 (compatible; SemrushBot/7~bl; +http://www.semrush.com/bot.html)"
185.191.171.15 - - [14/Nov/2024:13:52:14 +0530] "GET /product/R296079?c=155&keyword=ordering HTTP/1.1" 200 77380 "-" "Mozilla/5.0 (compatible; SemrushBot/7~bl; +http://www.semrush.com/bot.html)"
217.182.175.38 - - [14/Nov/2024:13:52:14 +0530] "GET /product/122239.html?product_id=703 HTTP/1.1" 200 77380 "-" "Mozilla/5.0 (compatible; MJ12bot/v1.4.8; http://mj12bot.com/)"
217.182.175.38 - - [14/Nov/2024:13:52:16 +0530] "GET /product/122239.html?product_id=704 HTTP/1.1" 200 77380 "-" "Mozilla/5.0 (compatible; MJ12bot/v1.4.8; http://mj12bot.com/)"
217.182.175.38 - - [14/Nov/2024:13:52:19 +0530] "GET /product/122239.html?product_id=707 HTTP/1.1" 200 77380 "-" "Mozilla/5.0 (compatible; MJ12bot/v1.4.8; http://mj12bot.com/)"
217.182.175.38 - - [14/Nov/2024:13:52:21 +0530] "GET /product/122239.html?product_id=711 HTTP/1.1" 200 77380 "-" "Mozilla/5.0 (compatible; MJ12bot/v1.4.8; http://mj12bot.com/)"
217.182.175.38 - - [14/Nov/2024:13:52:23 +0530] "GET /product/122239.html?product_id=721 HTTP/1.1" 200 77380 "-" "Mozilla/5.0 (compatible; MJ12bot/v1.4.8; http://mj12bot.com/)"
217.182.175.38 - - [14/Nov/2024:13:52:25 +0530] "GET /product/122239.html?product_id=731 HTTP/1.1" 200 77380 "-" "Mozilla/5.0 (compatible; MJ12bot/v1.4.8; http://mj12bot.com/)"
217.182.175.38 - - [14/Nov/2024:13:52:27 +0530] "GET /product/122239.html?product_id=732 HTTP/1.1" 200 77380 "-" "Mozilla/5.0 (compatible; MJ12bot/v1.4.8; http://mj12bot.com/)"
66.249.68.35 - - [14/Nov/2024:13:52:28 +0530] "GET /41725098.phtml HTTP/1.1" 404 - "-" "Mozilla/5.0 (Linux; Android 6.0.1; Nexus 5X Build/MMB29P) AppleWebKit/537.36 (KHTML, like Gecko) Chrome/130.0.6723.116 Mobile Safari/537.36 (compatible; Googlebot/2.1; +http://www.google.com/bot.html)"
185.191.171.7 - - [14/Nov/2024:13:52:28 +0530] "GET /117035577.phtml HTTP/1.1" 404 - "-" "Mozilla/5.0 (compatible; SemrushBot/7~bl; +http://www.semrush.com/bot.html)"
217.182.175.38 - - [14/Nov/2024:13:52:30 +0530] "GET /product/122239.html?product_id=745 HTTP/1.1" 200 77380 "-" "Mozilla/5.0 (compatible; MJ12bot/v1.4.8; http://mj12bot.com/)"
217.182.175.38 - - [14/Nov/2024:13:52:32 +0530] "GET /product/122239.html?product_id=748 HTTP/1.1" 200 77380 "-" "Mozilla/5.0 (compatible; MJ12bot/v1.4.8; http://mj12bot.com/)"
85.208.96.199 - - [14/Nov/2024:13:52:33 +0530] "GET /product/U450626?c=452&keyword=traverse HTTP/1.1" 200 77380 "-" "Mozilla/5.0 (compatible; SemrushBot/7~bl; +http://www.semrush.com/bot.html)"
217.182.175.38 - - [14/Nov/2024:13:52:34 +0530] "GET /product/122239.html?product_id=75 HTTP/1.1" 200 77380 "-" "Mozilla/5.0 (compatible; MJ12bot/v1.4.8; http://mj12bot.com/)"
217.182.175.38 - - [14/Nov/2024:13:52:36 +0530] "GET /product/122239.html?product_id=759 HTTP/1.1" 200 77380 "-" "Mozilla/5.0 (compatible; MJ12bot/v1.4.8; http://mj12bot.com/)"
85.208.96.206 - - [14/Nov/2024:13:52:37 +0530] "GET /product/K525522?c=255&keyword=revamp HTTP/1.1" 200 77380 "-" "Mozilla/5.0 (compatible; SemrushBot/7~bl; +http://www.semrush.com/bot.html)"
217.182.175.38 - - [14/Nov/2024:13:52:38 +0530] "GET /product/122239.html?product_id=760 HTTP/1.1" 200 77380 "-" "Mozilla/5.0 (compatible; MJ12bot/v1.4.8; http://mj12bot.com/)"
217.182.175.38 - - [14/Nov/2024:13:52:40 +0530] "GET /product/122239.html?product_id=764 HTTP/1.1" 200 77380 "-" "Mozilla/5.0 (compatible; MJ12bot/v1.4.8; http://mj12bot.com/)"
217.182.175.38 - - [14/Nov/2024:13:52:42 +0530] "GET /product/122239.html?product_id=765 HTTP/1.1" 200 77380 "-" "Mozilla/5.0 (compatible; MJ12bot/v1.4.8; http://mj12bot.com/)"
217.182.175.38 - - [14/Nov/2024:13:52:44 +0530] "GET /product/122239.html?product_id=766 HTTP/1.1" 200 77380 "-" "Mozilla/5.0 (compatible; MJ12bot/v1.4.8; http://mj12bot.com/)"
217.182.175.38 - - [14/Nov/2024:13:52:47 +0530] "GET /product/122239.html?product_id=77 HTTP/1.1" 200 77380 "-" "Mozilla/5.0 (compatible; MJ12bot/v1.4.8; http://mj12bot.com/)"
217.182.175.38 - - [14/Nov/2024:13:52:49 +0530] "GET /product/122239.html?product_id=774 HTTP/1.1" 200 77380 "-" "Mozilla/5.0 (compatible; MJ12bot/v1.4.8; http://mj12bot.com/)"
217.182.175.38 - - [14/Nov/2024:13:52:51 +0530] "GET /product/122239.html?product_id=833 HTTP/1.1" 200 77380 "-" "Mozilla/5.0 (compatible; MJ12bot/v1.4.8; http://mj12bot.com/)"
217.182.175.38 - - [14/Nov/2024:13:52:53 +0530] "GET /product/122239.html?product_id=837 HTTP/1.1" 200 77380 "-" "Mozilla/5.0 (compatible; MJ12bot/v1.4.8; http://mj12bot.com/)"
217.182.175.38 - - [14/Nov/2024:13:52:55 +0530] "GET /product/122239.html?product_id=839 HTTP/1.1" 200 77380 "-" "Mozilla/5.0 (compatible; MJ12bot/v1.4.8; http://mj12bot.com/)"
66.249.68.34 - - [14/Nov/2024:13:52:57 +0530] "GET /17100207.phtml HTTP/1.1" 404 - "-" "Mozilla/5.0 (Linux; Android 6.0.1; Nexus 5X Build/MMB29P) AppleWebKit/537.36 (KHTML, like Gecko) Chrome/130.0.6723.116 Mobile Safari/537.36 (compatible; Googlebot/2.1; +http://www.google.com/bot.html)"
217.182.175.38 - - [14/Nov/2024:13:52:58 +0530] "GET /product/122239.html?product_id=842 HTTP/1.1" 200 77380 "-" "Mozilla/5.0 (compatible; MJ12bot/v1.4.8; http://mj12bot.com/)"
217.182.175.38 - - [14/Nov/2024:13:53:00 +0530] "GET /product/122239.html?product_id=844 HTTP/1.1" 200 77380 "-" "Mozilla/5.0 (compatible; MJ12bot/v1.4.8; http://mj12bot.com/)"
217.182.175.38 - - [14/Nov/2024:13:53:02 +0530] "GET /product/122239.html?product_id=855 HTTP/1.1" 200 77380 "-" "Mozilla/5.0 (compatible; MJ12bot/v1.4.8; http://mj12bot.com/)"
217.182.175.38 - - [14/Nov/2024:13:53:04 +0530] "GET /product/122239.html?product_id=869 HTTP/1.1" 200 77380 "-" "Mozilla/5.0 (compatible; MJ12bot/v1.4.8; http://mj12bot.com/)"
217.182.175.38 - - [14/Nov/2024:13:53:07 +0530] "GET /product/122239.html?product_id=87 HTTP/1.1" 200 77380 "-" "Mozilla/5.0 (compatible; MJ12bot/v1.4.8; http://mj12bot.com/)"
217.182.175.38 - - [14/Nov/2024:13:53:09 +0530] "GET /product/122239.html?product_id=873 HTTP/1.1" 200 77380 "-" "Mozilla/5.0 (compatible; MJ12bot/v1.4.8; http://mj12bot.com/)"
217.182.175.38 - - [14/Nov/2024:13:53:11 +0530] "GET /product/122239.html?product_id=880 HTTP/1.1" 200 77380 "-" "Mozilla/5.0 (compatible; MJ12bot/v1.4.8; http://mj12bot.com/)"
217.182.175.38 - - [14/Nov/2024:13:53:13 +0530] "GET /product/122239.html?product_id=881 HTTP/1.1" 200 77380 "-" "Mozilla/5.0 (compatible; MJ12bot/v1.4.8; http://mj12bot.com/)"
217.182.175.38 - - [14/Nov/2024:13:53:15 +0530] "GET /product/122239.html?product_id=884 HTTP/1.1" 200 77380 "-" "Mozilla/5.0 (compatible; MJ12bot/v1.4.8; http://mj12bot.com/)"
217.182.175.38 - - [14/Nov/2024:13:53:17 +0530] "GET /product/122239.html?product_id=885 HTTP/1.1" 200 77380 "-" "Mozilla/5.0 (compatible; MJ12bot/v1.4.8; http://mj12bot.com/)"
217.182.175.38 - - [14/Nov/2024:13:53:20 +0530] "GET /product/122239.html?product_id=889 HTTP/1.1" 200 77380 "-" "Mozilla/5.0 (compatible; MJ12bot/v1.4.8; http://mj12bot.com/)"
217.182.175.38 - - [14/Nov/2024:13:53:22 +0530] "GET /product/122239.html?product_id=89 HTTP/1.1" 200 77380 "-" "Mozilla/5.0 (compatible; MJ12bot/v1.4.8; http://mj12bot.com/)"
217.182.175.38 - - [14/Nov/2024:13:53:25 +0530] "GET /product/122239.html?product_id=890 HTTP/1.1" 200 77380 "-" "Mozilla/5.0 (compatible; MJ12bot/v1.4.8; http://mj12bot.com/)"
217.182.175.38 - - [14/Nov/2024:13:53:27 +0530] "GET /product/122239.html?product_id=912 HTTP/1.1" 200 77380 "-" "Mozilla/5.0 (compatible; MJ12bot/v1.4.8; http://mj12bot.com/)"
66.249.68.34 - - [14/Nov/2024:13:53:28 +0530] "GET /96054147.phtml HTTP/1.1" 404 - "-" "Mozilla/5.0 (Linux; Android 6.0.1; Nexus 5X Build/MMB29P) AppleWebKit/537.36 (KHTML, like Gecko) Chrome/130.0.6723.116 Mobile Safari/537.36 (compatible; Googlebot/2.1; +http://www.google.com/bot.html)"
185.191.171.18 - - [14/Nov/2024:13:53:29 +0530] "GET /79989012.phtml HTTP/1.1" 404 - "-" "Mozilla/5.0 (compatible; SemrushBot/7~bl; +http://www.semrush.com/bot.html)"
217.182.175.38 - - [14/Nov/2024:13:53:30 +0530] "GET /product/122239.html?product_id=918 HTTP/1.1" 200 77380 "-" "Mozilla/5.0 (compatible; MJ12bot/v1.4.8; http://mj12bot.com/)"
66.249.68.35 - - [14/Nov/2024:13:53:30 +0530] "GET /26637957.phtml HTTP/1.1" 404 - "-" "Mozilla/5.0 (Linux; Android 6.0.1; Nexus 5X Build/MMB29P) AppleWebKit/537.36 (KHTML, like Gecko) Chrome/130.0.6723.116 Mobile Safari/537.36 (compatible; Googlebot/2.1; +http://www.google.com/bot.html)"
85.208.96.209 - - [14/Nov/2024:13:53:32 +0530] "GET /product/X54987?c=664&keyword=slide HTTP/1.1" 200 77380 "-" "Mozilla/5.0 (compatible; SemrushBot/7~bl; +http://www.semrush.com/bot.html)"
217.182.175.38 - - [14/Nov/2024:13:53:32 +0530] "GET /product/122239.html?product_id=928 HTTP/1.1" 200 77380 "-" "Mozilla/5.0 (compatible; MJ12bot/v1.4.8; http://mj12bot.com/)"
217.182.175.38 - - [14/Nov/2024:13:53:34 +0530] "GET /product/122239.html?product_id=929 HTTP/1.1" 200 77380 "-" "Mozilla/5.0 (compatible; MJ12bot/v1.4.8; http://mj12bot.com/)"
185.191.171.7 - - [14/Nov/2024:13:53:35 +0530] "GET /product/K551314?c=165&keyword=recycling HTTP/1.1" 200 77380 "-" "Mozilla/5.0 (compatible; SemrushBot/7~bl; +http://www.semrush.com/bot.html)"
217.182.175.38 - - [14/Nov/2024:13:53:37 +0530] "GET /product/122239.html?product_id=934 HTTP/1.1" 200 77380 "-" "Mozilla/5.0 (compatible; MJ12bot/v1.4.8; http://mj12bot.com/)"
185.191.171.19 - - [14/Nov/2024:13:53:38 +0530] "GET /product/S5556?c=210&keyword=freshman HTTP/1.1" 200 77380 "-" "Mozilla/5.0 (compatible; SemrushBot/7~bl; +http://www.semrush.com/bot.html)"
217.182.175.38 - - [14/Nov/2024:13:53:39 +0530] "GET /product/122239.html?product_id=938 HTTP/1.1" 200 77380 "-" "Mozilla/5.0 (compatible; MJ12bot/v1.4.8; http://mj12bot.com/)"
217.182.175.38 - - [14/Nov/2024:13:53:41 +0530] "GET /product/122239.html?product_id=946 HTTP/1.1" 200 77380 "-" "Mozilla/5.0 (compatible; MJ12bot/v1.4.8; http://mj12bot.com/)"
185.191.171.18 - - [14/Nov/2024:13:53:42 +0530] "GET /product/R888411?c=504&keyword=troupe HTTP/1.1" 200 77380 "-" "Mozilla/5.0 (compatible; SemrushBot/7~bl; +http://www.semrush.com/bot.html)"
217.182.175.38 - - [14/Nov/2024:13:53:44 +0530] "GET /product/122239.html?product_id=952 HTTP/1.1" 200 77380 "-" "Mozilla/5.0 (compatible; MJ12bot/v1.4.8; http://mj12bot.com/)"
85.208.96.194 - - [14/Nov/2024:13:53:45 +0530] "GET /91581408.phtml HTTP/1.1" 404 - "-" "Mozilla/5.0 (compatible; SemrushBot/7~bl; +http://www.semrush.com/bot.html)"
185.191.171.14 - - [14/Nov/2024:13:53:45 +0530] "GET /product/T267039?c=187&keyword=cowpox HTTP/1.1" 200 77380 "-" "Mozilla/5.0 (compatible; SemrushBot/7~bl; +http://www.semrush.com/bot.html)"
217.182.175.38 - - [14/Nov/2024:13:53:46 +0530] "GET /product/122239.html?product_id=956 HTTP/1.1" 200 77380 "-" "Mozilla/5.0 (compatible; MJ12bot/v1.4.8; http://mj12bot.com/)"
217.182.175.38 - - [14/Nov/2024:13:53:49 +0530] "GET /product/122239.html?product_id=957 HTTP/1.1" 200 77380 "-" "Mozilla/5.0 (compatible; MJ12bot/v1.4.8; http://mj12bot.com/)"
85.208.96.204 - - [14/Nov/2024:13:53:50 +0530] "GET /product/K313856?c=98&keyword=freshman HTTP/1.1" 200 77380 "-" "Mozilla/5.0 (compatible; SemrushBot/7~bl; +http://www.semrush.com/bot.html)"
217.182.175.38 - - [14/Nov/2024:13:53:51 +0530] "GET /product/122239.html?product_id=961 HTTP/1.1" 200 77380 "-" "Mozilla/5.0 (compatible; MJ12bot/v1.4.8; http://mj12bot.com/)"
217.182.175.38 - - [14/Nov/2024:13:53:54 +0530] "GET /product/122239.html?product_id=975 HTTP/1.1" 200 77380 "-" "Mozilla/5.0 (compatible; MJ12bot/v1.4.8; http://mj12bot.com/)"
185.191.171.11 - - [14/Nov/2024:13:53:54 +0530] "GET /product/D759567?c=140&keyword=injure HTTP/1.1" 200 77380 "-" "Mozilla/5.0 (compatible; SemrushBot/7~bl; +http://www.semrush.com/bot.html)"
54.36.149.81 - - [14/Nov/2024:13:53:54 +0530] "GET /product/-silver-ring-with-gemstone-109 HTTP/1.1" 200 859065 "-" "Mozilla/5.0 (compatible; AhrefsBot/7.0; +http://ahrefs.com/robot/)"
217.182.175.38 - - [14/Nov/2024:13:53:57 +0530] "GET /product/122239.html?product_id=994 HTTP/1.1" 200 77380 "-" "Mozilla/5.0 (compatible; MJ12bot/v1.4.8; http://mj12bot.com/)"
217.182.175.38 - - [14/Nov/2024:13:53:59 +0530] "GET /product/122239.html?product_id=999 HTTP/1.1" 200 77380 "-" "Mozilla/5.0 (compatible; MJ12bot/v1.4.8; http://mj12bot.com/)"
185.191.171.7 - - [14/Nov/2024:13:54:02 +0530] "GET /product/G148830?c=855&keyword=navigate HTTP/1.1" 200 77380 "-" "Mozilla/5.0 (compatible; SemrushBot/7~bl; +http://www.semrush.com/bot.html)"
217.182.175.38 - - [14/Nov/2024:13:54:02 +0530] "GET /product/12224.html?product_id=253 HTTP/1.1" 200 77380 "-" "Mozilla/5.0 (compatible; MJ12bot/v1.4.8; http://mj12bot.com/)"
85.208.96.203 - - [14/Nov/2024:13:54:02 +0530] "GET /102141297.phtml HTTP/1.1" 404 - "-" "Mozilla/5.0 (compatible; SemrushBot/7~bl; +http://www.semrush.com/bot.html)"
217.182.175.38 - - [14/Nov/2024:13:54:05 +0530] "GET /product/12224.html?product_id=264 HTTP/1.1" 200 77380 "-" "Mozilla/5.0 (compatible; MJ12bot/v1.4.8; http://mj12bot.com/)"
85.208.96.210 - - [14/Nov/2024:13:54:06 +0530] "GET /product/F283223?c=851&keyword=pompous HTTP/1.1" 200 77380 "-" "Mozilla/5.0 (compatible; SemrushBot/7~bl; +http://www.semrush.com/bot.html)"
217.182.175.38 - - [14/Nov/2024:13:54:09 +0530] "GET /product/12224.html?product_id=286 HTTP/1.1" 200 77380 "-" "Mozilla/5.0 (compatible; MJ12bot/v1.4.8; http://mj12bot.com/)"
217.182.175.38 - - [14/Nov/2024:13:54:11 +0530] "GET /product/12224.html?product_id=327 HTTP/1.1" 200 77380 "-" "Mozilla/5.0 (compatible; MJ12bot/v1.4.8; http://mj12bot.com/)"
185.191.171.13 - - [14/Nov/2024:13:54:12 +0530] "GET /product/Y655822?c=745&keyword=revamp HTTP/1.1" 200 77380 "-" "Mozilla/5.0 (compatible; SemrushBot/7~bl; +http://www.semrush.com/bot.html)"
217.182.175.38 - - [14/Nov/2024:13:54:14 +0530] "GET /product/12224.html?product_id=364 HTTP/1.1" 200 77380 "-" "Mozilla/5.0 (compatible; MJ12bot/v1.4.8; http://mj12bot.com/)"
217.182.175.38 - - [14/Nov/2024:13:54:16 +0530] "GET /product/12224.html?product_id=445 HTTP/1.1" 200 77380 "-" "Mozilla/5.0 (compatible; MJ12bot/v1.4.8; http://mj12bot.com/)"
66.249.79.36 - - [14/Nov/2024:13:54:18 +0530] "GET /204552557.phtml HTTP/1.1" 404 - "-" "Mozilla/5.0 (Linux; Android 6.0.1; Nexus 5X Build/MMB29P) AppleWebKit/537.36 (KHTML, like Gecko) Chrome/131.0.6778.69 Mobile Safari/537.36 (compatible; Googlebot/2.1; +http://www.google.com/bot.html)"
217.182.175.38 - - [14/Nov/2024:13:54:19 +0530] "GET /product/12224.html?product_id=446 HTTP/1.1" 200 77380 "-" "Mozilla/5.0 (compatible; MJ12bot/v1.4.8; http://mj12bot.com/)"
217.182.175.38 - - [14/Nov/2024:13:54:21 +0530] "GET /product/12224.html?product_id=45 HTTP/1.1" 200 77380 "-" "Mozilla/5.0 (compatible; MJ12bot/v1.4.8; http://mj12bot.com/)"
217.182.175.38 - - [14/Nov/2024:13:54:24 +0530] "GET /product/12224.html?product_id=489 HTTP/1.1" 200 77380 "-" "Mozilla/5.0 (compatible; MJ12bot/v1.4.8; http://mj12bot.com/)"
217.182.175.38 - - [14/Nov/2024:13:54:26 +0530] "GET /product/12224.html?product_id=490 HTTP/1.1" 200 77380 "-" "Mozilla/5.0 (compatible; MJ12bot/v1.4.8; http://mj12bot.com/)"
217.182.175.38 - - [14/Nov/2024:13:54:29 +0530] "GET /product/12224.html?product_id=508 HTTP/1.1" 200 77380 "-" "Mozilla/5.0 (compatible; MJ12bot/v1.4.8; http://mj12bot.com/)"
185.191.171.5 - - [14/Nov/2024:13:54:31 +0530] "GET /248411421.phtml HTTP/1.1" 404 - "-" "Mozilla/5.0 (compatible; SemrushBot/7~bl; +http://www.semrush.com/bot.html)"
217.182.175.38 - - [14/Nov/2024:13:54:32 +0530] "GET /product/12224.html?product_id=510 HTTP/1.1" 200 77380 "-" "Mozilla/5.0 (compatible; MJ12bot/v1.4.8; http://mj12bot.com/)"
217.182.175.38 - - [14/Nov/2024:13:54:36 +0530] "GET /product/12224.html?product_id=545 HTTP/1.1" 200 77380 "-" "Mozilla/5.0 (compatible; MJ12bot/v1.4.8; http://mj12bot.com/)"
217.182.175.38 - - [14/Nov/2024:13:54:39 +0530] "GET /product/12224.html?product_id=573 HTTP/1.1" 200 77380 "-" "Mozilla/5.0 (compatible; MJ12bot/v1.4.8; http://mj12bot.com/)"
217.182.175.38 - - [14/Nov/2024:13:54:42 +0530] "GET /product/12224.html?product_id=574 HTTP/1.1" 200 77380 "-" "Mozilla/5.0 (compatible; MJ12bot/v1.4.8; http://mj12bot.com/)"
185.191.171.9 - - [14/Nov/2024:13:54:44 +0530] "GET /product/28.html?product_id=841 HTTP/1.1" 200 77380 "-" "Mozilla/5.0 (compatible; SemrushBot/7~bl; +http://www.semrush.com/bot.html)"
217.182.175.38 - - [14/Nov/2024:13:54:46 +0530] "GET /product/12224.html?product_id=589 HTTP/1.1" 200 77380 "-" "Mozilla/5.0 (compatible; MJ12bot/v1.4.8; http://mj12bot.com/)"
217.182.175.38 - - [14/Nov/2024:13:54:50 +0530] "GET /product/12224.html?product_id=609 HTTP/1.1" 200 77380 "-" "Mozilla/5.0 (compatible; MJ12bot/v1.4.8; http://mj12bot.com/)"
217.182.175.38 - - [14/Nov/2024:13:54:53 +0530] "GET /product/12224.html?product_id=620 HTTP/1.1" 200 77380 "-" "Mozilla/5.0 (compatible; MJ12bot/v1.4.8; http://mj12bot.com/)"
185.191.171.12 - - [14/Nov/2024:13:54:55 +0530] "GET /product/K595878?c=396&keyword=rebellion HTTP/1.1" 200 77380 "-" "Mozilla/5.0 (compatible; SemrushBot/7~bl; +http://www.semrush.com/bot.html)"
217.182.175.38 - - [14/Nov/2024:13:54:57 +0530] "GET /product/12224.html?product_id=63 HTTP/1.1" 200 77380 "-" "Mozilla/5.0 (compatible; MJ12bot/v1.4.8; http://mj12bot.com/)"
217.182.175.38 - - [14/Nov/2024:13:55:00 +0530] "GET /product/12224.html?product_id=643 HTTP/1.1" 200 77380 "-" "Mozilla/5.0 (compatible; MJ12bot/v1.4.8; http://mj12bot.com/)"
217.182.175.38 - - [14/Nov/2024:13:55:05 +0530] "GET /product/12224.html?product_id=649 HTTP/1.1" 200 77380 "-" "Mozilla/5.0 (compatible; MJ12bot/v1.4.8; http://mj12bot.com/)"
217.182.175.38 - - [14/Nov/2024:13:55:09 +0530] "GET /product/12224.html?product_id=710 HTTP/1.1" 200 77380 "-" "Mozilla/5.0 (compatible; MJ12bot/v1.4.8; http://mj12bot.com/)"
217.182.175.38 - - [14/Nov/2024:13:55:13 +0530] "GET /product/12224.html?product_id=73 HTTP/1.1" 200 77380 "-" "Mozilla/5.0 (compatible; MJ12bot/v1.4.8; http://mj12bot.com/)"
217.182.175.38 - - [14/Nov/2024:13:55:17 +0530] "GET /product/12224.html?product_id=795 HTTP/1.1" 200 77380 "-" "Mozilla/5.0 (compatible; MJ12bot/v1.4.8; http://mj12bot.com/)"
185.191.171.1 - - [14/Nov/2024:13:55:17 +0530] "GET /212112648.phtml HTTP/1.1" 404 - "-" "Mozilla/5.0 (compatible; SemrushBot/7~bl; +http://www.semrush.com/bot.html)"
85.208.96.194 - - [14/Nov/2024:13:55:20 +0530] "GET /product/B854491?c=114&keyword=browse HTTP/1.1" 200 77380 "-" "Mozilla/5.0 (compatible; SemrushBot/7~bl; +http://www.semrush.com/bot.html)"
217.182.175.38 - - [14/Nov/2024:13:55:21 +0530] "GET /product/12224.html?product_id=81 HTTP/1.1" 200 77380 "-" "Mozilla/5.0 (compatible; MJ12bot/v1.4.8; http://mj12bot.com/)"
185.191.171.18 - - [14/Nov/2024:13:55:23 +0530] "GET /product/N478725?c=328&keyword=shuttle HTTP/1.1" 200 77380 "-" "Mozilla/5.0 (compatible; SemrushBot/7~bl; +http://www.semrush.com/bot.html)"
217.182.175.38 - - [14/Nov/2024:13:55:25 +0530] "GET /product/12224.html?product_id=830 HTTP/1.1" 200 77380 "-" "Mozilla/5.0 (compatible; MJ12bot/v1.4.8; http://mj12bot.com/)"
217.182.175.38 - - [14/Nov/2024:13:55:30 +0530] "GET /product/12224.html?product_id=844 HTTP/1.1" 200 77380 "-" "Mozilla/5.0 (compatible; MJ12bot/v1.4.8; http://mj12bot.com/)"
85.208.96.194 - - [14/Nov/2024:13:55:33 +0530] "GET /product/M476904?c=877&keyword=smear HTTP/1.1" 200 77380 "-" "Mozilla/5.0 (compatible; SemrushBot/7~bl; +http://www.semrush.com/bot.html)"
217.182.175.38 - - [14/Nov/2024:13:55:34 +0530] "GET /product/12224.html?product_id=863 HTTP/1.1" 200 77380 "-" "Mozilla/5.0 (compatible; MJ12bot/v1.4.8; http://mj12bot.com/)"
217.182.175.38 - - [14/Nov/2024:13:55:40 +0530] "GET /product/12224.html?product_id=881 HTTP/1.1" 200 77380 "-" "Mozilla/5.0 (compatible; MJ12bot/v1.4.8; http://mj12bot.com/)"
185.191.171.16 - - [14/Nov/2024:13:55:42 +0530] "GET /231603840.phtml HTTP/1.1" 404 - "-" "Mozilla/5.0 (compatible; SemrushBot/7~bl; +http://www.semrush.com/bot.html)"
217.182.175.38 - - [14/Nov/2024:13:55:47 +0530] "GET /product/12224.html?product_id=89 HTTP/1.1" 200 77380 "-" "Mozilla/5.0 (compatible; MJ12bot/v1.4.8; http://mj12bot.com/)"
85.208.96.204 - - [14/Nov/2024:13:55:55 +0530] "GET /48056787.phtml HTTP/1.1" 404 - "-" "Mozilla/5.0 (compatible; SemrushBot/7~bl; +http://www.semrush.com/bot.html)"
66.249.68.35 - - [14/Nov/2024:13:55:57 +0530] "GET /183863898.phtml HTTP/1.1" 404 - "-" "Mozilla/5.0 (Linux; Android 6.0.1; Nexus 5X Build/MMB29P) AppleWebKit/537.36 (KHTML, like Gecko) Chrome/130.0.6723.116 Mobile Safari/537.36 (compatible; Googlebot/2.1; +http://www.google.com/bot.html)"
185.191.171.16 - - [14/Nov/2024:13:55:59 +0530] "GET /product/U20898?c=802&keyword=freezer HTTP/1.1" 200 77380 "-" "Mozilla/5.0 (compatible; SemrushBot/7~bl; +http://www.semrush.com/bot.html)"
185.191.171.1 - - [14/Nov/2024:13:56:18 +0530] "GET /product/V388071?c=399&keyword=Taipei HTTP/1.1" 200 77380 "-" "Mozilla/5.0 (compatible; SemrushBot/7~bl; +http://www.semrush.com/bot.html)"
85.208.96.200 - - [14/Nov/2024:13:56:29 +0530] "GET /product/B749893?c=280&keyword=influenza HTTP/1.1" 200 77380 "-" "Mozilla/5.0 (compatible; SemrushBot/7~bl; +http://www.semrush.com/bot.html)"
85.208.96.194 - - [14/Nov/2024:13:56:29 +0530] "GET /54479439.phtml HTTP/1.1" 404 - "-" "Mozilla/5.0 (compatible; SemrushBot/7~bl; +http://www.semrush.com/bot.html)"
85.208.96.196 - - [14/Nov/2024:13:56:40 +0530] "GET /90709524.phtml HTTP/1.1" 404 - "-" "Mozilla/5.0 (compatible; SemrushBot/7~bl; +http://www.semrush.com/bot.html)"
54.36.148.84 - - [14/Nov/2024:13:56:47 +0530] "GET /product/-silver-ring-with-gemstone-73 HTTP/1.1" 200 859065 "-" "Mozilla/5.0 (compatible; AhrefsBot/7.0; +http://ahrefs.com/robot/)"
85.208.96.200 - - [14/Nov/2024:13:56:48 +0530] "GET /product/C503076?c=837&keyword=stealth HTTP/1.1" 200 77380 "-" "Mozilla/5.0 (compatible; SemrushBot/7~bl; +http://www.semrush.com/bot.html)"
185.191.171.18 - - [14/Nov/2024:13:56:51 +0530] "GET /product/B93185?c=54&keyword=choice HTTP/1.1" 200 77380 "-" "Mozilla/5.0 (compatible; SemrushBot/7~bl; +http://www.semrush.com/bot.html)"
85.208.96.207 - - [14/Nov/2024:13:56:55 +0530] "GET /product/Z339143?c=574&keyword=mobilehome HTTP/1.1" 200 77380 "-" "Mozilla/5.0 (compatible; SemrushBot/7~bl; +http://www.semrush.com/bot.html)"
185.191.171.8 - - [14/Nov/2024:13:57:14 +0530] "GET /product/F759439?c=966&keyword=cowpox HTTP/1.1" 200 77380 "-" "Mozilla/5.0 (compatible; SemrushBot/7~bl; +http://www.semrush.com/bot.html)"
217.182.175.38 - - [14/Nov/2024:13:57:31 +0530] "GET /product/12224.html?product_id=902 HTTP/1.1" 200 77380 "-" "Mozilla/5.0 (compatible; MJ12bot/v1.4.8; http://mj12bot.com/)"
185.191.171.19 - - [14/Nov/2024:13:57:32 +0530] "GET /90821385.phtml HTTP/1.1" 404 - "-" "Mozilla/5.0 (compatible; SemrushBot/7~bl; +http://www.semrush.com/bot.html)"
217.182.175.38 - - [14/Nov/2024:13:57:33 +0530] "GET /product/12224.html?product_id=92 HTTP/1.1" 200 77380 "-" "Mozilla/5.0 (compatible; MJ12bot/v1.4.8; http://mj12bot.com/)"
217.182.175.38 - - [14/Nov/2024:13:57:36 +0530] "GET /product/12224.html?product_id=946 HTTP/1.1" 200 77380 "-" "Mozilla/5.0 (compatible; MJ12bot/v1.4.8; http://mj12bot.com/)"
217.182.175.38 - - [14/Nov/2024:13:57:38 +0530] "GET /product/12224.html?product_id=948 HTTP/1.1" 200 77380 "-" "Mozilla/5.0 (compatible; MJ12bot/v1.4.8; http://mj12bot.com/)"
217.182.175.38 - - [14/Nov/2024:13:57:40 +0530] "GET /product/122240.html?product_id=100 HTTP/1.1" 200 77380 "-" "Mozilla/5.0 (compatible; MJ12bot/v1.4.8; http://mj12bot.com/)"
217.182.175.38 - - [14/Nov/2024:13:57:42 +0530] "GET /product/122240.html?product_id=103 HTTP/1.1" 200 77380 "-" "Mozilla/5.0 (compatible; MJ12bot/v1.4.8; http://mj12bot.com/)"
217.182.175.38 - - [14/Nov/2024:13:57:44 +0530] "GET /product/122240.html?product_id=106 HTTP/1.1" 200 77380 "-" "Mozilla/5.0 (compatible; MJ12bot/v1.4.8; http://mj12bot.com/)"
217.182.175.38 - - [14/Nov/2024:13:57:46 +0530] "GET /product/122240.html?product_id=109 HTTP/1.1" 200 77380 "-" "Mozilla/5.0 (compatible; MJ12bot/v1.4.8; http://mj12bot.com/)"
185.191.171.5 - - [14/Nov/2024:13:57:46 +0530] "GET /product/S210540?c=96&keyword=sucrose HTTP/1.1" 200 77380 "-" "Mozilla/5.0 (compatible; SemrushBot/7~bl; +http://www.semrush.com/bot.html)"
217.182.175.38 - - [14/Nov/2024:13:57:48 +0530] "GET /product/122240.html?product_id=11 HTTP/1.1" 200 77380 "-" "Mozilla/5.0 (compatible; MJ12bot/v1.4.8; http://mj12bot.com/)"
85.208.96.208 - - [14/Nov/2024:13:57:49 +0530] "GET /product/I391542?c=325&keyword=response HTTP/1.1" 200 77380 "-" "Mozilla/5.0 (compatible; SemrushBot/7~bl; +http://www.semrush.com/bot.html)"
217.182.175.38 - - [14/Nov/2024:13:57:50 +0530] "GET /product/122240.html?product_id=116 HTTP/1.1" 200 77380 "-" "Mozilla/5.0 (compatible; MJ12bot/v1.4.8; http://mj12bot.com/)"
217.182.175.38 - - [14/Nov/2024:13:57:52 +0530] "GET /product/122240.html?product_id=117 HTTP/1.1" 200 77380 "-" "Mozilla/5.0 (compatible; MJ12bot/v1.4.8; http://mj12bot.com/)"
85.208.96.206 - - [14/Nov/2024:13:57:53 +0530] "GET /product/K362710?c=19&keyword=rouge HTTP/1.1" 200 77380 "-" "Mozilla/5.0 (compatible; SemrushBot/7~bl; +http://www.semrush.com/bot.html)"
217.182.175.38 - - [14/Nov/2024:13:57:54 +0530] "GET /product/122240.html?product_id=130 HTTP/1.1" 200 77380 "-" "Mozilla/5.0 (compatible; MJ12bot/v1.4.8; http://mj12bot.com/)"
185.191.171.5 - - [14/Nov/2024:13:57:55 +0530] "GET /246346893.phtml HTTP/1.1" 404 - "-" "Mozilla/5.0 (compatible; SemrushBot/7~bl; +http://www.semrush.com/bot.html)"
217.182.175.38 - - [14/Nov/2024:13:57:56 +0530] "GET /product/122240.html?product_id=132 HTTP/1.1" 200 77380 "-" "Mozilla/5.0 (compatible; MJ12bot/v1.4.8; http://mj12bot.com/)"
185.191.171.7 - - [14/Nov/2024:13:57:56 +0530] "GET /product/B724361?c=755&keyword=cotton HTTP/1.1" 200 77380 "-" "Mozilla/5.0 (compatible; SemrushBot/7~bl; +http://www.semrush.com/bot.html)"
217.182.175.38 - - [14/Nov/2024:13:57:58 +0530] "GET /product/122240.html?product_id=136 HTTP/1.1" 200 77380 "-" "Mozilla/5.0 (compatible; MJ12bot/v1.4.8; http://mj12bot.com/)"
185.191.171.16 - - [14/Nov/2024:13:57:59 +0530] "GET /product/Q443836?c=179&keyword=reboot HTTP/1.1" 200 77380 "-" "Mozilla/5.0 (compatible; SemrushBot/7~bl; +http://www.semrush.com/bot.html)"
217.182.175.38 - - [14/Nov/2024:13:58:00 +0530] "GET /product/122240.html?product_id=137 HTTP/1.1" 200 77380 "-" "Mozilla/5.0 (compatible; MJ12bot/v1.4.8; http://mj12bot.com/)"
217.182.175.38 - - [14/Nov/2024:13:58:02 +0530] "GET /product/122240.html?product_id=140 HTTP/1.1" 200 77380 "-" "Mozilla/5.0 (compatible; MJ12bot/v1.4.8; http://mj12bot.com/)"
185.191.171.11 - - [14/Nov/2024:13:58:04 +0530] "GET /44701524.phtml HTTP/1.1" 404 - "-" "Mozilla/5.0 (compatible; SemrushBot/7~bl; +http://www.semrush.com/bot.html)"
217.182.175.38 - - [14/Nov/2024:13:58:04 +0530] "GET /product/122240.html?product_id=142 HTTP/1.1" 200 77380 "-" "Mozilla/5.0 (compatible; MJ12bot/v1.4.8; http://mj12bot.com/)"
217.182.175.38 - - [14/Nov/2024:13:58:06 +0530] "GET /product/122240.html?product_id=156 HTTP/1.1" 200 77380 "-" "Mozilla/5.0 (compatible; MJ12bot/v1.4.8; http://mj12bot.com/)"
85.208.96.195 - - [14/Nov/2024:13:58:06 +0530] "GET /product/Z421589?c=281&keyword=enquire HTTP/1.1" 200 77380 "-" "Mozilla/5.0 (compatible; SemrushBot/7~bl; +http://www.semrush.com/bot.html)"
217.182.175.38 - - [14/Nov/2024:13:58:08 +0530] "GET /product/122240.html?product_id=161 HTTP/1.1" 200 77380 "-" "Mozilla/5.0 (compatible; MJ12bot/v1.4.8; http://mj12bot.com/)"
85.208.96.196 - - [14/Nov/2024:13:58:09 +0530] "GET /product/W377542?c=422&keyword=response HTTP/1.1" 200 77380 "-" "Mozilla/5.0 (compatible; SemrushBot/7~bl; +http://www.semrush.com/bot.html)"
217.182.175.38 - - [14/Nov/2024:13:58:10 +0530] "GET /product/122240.html?product_id=163 HTTP/1.1" 200 77380 "-" "Mozilla/5.0 (compatible; MJ12bot/v1.4.8; http://mj12bot.com/)"
217.182.175.38 - - [14/Nov/2024:13:58:12 +0530] "GET /product/122240.html?product_id=167 HTTP/1.1" 200 77380 "-" "Mozilla/5.0 (compatible; MJ12bot/v1.4.8; http://mj12bot.com/)"
85.208.96.200 - - [14/Nov/2024:13:58:12 +0530] "GET /product/J661969?c=390&keyword=moisture HTTP/1.1" 200 77380 "-" "Mozilla/5.0 (compatible; SemrushBot/7~bl; +http://www.semrush.com/bot.html)"
66.249.68.34 - - [14/Nov/2024:13:58:30 +0530] "GET /59912838.phtml HTTP/1.1" 404 - "-" "Mozilla/5.0 (Linux; Android 6.0.1; Nexus 5X Build/MMB29P) AppleWebKit/537.36 (KHTML, like Gecko) Chrome/130.0.6723.116 Mobile Safari/537.36 (compatible; Googlebot/2.1; +http://www.google.com/bot.html)"
85.208.96.198 - - [14/Nov/2024:13:58:38 +0530] "GET /product/T392645?c=801&keyword=symmetric HTTP/1.1" 200 77380 "-" "Mozilla/5.0 (compatible; SemrushBot/7~bl; +http://www.semrush.com/bot.html)"
185.191.171.12 - - [14/Nov/2024:13:58:50 +0530] "GET /103542921.phtml HTTP/1.1" 404 - "-" "Mozilla/5.0 (compatible; SemrushBot/7~bl; +http://www.semrush.com/bot.html)"
185.191.171.7 - - [14/Nov/2024:13:58:57 +0530] "GET /product/T252375?c=968&keyword=Adder HTTP/1.1" 200 77380 "-" "Mozilla/5.0 (compatible; SemrushBot/7~bl; +http://www.semrush.com/bot.html)"
85.208.96.195 - - [14/Nov/2024:13:59:22 +0530] "GET /product/T726563?c=960&keyword=tenet HTTP/1.1" 200 77380 "-" "Mozilla/5.0 (compatible; SemrushBot/7~bl; +http://www.semrush.com/bot.html)"
85.208.96.208 - - [14/Nov/2024:13:59:39 +0530] "GET /product/I793528?c=981&keyword=flight HTTP/1.1" 200 77380 "-" "Mozilla/5.0 (compatible; SemrushBot/7~bl; +http://www.semrush.com/bot.html)"
85.208.96.208 - - [14/Nov/2024:13:59:41 +0530] "GET /182960991.phtml HTTP/1.1" 404 - "-" "Mozilla/5.0 (compatible; SemrushBot/7~bl; +http://www.semrush.com/bot.html)"
66.249.79.37 - - [14/Nov/2024:13:59:47 +0530] "GET /59045197.phtml HTTP/1.1" 404 - "-" "Mozilla/5.0 (Linux; Android 6.0.1; Nexus 5X Build/MMB29P) AppleWebKit/537.36 (KHTML, like Gecko) Chrome/131.0.6778.69 Mobile Safari/537.36 (compatible; Googlebot/2.1; +http://www.google.com/bot.html)"
185.191.171.16 - - [14/Nov/2024:13:59:52 +0530] "GET /174802995.phtml HTTP/1.1" 404 - "-" "Mozilla/5.0 (compatible; SemrushBot/7~bl; +http://www.semrush.com/bot.html)"
54.36.148.219 - - [14/Nov/2024:13:59:56 +0530] "GET /product/silver-earring-with-gemstone-23 HTTP/1.1" 200 1077034 "-" "Mozilla/5.0 (compatible; AhrefsBot/7.0; +http://ahrefs.com/robot/)"
66.249.68.35 - - [14/Nov/2024:13:59:59 +0530] "GET /51567651.phtml HTTP/1.1" 404 - "-" "Mozilla/5.0 (Linux; Android 6.0.1; Nexus 5X Build/MMB29P) AppleWebKit/537.36 (KHTML, like Gecko) Chrome/130.0.6723.116 Mobile Safari/537.36 (compatible; Googlebot/2.1; +http://www.google.com/bot.html)"
185.191.171.12 - - [14/Nov/2024:14:00:38 +0530] "GET /217168344.phtml HTTP/1.1" 404 - "-" "Mozilla/5.0 (compatible; SemrushBot/7~bl; +http://www.semrush.com/bot.html)"
185.191.171.2 - - [14/Nov/2024:14:00:39 +0530] "GET /product/C985376?c=728&keyword=stealth HTTP/1.1" 200 77380 "-" "Mozilla/5.0 (compatible; SemrushBot/7~bl; +http://www.semrush.com/bot.html)"
85.208.96.194 - - [14/Nov/2024:14:00:49 +0530] "GET /product/O561952?c=773&keyword=stepchild HTTP/1.1" 200 77380 "-" "Mozilla/5.0 (compatible; SemrushBot/7~bl; +http://www.semrush.com/bot.html)"
66.249.68.36 - - [14/Nov/2024:14:00:58 +0530] "GET /106480710.phtml HTTP/1.1" 404 - "-" "Mozilla/5.0 (Linux; Android 6.0.1; Nexus 5X Build/MMB29P) AppleWebKit/537.36 (KHTML, like Gecko) Chrome/130.0.6723.116 Mobile Safari/537.36 (compatible; Googlebot/2.1; +http://www.google.com/bot.html)"
185.191.171.2 - - [14/Nov/2024:14:01:02 +0530] "GET /product/W372914?c=340&keyword=recycling HTTP/1.1" 200 77380 "-" "Mozilla/5.0 (compatible; SemrushBot/7~bl; +http://www.semrush.com/bot.html)"
85.208.96.194 - - [14/Nov/2024:14:01:06 +0530] "GET /product/M573312?c=458&keyword=monophonic HTTP/1.1" 200 77380 "-" "Mozilla/5.0 (compatible; SemrushBot/7~bl; +http://www.semrush.com/bot.html)"
185.191.171.17 - - [14/Nov/2024:14:01:10 +0530] "GET /product/I360810?c=702&keyword=rouge HTTP/1.1" 200 77380 "-" "Mozilla/5.0 (compatible; SemrushBot/7~bl; +http://www.semrush.com/bot.html)"
85.208.96.204 - - [14/Nov/2024:14:01:10 +0530] "GET /25786404.phtml HTTP/1.1" 404 - "-" "Mozilla/5.0 (compatible; SemrushBot/7~bl; +http://www.semrush.com/bot.html)"
114.119.134.207 - - [14/Nov/2024:14:01:13 +0530] "GET /product/sterling-silver-gents-kara-36 HTTP/1.1" 200 190075 "https://www.krishnamexports.com/category/mens-kara&=2" "Mozilla/5.0 (Linux; Android 7.0;) AppleWebKit/537.36 (KHTML, like Gecko) Mobile Safari/537.36 (compatible; PetalBot;+https://webmaster.petalsearch.com/site/petalbot)"
85.208.96.196 - - [14/Nov/2024:14:01:14 +0530] "GET /product/V610735?c=104&keyword=mythic HTTP/1.1" 200 77380 "-" "Mozilla/5.0 (compatible; SemrushBot/7~bl; +http://www.semrush.com/bot.html)"
66.249.68.35 - - [14/Nov/2024:14:01:28 +0530] "GET /112657932.phtml HTTP/1.1" 404 - "-" "Mozilla/5.0 (Linux; Android 6.0.1; Nexus 5X Build/MMB29P) AppleWebKit/537.36 (KHTML, like Gecko) Chrome/130.0.6723.116 Mobile Safari/537.36 (compatible; Googlebot/2.1; +http://www.google.com/bot.html)"
