85.208.96.205 - - [14/Nov/2024:17:16:18 +0530] "GET /product/T977255?c=534&keyword=reproduce HTTP/1.1" 200 77380 "-" "Mozilla/5.0 (compatible; SemrushBot/7~bl; +http://www.semrush.com/bot.html)"
66.249.68.36 - - [14/Nov/2024:17:16:23 +0530] "GET /64291941.phtml HTTP/1.1" 404 - "-" "Mozilla/5.0 (Linux; Android 6.0.1; Nexus 5X Build/MMB29P) AppleWebKit/537.36 (KHTML, like Gecko) Chrome/130.0.6723.116 Mobile Safari/537.36 (compatible; Googlebot/2.1; +http://www.google.com/bot.html)"
66.249.68.36 - - [14/Nov/2024:17:16:24 +0530] "GET /215870238.phtml HTTP/1.1" 404 - "-" "Mozilla/5.0 (Linux; Android 6.0.1; Nexus 5X Build/MMB29P) AppleWebKit/537.36 (KHTML, like Gecko) Chrome/130.0.6723.116 Mobile Safari/537.36 (compatible; Googlebot/2.1; +http://www.google.com/bot.html)"
185.191.171.16 - - [14/Nov/2024:17:16:28 +0530] "GET /191509650.phtml HTTP/1.1" 404 - "-" "Mozilla/5.0 (compatible; SemrushBot/7~bl; +http://www.semrush.com/bot.html)"
185.191.171.2 - - [14/Nov/2024:17:16:32 +0530] "GET /product/Q280504?c=52&keyword=smear HTTP/1.1" 200 77380 "-" "Mozilla/5.0 (compatible; SemrushBot/7~bl; +http://www.semrush.com/bot.html)"
85.208.96.202 - - [14/Nov/2024:17:16:36 +0530] "GET /product/C344372?c=643&keyword=encourage HTTP/1.1" 200 77380 "-" "Mozilla/5.0 (compatible; SemrushBot/7~bl; +http://www.semrush.com/bot.html)"
54.36.148.24 - - [14/Nov/2024:17:16:36 +0530] "GET /product/-silver-ring-with-gemstone-24 HTTP/1.1" 200 859068 "-" "Mozilla/5.0 (compatible; AhrefsBot/7.0; +http://ahrefs.com/robot/)"
185.191.171.16 - - [14/Nov/2024:17:16:58 +0530] "GET /product/U330012?c=666&keyword=monophonic HTTP/1.1" 200 77380 "-" "Mozilla/5.0 (compatible; SemrushBot/7~bl; +http://www.semrush.com/bot.html)"
85.208.96.208 - - [14/Nov/2024:17:17:03 +0530] "GET /product/B97709?c=301&keyword=housekeeper HTTP/1.1" 200 77380 "-" "Mozilla/5.0 (compatible; SemrushBot/7~bl; +http://www.semrush.com/bot.html)"
85.208.96.202 - - [14/Nov/2024:17:17:11 +0530] "GET /product/E556378?c=582&keyword=rebellion HTTP/1.1" 200 77380 "-" "Mozilla/5.0 (compatible; SemrushBot/7~bl; +http://www.semrush.com/bot.html)"
85.208.96.207 - - [14/Nov/2024:17:17:15 +0530] "GET /product/D156679?c=347&keyword=ordering HTTP/1.1" 200 77380 "-" "Mozilla/5.0 (compatible; SemrushBot/7~bl; +http://www.semrush.com/bot.html)"
66.249.68.36 - - [14/Nov/2024:17:17:24 +0530] "GET /36503109.phtml HTTP/1.1" 404 - "-" "Mozilla/5.0 (Linux; Android 6.0.1; Nexus 5X Build/MMB29P) AppleWebKit/537.36 (KHTML, like Gecko) Chrome/130.0.6723.116 Mobile Safari/537.36 (compatible; Googlebot/2.1; +http://www.google.com/bot.html)"
185.191.171.16 - - [14/Nov/2024:17:17:25 +0530] "GET /product/T897123?c=887&keyword=pompous HTTP/1.1" 200 77380 "-" "Mozilla/5.0 (compatible; SemrushBot/7~bl; +http://www.semrush.com/bot.html)"
185.191.171.16 - - [14/Nov/2024:17:17:37 +0530] "GET /product/P753365?c=227&keyword=perforce HTTP/1.1" 200 77380 "-" "Mozilla/5.0 (compatible; SemrushBot/7~bl; +http://www.semrush.com/bot.html)"
185.191.171.16 - - [14/Nov/2024:17:17:49 +0530] "GET /product/A695968?c=292&keyword=moped HTTP/1.1" 200 77380 "-" "Mozilla/5.0 (compatible; SemrushBot/7~bl; +http://www.semrush.com/bot.html)"
66.249.68.35 - - [14/Nov/2024:17:17:52 +0530] "GET /184420125.phtml HTTP/1.1" 404 - "-" "Mozilla/5.0 (Linux; Android 6.0.1; Nexus 5X Build/MMB29P) AppleWebKit/537.36 (KHTML, like Gecko) Chrome/130.0.6723.116 Mobile Safari/537.36 (compatible; Googlebot/2.1; +http://www.google.com/bot.html)"
66.249.68.34 - - [14/Nov/2024:17:17:53 +0530] "GET /156753765.phtml HTTP/1.1" 404 - "-" "Mozilla/5.0 (Linux; Android 6.0.1; Nexus 5X Build/MMB29P) AppleWebKit/537.36 (KHTML, like Gecko) Chrome/130.0.6723.116 Mobile Safari/537.36 (compatible; Googlebot/2.1; +http://www.google.com/bot.html)"
85.208.96.204 - - [14/Nov/2024:17:18:01 +0530] "GET /product/Q24456?c=321&keyword=freshman HTTP/1.1" 200 77380 "-" "Mozilla/5.0 (compatible; SemrushBot/7~bl; +http://www.semrush.com/bot.html)"
66.249.68.34 - - [14/Nov/2024:17:18:06 +0530] "GET /36945450.phtml HTTP/1.1" 404 - "-" "Mozilla/5.0 (Linux; Android 6.0.1; Nexus 5X Build/MMB29P) AppleWebKit/537.36 (KHTML, like Gecko) Chrome/131.0.6778.69 Mobile Safari/537.36 (compatible; Googlebot/2.1; +http://www.google.com/bot.html)"
85.208.96.208 - - [14/Nov/2024:17:18:13 +0530] "GET /product/S813532?c=804&keyword=sepulchral HTTP/1.1" 200 77380 "-" "Mozilla/5.0 (compatible; SemrushBot/7~bl; +http://www.semrush.com/bot.html)"
185.191.171.18 - - [14/Nov/2024:17:19:03 +0530] "GET /product/S746478?c=947&keyword=rebellion HTTP/1.1" 200 77380 "-" "Mozilla/5.0 (compatible; SemrushBot/7~bl; +http://www.semrush.com/bot.html)"
85.208.96.208 - - [14/Nov/2024:17:19:07 +0530] "GET /product/V445791?c=828&keyword=browse HTTP/1.1" 200 77380 "-" "Mozilla/5.0 (compatible; SemrushBot/7~bl; +http://www.semrush.com/bot.html)"
66.249.68.35 - - [14/Nov/2024:17:19:15 +0530] "GET /134427654.phtml HTTP/1.1" 404 - "-" "Mozilla/5.0 (Linux; Android 6.0.1; Nexus 5X Build/MMB29P) AppleWebKit/537.36 (KHTML, like Gecko) Chrome/130.0.6723.116 Mobile Safari/537.36 (compatible; Googlebot/2.1; +http://www.google.com/bot.html)"
185.191.171.15 - - [14/Nov/2024:17:19:24 +0530] "GET /87414120.phtml HTTP/1.1" 404 - "-" "Mozilla/5.0 (compatible; SemrushBot/7~bl; +http://www.semrush.com/bot.html)"
54.36.148.91 - - [14/Nov/2024:17:19:32 +0530] "GET /product/-silver-ring-with-gemstone-85 HTTP/1.1" 200 859067 "-" "Mozilla/5.0 (compatible; AhrefsBot/7.0; +http://ahrefs.com/robot/)"
185.191.171.4 - - [14/Nov/2024:17:19:34 +0530] "GET /product/M611272?c=740&keyword=encourage HTTP/1.1" 200 77380 "-" "Mozilla/5.0 (compatible; SemrushBot/7~bl; +http://www.semrush.com/bot.html)"
185.191.171.5 - - [14/Nov/2024:17:19:37 +0530] "GET /product/H302387?c=725&keyword=slide HTTP/1.1" 200 77380 "-" "Mozilla/5.0 (compatible; SemrushBot/7~bl; +http://www.semrush.com/bot.html)"
185.191.171.14 - - [14/Nov/2024:17:19:38 +0530] "GET /98913933.phtml HTTP/1.1" 404 - "-" "Mozilla/5.0 (compatible; SemrushBot/7~bl; +http://www.semrush.com/bot.html)"
66.249.68.35 - - [14/Nov/2024:17:19:43 +0530] "GET /80561358.phtml HTTP/1.1" 404 - "-" "Mozilla/5.0 (Linux; Android 6.0.1; Nexus 5X Build/MMB29P) AppleWebKit/537.36 (KHTML, like Gecko) Chrome/130.0.6723.116 Mobile Safari/537.36 (compatible; Googlebot/2.1; +http://www.google.com/bot.html)"
66.249.68.34 - - [14/Nov/2024:17:19:46 +0530] "GET /128099772.phtml HTTP/1.1" 404 - "-" "Mozilla/5.0 (Linux; Android 6.0.1; Nexus 5X Build/MMB29P) AppleWebKit/537.36 (KHTML, like Gecko) Chrome/130.0.6723.116 Mobile Safari/537.36 (compatible; Googlebot/2.1; +http://www.google.com/bot.html)"
185.191.171.15 - - [14/Nov/2024:17:19:46 +0530] "GET /product/A516074?c=256&keyword=unusable HTTP/1.1" 200 77380 "-" "Mozilla/5.0 (compatible; SemrushBot/7~bl; +http://www.semrush.com/bot.html)"
185.191.171.16 - - [14/Nov/2024:17:19:51 +0530] "GET /product/H860347?c=490&keyword=sci-fi HTTP/1.1" 200 77380 "-" "Mozilla/5.0 (compatible; SemrushBot/7~bl; +http://www.semrush.com/bot.html)"
85.208.96.209 - - [14/Nov/2024:17:20:05 +0530] "GET /product/A438048?c=425&keyword=rejuvenate HTTP/1.1" 200 77380 "-" "Mozilla/5.0 (compatible; SemrushBot/7~bl; +http://www.semrush.com/bot.html)"
185.191.171.15 - - [14/Nov/2024:17:20:11 +0530] "GET /product/L535845?c=72&keyword=symmetric HTTP/1.1" 200 77380 "-" "Mozilla/5.0 (compatible; SemrushBot/7~bl; +http://www.semrush.com/bot.html)"
66.249.68.36 - - [14/Nov/2024:17:20:13 +0530] "GET /51432867.phtml HTTP/1.1" 404 - "-" "Mozilla/5.0 (Linux; Android 6.0.1; Nexus 5X Build/MMB29P) AppleWebKit/537.36 (KHTML, like Gecko) Chrome/130.0.6723.116 Mobile Safari/537.36 (compatible; Googlebot/2.1; +http://www.google.com/bot.html)"
66.249.68.35 - - [14/Nov/2024:17:20:14 +0530] "GET /173883483.phtml HTTP/1.1" 404 - "-" "Mozilla/5.0 (Linux; Android 6.0.1; Nexus 5X Build/MMB29P) AppleWebKit/537.36 (KHTML, like Gecko) Chrome/130.0.6723.116 Mobile Safari/537.36 (compatible; Googlebot/2.1; +http://www.google.com/bot.html)"
185.191.171.18 - - [14/Nov/2024:17:20:24 +0530] "GET /product/O86828?c=965&keyword=flight HTTP/1.1" 200 77380 "-" "Mozilla/5.0 (compatible; SemrushBot/7~bl; +http://www.semrush.com/bot.html)"
185.191.171.11 - - [14/Nov/2024:17:20:39 +0530] "GET /product/L81183?c=580&keyword=passivity HTTP/1.1" 200 77380 "-" "Mozilla/5.0 (compatible; SemrushBot/7~bl; +http://www.semrush.com/bot.html)"
185.191.171.13 - - [14/Nov/2024:17:20:42 +0530] "GET /product/Y314312?c=861&keyword=monophonic HTTP/1.1" 200 77380 "-" "Mozilla/5.0 (compatible; SemrushBot/7~bl; +http://www.semrush.com/bot.html)"
185.191.171.9 - - [14/Nov/2024:17:20:46 +0530] "GET /product/V720559?c=376&keyword=voiceless HTTP/1.1" 200 77380 "-" "Mozilla/5.0 (compatible; SemrushBot/7~bl; +http://www.semrush.com/bot.html)"
185.191.171.4 - - [14/Nov/2024:17:20:52 +0530] "GET /product/V466461?c=157&keyword=cotton HTTP/1.1" 200 77380 "-" "Mozilla/5.0 (compatible; SemrushBot/7~bl; +http://www.semrush.com/bot.html)"
85.208.96.194 - - [14/Nov/2024:17:21:12 +0530] "GET /product/F21221?c=415&keyword=recuperation HTTP/1.1" 200 77380 "-" "Mozilla/5.0 (compatible; SemrushBot/7~bl; +http://www.semrush.com/bot.html)"
85.208.96.210 - - [14/Nov/2024:17:21:16 +0530] "GET /product/E953814?c=281&keyword=recycling HTTP/1.1" 200 77380 "-" "Mozilla/5.0 (compatible; SemrushBot/7~bl; +http://www.semrush.com/bot.html)"
114.119.134.207 - - [14/Nov/2024:17:21:18 +0530] "GET /product/silver-ring-tree-of-life-2 HTTP/1.1" 200 858450 "https://www.krishnamexports.com/product/silver-cz-rings-line" "Mozilla/5.0 (Linux; Android 7.0;) AppleWebKit/537.36 (KHTML, like Gecko) Mobile Safari/537.36 (compatible; PetalBot;+https://webmaster.petalsearch.com/site/petalbot)"
66.249.68.36 - - [14/Nov/2024:17:21:44 +0530] "GET /206188065.phtml HTTP/1.1" 404 - "-" "Mozilla/5.0 (Linux; Android 6.0.1; Nexus 5X Build/MMB29P) AppleWebKit/537.36 (KHTML, like Gecko) Chrome/130.0.6723.116 Mobile Safari/537.36 (compatible; Googlebot/2.1; +http://www.google.com/bot.html)"
66.249.79.35 - - [14/Nov/2024:17:21:45 +0530] "GET /247070787.phtml HTTP/1.1" 404 - "-" "Mozilla/5.0 (Linux; Android 6.0.1; Nexus 5X Build/MMB29P) AppleWebKit/537.36 (KHTML, like Gecko) Chrome/130.0.6723.116 Mobile Safari/537.36 (compatible; Googlebot/2.1; +http://www.google.com/bot.html)"
66.249.68.35 - - [14/Nov/2024:17:21:46 +0530] "GET /56406996.phtml HTTP/1.1" 404 - "-" "Mozilla/5.0 (Linux; Android 6.0.1; Nexus 5X Build/MMB29P) AppleWebKit/537.36 (KHTML, like Gecko) Chrome/130.0.6723.116 Mobile Safari/537.36 (compatible; Googlebot/2.1; +http://www.google.com/bot.html)"
185.191.171.17 - - [14/Nov/2024:17:21:48 +0530] "GET /product/T256925?c=302&keyword=shuttle HTTP/1.1" 200 77380 "-" "Mozilla/5.0 (compatible; SemrushBot/7~bl; +http://www.semrush.com/bot.html)"
185.191.171.17 - - [14/Nov/2024:17:21:51 +0530] "GET /product/B820379?c=459&keyword=ordering HTTP/1.1" 200 77380 "-" "Mozilla/5.0 (compatible; SemrushBot/7~bl; +http://www.semrush.com/bot.html)"
171.79.155.26 - - [14/Nov/2024:17:22:08 +0530] "GET /panel/ HTTP/1.1" 302 - "-" "Mozilla/5.0 (Windows NT 10.0; Win64; x64) AppleWebKit/537.36 (KHTML, like Gecko) Chrome/130.0.0.0 Safari/537.36"
171.79.155.26 - - [14/Nov/2024:17:22:08 +0530] "GET /panel/login.php HTTP/1.1" 200 3035 "-" "Mozilla/5.0 (Windows NT 10.0; Win64; x64) AppleWebKit/537.36 (KHTML, like Gecko) Chrome/130.0.0.0 Safari/537.36"
171.79.155.26 - - [14/Nov/2024:17:22:09 +0530] "GET /panel/images/favicon.png HTTP/1.1" 404 - "https://www.krishnamexports.com/panel/login.php" "Mozilla/5.0 (Windows NT 10.0; Win64; x64) AppleWebKit/537.36 (KHTML, like Gecko) Chrome/130.0.0.0 Safari/537.36"
171.79.155.26 - - [14/Nov/2024:17:22:09 +0530] "POST /panel/action/action.php HTTP/1.1" 302 - "https://www.krishnamexports.com/panel/login.php" "Mozilla/5.0 (Windows NT 10.0; Win64; x64) AppleWebKit/537.36 (KHTML, like Gecko) Chrome/130.0.0.0 Safari/537.36"
171.79.155.26 - - [14/Nov/2024:17:22:10 +0530] "GET /panel/home.php HTTP/1.1" 200 15183 "https://www.krishnamexports.com/panel/login.php" "Mozilla/5.0 (Windows NT 10.0; Win64; x64) AppleWebKit/537.36 (KHTML, like Gecko) Chrome/130.0.0.0 Safari/537.36"
171.79.155.26 - - [14/Nov/2024:17:22:12 +0530] "GET /panel/home.php?pages=order HTTP/1.1" 200 123148 "https://www.krishnamexports.com/panel/home.php" "Mozilla/5.0 (Windows NT 10.0; Win64; x64) AppleWebKit/537.36 (KHTML, like Gecko) Chrome/130.0.0.0 Safari/537.36"
185.191.171.9 - - [14/Nov/2024:17:22:12 +0530] "GET /product/W212260?c=811&keyword=financier HTTP/1.1" 200 77380 "-" "Mozilla/5.0 (compatible; SemrushBot/7~bl; +http://www.semrush.com/bot.html)"
66.249.68.35 - - [14/Nov/2024:17:22:14 +0530] "GET /222033933.phtml HTTP/1.1" 404 - "-" "Mozilla/5.0 (Linux; Android 6.0.1; Nexus 5X Build/MMB29P) AppleWebKit/537.36 (KHTML, like Gecko) Chrome/130.0.6723.116 Mobile Safari/537.36 (compatible; Googlebot/2.1; +http://www.google.com/bot.html)"
66.249.68.35 - - [14/Nov/2024:17:22:15 +0530] "GET /6972372.phtml HTTP/1.1" 404 - "-" "Mozilla/5.0 (Linux; Android 6.0.1; Nexus 5X Build/MMB29P) AppleWebKit/537.36 (KHTML, like Gecko) Chrome/130.0.6723.116 Mobile Safari/537.36 (compatible; Googlebot/2.1; +http://www.google.com/bot.html)"
171.79.155.26 - - [14/Nov/2024:17:22:15 +0530] "GET /panel/home.php?pages=customOrder HTTP/1.1" 200 17697 "https://www.krishnamexports.com/panel/home.php?pages=order" "Mozilla/5.0 (Windows NT 10.0; Win64; x64) AppleWebKit/537.36 (KHTML, like Gecko) Chrome/130.0.0.0 Safari/537.36"
66.249.68.36 - - [14/Nov/2024:17:22:16 +0530] "GET /21577320.phtml HTTP/1.1" 404 - "-" "Mozilla/5.0 (Linux; Android 6.0.1; Nexus 5X Build/MMB29P) AppleWebKit/537.36 (KHTML, like Gecko) Chrome/130.0.6723.116 Mobile Safari/537.36 (compatible; Googlebot/2.1; +http://www.google.com/bot.html)"
171.79.155.26 - - [14/Nov/2024:17:22:18 +0530] "GET /panel/home.php?pages=contactEnquiry HTTP/1.1" 200 15894 "https://www.krishnamexports.com/panel/home.php?pages=customOrder" "Mozilla/5.0 (Windows NT 10.0; Win64; x64) AppleWebKit/537.36 (KHTML, like Gecko) Chrome/130.0.0.0 Safari/537.36"
85.208.96.210 - - [14/Nov/2024:17:22:26 +0530] "GET /227069298.phtml HTTP/1.1" 404 - "-" "Mozilla/5.0 (compatible; SemrushBot/7~bl; +http://www.semrush.com/bot.html)"
54.36.148.135 - - [14/Nov/2024:17:22:30 +0530] "GET /product/-silver-ring-with-gemstone-127 HTTP/1.1" 200 859065 "-" "Mozilla/5.0 (compatible; AhrefsBot/7.0; +http://ahrefs.com/robot/)"
85.208.96.196 - - [14/Nov/2024:17:22:39 +0530] "GET /product/G833748?c=226&keyword=rejuvenate HTTP/1.1" 200 77380 "-" "Mozilla/5.0 (compatible; SemrushBot/7~bl; +http://www.semrush.com/bot.html)"
66.249.68.34 - - [14/Nov/2024:17:22:44 +0530] "GET /189566217.phtml HTTP/1.1" 404 - "-" "Mozilla/5.0 (Linux; Android 6.0.1; Nexus 5X Build/MMB29P) AppleWebKit/537.36 (KHTML, like Gecko) Chrome/130.0.6723.116 Mobile Safari/537.36 (compatible; Googlebot/2.1; +http://www.google.com/bot.html)"
85.208.96.210 - - [14/Nov/2024:17:23:13 +0530] "GET /product/P161761?c=183&keyword=cotton HTTP/1.1" 200 77380 "-" "Mozilla/5.0 (compatible; SemrushBot/7~bl; +http://www.semrush.com/bot.html)"
185.191.171.10 - - [14/Nov/2024:17:23:19 +0530] "GET /product/A387946?c=627&keyword=perpetual HTTP/1.1" 200 77380 "-" "Mozilla/5.0 (compatible; SemrushBot/7~bl; +http://www.semrush.com/bot.html)"
185.191.171.19 - - [14/Nov/2024:17:23:23 +0530] "GET /product/O289680?c=483&keyword=marshal HTTP/1.1" 200 77380 "-" "Mozilla/5.0 (compatible; SemrushBot/7~bl; +http://www.semrush.com/bot.html)"
85.208.96.195 - - [14/Nov/2024:17:23:48 +0530] "GET /product/Y167256?c=801&keyword=freshman HTTP/1.1" 200 77380 "-" "Mozilla/5.0 (compatible; SemrushBot/7~bl; +http://www.semrush.com/bot.html)"
185.191.171.10 - - [14/Nov/2024:17:23:56 +0530] "GET /113203629.phtml HTTP/1.1" 404 - "-" "Mozilla/5.0 (compatible; SemrushBot/7~bl; +http://www.semrush.com/bot.html)"
85.208.96.195 - - [14/Nov/2024:17:23:57 +0530] "GET /product/O376494?c=550&keyword=providence HTTP/1.1" 200 77380 "-" "Mozilla/5.0 (compatible; SemrushBot/7~bl; +http://www.semrush.com/bot.html)"
185.191.171.17 - - [14/Nov/2024:17:24:03 +0530] "GET /product/6.html?product_id=249 HTTP/1.1" 200 77380 "-" "Mozilla/5.0 (compatible; SemrushBot/7~bl; +http://www.semrush.com/bot.html)"
185.191.171.17 - - [14/Nov/2024:17:24:22 +0530] "GET /product/H824363?c=85&keyword=tenet HTTP/1.1" 200 77380 "-" "Mozilla/5.0 (compatible; SemrushBot/7~bl; +http://www.semrush.com/bot.html)"
185.191.171.16 - - [14/Nov/2024:17:24:31 +0530] "GET /product/R423245?c=236&keyword=symmetric HTTP/1.1" 200 77380 "-" "Mozilla/5.0 (compatible; SemrushBot/7~bl; +http://www.semrush.com/bot.html)"
185.191.171.17 - - [14/Nov/2024:17:24:41 +0530] "GET /product/R621755?c=83&keyword=reproduce HTTP/1.1" 200 77380 "-" "Mozilla/5.0 (compatible; SemrushBot/7~bl; +http://www.semrush.com/bot.html)"
85.208.96.195 - - [14/Nov/2024:17:24:45 +0530] "GET /product/K15402?c=790&keyword=Lincoln HTTP/1.1" 200 77380 "-" "Mozilla/5.0 (compatible; SemrushBot/7~bl; +http://www.semrush.com/bot.html)"
185.191.171.11 - - [14/Nov/2024:17:24:52 +0530] "GET /product/R58387?c=847&keyword=slide HTTP/1.1" 200 77380 "-" "Mozilla/5.0 (compatible; SemrushBot/7~bl; +http://www.semrush.com/bot.html)"
185.191.171.19 - - [14/Nov/2024:17:25:14 +0530] "GET /product/S540298?c=886&keyword=freezer HTTP/1.1" 200 77380 "-" "Mozilla/5.0 (compatible; SemrushBot/7~bl; +http://www.semrush.com/bot.html)"
54.36.149.63 - - [14/Nov/2024:17:25:13 +0530] "GET /product/silver-earring-with-cz-4 HTTP/1.1" 200 1076423 "-" "Mozilla/5.0 (compatible; AhrefsBot/7.0; +http://ahrefs.com/robot/)"
185.191.171.12 - - [14/Nov/2024:17:25:21 +0530] "GET /product/X56027?c=415&keyword=message HTTP/1.1" 200 77380 "-" "Mozilla/5.0 (compatible; SemrushBot/7~bl; +http://www.semrush.com/bot.html)"
185.191.171.2 - - [14/Nov/2024:17:25:25 +0530] "GET /product/U574698?c=694&keyword=freezer HTTP/1.1" 200 77380 "-" "Mozilla/5.0 (compatible; SemrushBot/7~bl; +http://www.semrush.com/bot.html)"
185.191.171.3 - - [14/Nov/2024:17:25:54 +0530] "GET /product/Y552004?c=500&keyword=smear HTTP/1.1" 200 77380 "-" "Mozilla/5.0 (compatible; SemrushBot/7~bl; +http://www.semrush.com/bot.html)"
85.208.96.201 - - [14/Nov/2024:17:26:05 +0530] "GET /product/Z849731?c=104&keyword=displease HTTP/1.1" 200 77380 "-" "Mozilla/5.0 (compatible; SemrushBot/7~bl; +http://www.semrush.com/bot.html)"
114.119.155.230 - - [14/Nov/2024:17:26:18 +0530] "GET /product/square-silver-cufflinks-with-gemstone-1 HTTP/1.1" 200 403738 "https://www.krishnamexports.com/product/oval-silver-cufflinks" "Mozilla/5.0 (Linux; Android 7.0;) AppleWebKit/537.36 (KHTML, like Gecko) Mobile Safari/537.36 (compatible; PetalBot;+https://webmaster.petalsearch.com/site/petalbot)"
85.208.96.202 - - [14/Nov/2024:17:26:28 +0530] "GET /159450498.phtml HTTP/1.1" 404 - "-" "Mozilla/5.0 (compatible; SemrushBot/7~bl; +http://www.semrush.com/bot.html)"
85.208.96.202 - - [14/Nov/2024:17:26:29 +0530] "GET /product/A702546?c=479&keyword=perpetual HTTP/1.1" 200 77380 "-" "Mozilla/5.0 (compatible; SemrushBot/7~bl; +http://www.semrush.com/bot.html)"
85.208.96.212 - - [14/Nov/2024:17:26:30 +0530] "GET /158309289.phtml HTTP/1.1" 404 - "-" "Mozilla/5.0 (compatible; SemrushBot/7~bl; +http://www.semrush.com/bot.html)"
52.167.144.145 - - [14/Nov/2024:17:27:25 +0530] "GET /products/CNB5635.jpg HTTP/1.1" 200 1387650 "-" "Mozilla/5.0 AppleWebKit/537.36 (KHTML, like Gecko; compatible; bingbot/2.0; +http://www.bing.com/bingbot.htm) Chrome/116.0.1938.76 Safari/537.36"
85.208.96.206 - - [14/Nov/2024:17:27:33 +0530] "GET /product/F192431?c=737&keyword=displease HTTP/1.1" 200 77380 "-" "Mozilla/5.0 (compatible; SemrushBot/7~bl; +http://www.semrush.com/bot.html)"
85.208.96.205 - - [14/Nov/2024:17:27:41 +0530] "GET /product/N452413?c=439&keyword=passionate HTTP/1.1" 200 77380 "-" "Mozilla/5.0 (compatible; SemrushBot/7~bl; +http://www.semrush.com/bot.html)"
185.191.171.14 - - [14/Nov/2024:17:27:46 +0530] "GET /product/E544600?c=386&keyword=stair HTTP/1.1" 200 77380 "-" "Mozilla/5.0 (compatible; SemrushBot/7~bl; +http://www.semrush.com/bot.html)"
85.208.96.212 - - [14/Nov/2024:17:28:00 +0530] "GET /product/E625304?c=99&keyword=smear HTTP/1.1" 200 77380 "-" "Mozilla/5.0 (compatible; SemrushBot/7~bl; +http://www.semrush.com/bot.html)"
85.208.96.195 - - [14/Nov/2024:17:28:09 +0530] "GET /product/G26162?c=652&keyword=organization HTTP/1.1" 200 77380 "-" "Mozilla/5.0 (compatible; SemrushBot/7~bl; +http://www.semrush.com/bot.html)"
54.36.148.32 - - [14/Nov/2024:17:28:08 +0530] "GET /product/silver-earring-with-cz-43 HTTP/1.1" 200 1076421 "-" "Mozilla/5.0 (compatible; AhrefsBot/7.0; +http://ahrefs.com/robot/)"
185.191.171.3 - - [14/Nov/2024:17:28:13 +0530] "GET /product/W733950?c=676&keyword=calling HTTP/1.1" 200 77380 "-" "Mozilla/5.0 (compatible; SemrushBot/7~bl; +http://www.semrush.com/bot.html)"
66.249.68.35 - - [14/Nov/2024:17:28:24 +0530] "GET /11862747.phtml HTTP/1.1" 404 - "-" "Mozilla/5.0 (Linux; Android 6.0.1; Nexus 5X Build/MMB29P) AppleWebKit/537.36 (KHTML, like Gecko) Chrome/131.0.6778.69 Mobile Safari/537.36 (compatible; Googlebot/2.1; +http://www.google.com/bot.html)"
85.208.96.200 - - [14/Nov/2024:17:28:26 +0530] "GET /182380140.phtml HTTP/1.1" 404 - "-" "Mozilla/5.0 (compatible; SemrushBot/7~bl; +http://www.semrush.com/bot.html)"
85.208.96.201 - - [14/Nov/2024:17:28:30 +0530] "GET /product/T576673?c=580&keyword=Stanford HTTP/1.1" 200 77380 "-" "Mozilla/5.0 (compatible; SemrushBot/7~bl; +http://www.semrush.com/bot.html)"
185.191.171.11 - - [14/Nov/2024:17:28:44 +0530] "GET /product/Z719107?c=356&keyword=plaque HTTP/1.1" 200 77380 "-" "Mozilla/5.0 (compatible; SemrushBot/7~bl; +http://www.semrush.com/bot.html)"
85.208.96.195 - - [14/Nov/2024:17:28:54 +0530] "GET /product/A246454?c=444&keyword=composite HTTP/1.1" 200 77380 "-" "Mozilla/5.0 (compatible; SemrushBot/7~bl; +http://www.semrush.com/bot.html)"
85.208.96.208 - - [14/Nov/2024:17:28:57 +0530] "GET /product/A33150?c=43&keyword=calling HTTP/1.1" 200 77380 "-" "Mozilla/5.0 (compatible; SemrushBot/7~bl; +http://www.semrush.com/bot.html)"
66.249.68.35 - - [14/Nov/2024:17:29:11 +0530] "GET /124537068.phtml HTTP/1.1" 404 - "-" "Mozilla/5.0 (Linux; Android 6.0.1; Nexus 5X Build/MMB29P) AppleWebKit/537.36 (KHTML, like Gecko) Chrome/131.0.6778.69 Mobile Safari/537.36 (compatible; Googlebot/2.1; +http://www.google.com/bot.html)"
85.208.96.210 - - [14/Nov/2024:17:29:22 +0530] "GET /product/N514631?c=249&keyword=displease HTTP/1.1" 200 77380 "-" "Mozilla/5.0 (compatible; SemrushBot/7~bl; +http://www.semrush.com/bot.html)"
185.191.171.12 - - [14/Nov/2024:17:29:28 +0530] "GET /product/T784543?c=818&keyword=mobilehome HTTP/1.1" 200 77380 "-" "Mozilla/5.0 (compatible; SemrushBot/7~bl; +http://www.semrush.com/bot.html)"
185.191.171.5 - - [14/Nov/2024:17:29:33 +0530] "GET /product/L398773?c=517&keyword=Stanford HTTP/1.1" 200 77380 "-" "Mozilla/5.0 (compatible; SemrushBot/7~bl; +http://www.semrush.com/bot.html)"
85.208.96.195 - - [14/Nov/2024:17:29:53 +0530] "GET /12782988.phtml HTTP/1.1" 404 - "-" "Mozilla/5.0 (compatible; SemrushBot/7~bl; +http://www.semrush.com/bot.html)"
66.249.68.34 - - [14/Nov/2024:17:29:58 +0530] "GET /10571607.phtml HTTP/1.1" 404 - "-" "Mozilla/5.0 (Linux; Android 6.0.1; Nexus 5X Build/MMB29P) AppleWebKit/537.36 (KHTML, like Gecko) Chrome/131.0.6778.69 Mobile Safari/537.36 (compatible; Googlebot/2.1; +http://www.google.com/bot.html)"
85.208.96.206 - - [14/Nov/2024:17:30:06 +0530] "GET /product/F586747?c=135&keyword=sci-fi HTTP/1.1" 200 77380 "-" "Mozilla/5.0 (compatible; SemrushBot/7~bl; +http://www.semrush.com/bot.html)"
66.249.68.34 - - [14/Nov/2024:17:30:10 +0530] "GET /151160067.phtml HTTP/1.1" 404 - "-" "Mozilla/5.0 (Linux; Android 6.0.1; Nexus 5X Build/MMB29P) AppleWebKit/537.36 (KHTML, like Gecko) Chrome/131.0.6778.69 Mobile Safari/537.36 (compatible; Googlebot/2.1; +http://www.google.com/bot.html)"
66.249.68.34 - - [14/Nov/2024:17:30:26 +0530] "GET /11555271.phtml HTTP/1.1" 404 - "-" "Mozilla/5.0 (Linux; Android 6.0.1; Nexus 5X Build/MMB29P) AppleWebKit/537.36 (KHTML, like Gecko) Chrome/131.0.6778.69 Mobile Safari/537.36 (compatible; Googlebot/2.1; +http://www.google.com/bot.html)"
54.36.148.16 - - [14/Nov/2024:17:31:12 +0530] "GET /product/silver-ring-trible-2 HTTP/1.1" 200 858390 "-" "Mozilla/5.0 (compatible; AhrefsBot/7.0; +http://ahrefs.com/robot/)"
85.208.96.199 - - [14/Nov/2024:17:31:15 +0530] "GET /product/X466385?c=264&keyword=choice HTTP/1.1" 200 77380 "-" "Mozilla/5.0 (compatible; SemrushBot/7~bl; +http://www.semrush.com/bot.html)"
114.119.135.64 - - [14/Nov/2024:17:31:25 +0530] "GET /product/silver-ring-dotted-design HTTP/1.1" 200 858475 "https://www.krishnamexports.com/product/silver-cz-rings-line" "Mozilla/5.0 (Linux; Android 7.0;) AppleWebKit/537.36 (KHTML, like Gecko) Mobile Safari/537.36 (compatible; PetalBot;+https://webmaster.petalsearch.com/site/petalbot)"
185.191.171.3 - - [14/Nov/2024:17:31:26 +0530] "GET /product/G453056?c=565&keyword=freshman HTTP/1.1" 200 77380 "-" "Mozilla/5.0 (compatible; SemrushBot/7~bl; +http://www.semrush.com/bot.html)"
185.191.171.2 - - [14/Nov/2024:17:31:32 +0530] "GET /product/W847102?c=805&keyword=Lincoln HTTP/1.1" 200 77380 "-" "Mozilla/5.0 (compatible; SemrushBot/7~bl; +http://www.semrush.com/bot.html)"
66.249.68.34 - - [14/Nov/2024:17:31:39 +0530] "GET /208896867.phtml HTTP/1.1" 404 - "-" "Mozilla/5.0 (Linux; Android 6.0.1; Nexus 5X Build/MMB29P) AppleWebKit/537.36 (KHTML, like Gecko) Chrome/130.0.6723.116 Mobile Safari/537.36 (compatible; Googlebot/2.1; +http://www.google.com/bot.html)"
85.208.96.202 - - [14/Nov/2024:17:31:39 +0530] "GET /product/K577418?c=455&keyword=Addict HTTP/1.1" 200 77380 "-" "Mozilla/5.0 (compatible; SemrushBot/7~bl; +http://www.semrush.com/bot.html)"
85.208.96.206 - - [14/Nov/2024:17:32:03 +0530] "GET /product/G238946?c=866&keyword=perpetual HTTP/1.1" 200 77380 "-" "Mozilla/5.0 (compatible; SemrushBot/7~bl; +http://www.semrush.com/bot.html)"
85.208.96.205 - - [14/Nov/2024:17:32:07 +0530] "GET /product/Z580709?c=277&keyword=housekeeper HTTP/1.1" 200 77380 "-" "Mozilla/5.0 (compatible; SemrushBot/7~bl; +http://www.semrush.com/bot.html)"
66.249.68.34 - - [14/Nov/2024:17:32:08 +0530] "GET /29531682.phtml HTTP/1.1" 404 - "-" "Mozilla/5.0 (Linux; Android 6.0.1; Nexus 5X Build/MMB29P) AppleWebKit/537.36 (KHTML, like Gecko) Chrome/130.0.6723.116 Mobile Safari/537.36 (compatible; Googlebot/2.1; +http://www.google.com/bot.html)"
85.208.96.205 - - [14/Nov/2024:17:32:08 +0530] "GET /product/J243603?c=427&keyword=assessor HTTP/1.1" 200 77380 "-" "Mozilla/5.0 (compatible; SemrushBot/7~bl; +http://www.semrush.com/bot.html)"
66.249.68.36 - - [14/Nov/2024:17:32:10 +0530] "GET /180168030.phtml HTTP/1.1" 404 - "-" "Mozilla/5.0 (Linux; Android 6.0.1; Nexus 5X Build/MMB29P) AppleWebKit/537.36 (KHTML, like Gecko) Chrome/130.0.6723.116 Mobile Safari/537.36 (compatible; Googlebot/2.1; +http://www.google.com/bot.html)"
185.191.171.10 - - [14/Nov/2024:17:32:10 +0530] "GET /92331144.phtml HTTP/1.1" 404 - "-" "Mozilla/5.0 (compatible; SemrushBot/7~bl; +http://www.semrush.com/bot.html)"
185.191.171.3 - - [14/Nov/2024:17:32:27 +0530] "GET /product/E614358?c=576&keyword=diamond HTTP/1.1" 200 77380 "-" "Mozilla/5.0 (compatible; SemrushBot/7~bl; +http://www.semrush.com/bot.html)"
185.191.171.3 - - [14/Nov/2024:17:32:31 +0530] "GET /product/L33291?c=820&keyword=browse HTTP/1.1" 200 77380 "-" "Mozilla/5.0 (compatible; SemrushBot/7~bl; +http://www.semrush.com/bot.html)"
185.191.171.3 - - [14/Nov/2024:17:32:35 +0530] "GET /product/Z726465?c=354&keyword=perforce HTTP/1.1" 200 77380 "-" "Mozilla/5.0 (compatible; SemrushBot/7~bl; +http://www.semrush.com/bot.html)"
66.249.68.34 - - [14/Nov/2024:17:32:37 +0530] "GET /157460247.phtml HTTP/1.1" 404 - "-" "Mozilla/5.0 (Linux; Android 6.0.1; Nexus 5X Build/MMB29P) AppleWebKit/537.36 (KHTML, like Gecko) Chrome/130.0.6723.116 Mobile Safari/537.36 (compatible; Googlebot/2.1; +http://www.google.com/bot.html)"
66.249.68.34 - - [14/Nov/2024:17:32:38 +0530] "GET /201495816.phtml HTTP/1.1" 404 - "-" "Mozilla/5.0 (Linux; Android 6.0.1; Nexus 5X Build/MMB29P) AppleWebKit/537.36 (KHTML, like Gecko) Chrome/130.0.6723.116 Mobile Safari/537.36 (compatible; Googlebot/2.1; +http://www.google.com/bot.html)"
85.208.96.209 - - [14/Nov/2024:17:32:39 +0530] "GET /product/Y835508?c=738&keyword=capitation HTTP/1.1" 200 77380 "-" "Mozilla/5.0 (compatible; SemrushBot/7~bl; +http://www.semrush.com/bot.html)"
85.208.96.209 - - [14/Nov/2024:17:32:49 +0530] "GET /product/U639568?c=532&keyword=moped HTTP/1.1" 200 77380 "-" "Mozilla/5.0 (compatible; SemrushBot/7~bl; +http://www.semrush.com/bot.html)"
185.191.171.3 - - [14/Nov/2024:17:32:58 +0530] "GET /product/W94038?c=281&keyword=preference HTTP/1.1" 200 77380 "-" "Mozilla/5.0 (compatible; SemrushBot/7~bl; +http://www.semrush.com/bot.html)"
66.249.68.34 - - [14/Nov/2024:17:33:06 +0530] "GET /140602203.phtml HTTP/1.1" 404 - "-" "Mozilla/5.0 (Linux; Android 6.0.1; Nexus 5X Build/MMB29P) AppleWebKit/537.36 (KHTML, like Gecko) Chrome/130.0.6723.116 Mobile Safari/537.36 (compatible; Googlebot/2.1; +http://www.google.com/bot.html)"
66.249.68.35 - - [14/Nov/2024:17:33:07 +0530] "GET /86407290.phtml HTTP/1.1" 404 - "-" "Mozilla/5.0 (Linux; Android 6.0.1; Nexus 5X Build/MMB29P) AppleWebKit/537.36 (KHTML, like Gecko) Chrome/130.0.6723.116 Mobile Safari/537.36 (compatible; Googlebot/2.1; +http://www.google.com/bot.html)"
85.208.96.203 - - [14/Nov/2024:17:33:21 +0530] "GET /product/A975962?c=182&keyword=organization HTTP/1.1" 200 77380 "-" "Mozilla/5.0 (compatible; SemrushBot/7~bl; +http://www.semrush.com/bot.html)"
85.208.96.210 - - [14/Nov/2024:17:33:30 +0530] "GET /product/V214027?c=360&keyword=message HTTP/1.1" 200 77380 "-" "Mozilla/5.0 (compatible; SemrushBot/7~bl; +http://www.semrush.com/bot.html)"
66.249.68.34 - - [14/Nov/2024:17:33:35 +0530] "GET /165954150.phtml HTTP/1.1" 404 - "-" "Mozilla/5.0 (Linux; Android 6.0.1; Nexus 5X Build/MMB29P) AppleWebKit/537.36 (KHTML, like Gecko) Chrome/130.0.6723.116 Mobile Safari/537.36 (compatible; Googlebot/2.1; +http://www.google.com/bot.html)"
185.191.171.11 - - [14/Nov/2024:17:33:42 +0530] "GET /product/B731121?c=192&keyword=recuperation HTTP/1.1" 200 77380 "-" "Mozilla/5.0 (compatible; SemrushBot/7~bl; +http://www.semrush.com/bot.html)"
85.208.96.199 - - [14/Nov/2024:17:33:54 +0530] "GET /product/P297195?c=235&keyword=update HTTP/1.1" 200 77380 "-" "Mozilla/5.0 (compatible; SemrushBot/7~bl; +http://www.semrush.com/bot.html)"
66.249.68.36 - - [14/Nov/2024:17:34:03 +0530] "GET /31450491.phtml HTTP/1.1" 404 - "-" "Mozilla/5.0 (Linux; Android 6.0.1; Nexus 5X Build/MMB29P) AppleWebKit/537.36 (KHTML, like Gecko) Chrome/130.0.6723.116 Mobile Safari/537.36 (compatible; Googlebot/2.1; +http://www.google.com/bot.html)"
66.249.79.36 - - [14/Nov/2024:17:34:04 +0530] "GET /144102895.phtml HTTP/1.1" 404 - "-" "Mozilla/5.0 (Linux; Android 6.0.1; Nexus 5X Build/MMB29P) AppleWebKit/537.36 (KHTML, like Gecko) Chrome/130.0.6723.116 Mobile Safari/537.36 (compatible; Googlebot/2.1; +http://www.google.com/bot.html)"
185.191.171.10 - - [14/Nov/2024:17:34:05 +0530] "GET /product/V602935?c=542&keyword=mythic HTTP/1.1" 200 77380 "-" "Mozilla/5.0 (compatible; SemrushBot/7~bl; +http://www.semrush.com/bot.html)"
54.36.149.86 - - [14/Nov/2024:17:34:07 +0530] "GET /product/square-silver-cufflinks-with-gemstone-1 HTTP/1.1" 200 403738 "-" "Mozilla/5.0 (compatible; AhrefsBot/7.0; +http://ahrefs.com/robot/)"
185.191.171.10 - - [14/Nov/2024:17:34:28 +0530] "GET /product/M681264?c=952&keyword=reflector HTTP/1.1" 200 77380 "-" "Mozilla/5.0 (compatible; SemrushBot/7~bl; +http://www.semrush.com/bot.html)"
185.191.171.10 - - [14/Nov/2024:17:34:46 +0530] "GET /213591060.phtml HTTP/1.1" 404 - "-" "Mozilla/5.0 (compatible; SemrushBot/7~bl; +http://www.semrush.com/bot.html)"
85.208.96.198 - - [14/Nov/2024:17:34:52 +0530] "GET /69435036.phtml HTTP/1.1" 404 - "-" "Mozilla/5.0 (compatible; SemrushBot/7~bl; +http://www.semrush.com/bot.html)"
185.191.171.11 - - [14/Nov/2024:17:35:17 +0530] "GET /product/E935380?c=413&keyword=marshal HTTP/1.1" 200 77380 "-" "Mozilla/5.0 (compatible; SemrushBot/7~bl; +http://www.semrush.com/bot.html)"
66.249.68.34 - - [14/Nov/2024:17:35:26 +0530] "GET /246901662.phtml HTTP/1.1" 404 - "-" "Mozilla/5.0 (Linux; Android 6.0.1; Nexus 5X Build/MMB29P) AppleWebKit/537.36 (KHTML, like Gecko) Chrome/130.0.6723.116 Mobile Safari/537.36 (compatible; Googlebot/2.1; +http://www.google.com/bot.html)"
66.249.68.35 - - [14/Nov/2024:17:35:27 +0530] "GET /28895670.phtml HTTP/1.1" 404 - "-" "Mozilla/5.0 (Linux; Android 6.0.1; Nexus 5X Build/MMB29P) AppleWebKit/537.36 (KHTML, like Gecko) Chrome/130.0.6723.116 Mobile Safari/537.36 (compatible; Googlebot/2.1; +http://www.google.com/bot.html)"
185.191.171.13 - - [14/Nov/2024:17:35:45 +0530] "GET /117326043.phtml HTTP/1.1" 404 - "-" "Mozilla/5.0 (compatible; SemrushBot/7~bl; +http://www.semrush.com/bot.html)"
185.191.171.13 - - [14/Nov/2024:17:35:46 +0530] "GET /product/H890845?c=817&keyword=symmetric HTTP/1.1" 200 77380 "-" "Mozilla/5.0 (compatible; SemrushBot/7~bl; +http://www.semrush.com/bot.html)"
66.249.68.34 - - [14/Nov/2024:17:35:55 +0530] "GET /78864165.phtml HTTP/1.1" 404 - "-" "Mozilla/5.0 (Linux; Android 6.0.1; Nexus 5X Build/MMB29P) AppleWebKit/537.36 (KHTML, like Gecko) Chrome/130.0.6723.116 Mobile Safari/537.36 (compatible; Googlebot/2.1; +http://www.google.com/bot.html)"
85.208.96.197 - - [14/Nov/2024:17:35:57 +0530] "GET /product/Y859766?c=93&keyword=ramshackle HTTP/1.1" 200 77380 "-" "Mozilla/5.0 (compatible; SemrushBot/7~bl; +http://www.semrush.com/bot.html)"
114.119.155.230 - - [14/Nov/2024:17:36:17 +0530] "GET /subcategory/bracelets HTTP/1.1" 200 183206 "https://www.krishnamexports.com/category/pendants&=10" "Mozilla/5.0 (Linux; Android 7.0;) AppleWebKit/537.36 (KHTML, like Gecko) Mobile Safari/537.36 (compatible; PetalBot;+https://webmaster.petalsearch.com/site/petalbot)"
185.191.171.3 - - [14/Nov/2024:17:36:19 +0530] "GET /product/W857346?c=119&keyword=perpetual HTTP/1.1" 200 77380 "-" "Mozilla/5.0 (compatible; SemrushBot/7~bl; +http://www.semrush.com/bot.html)"
185.191.171.13 - - [14/Nov/2024:17:36:22 +0530] "GET /product/X321773?c=588&keyword=Stanford HTTP/1.1" 200 77380 "-" "Mozilla/5.0 (compatible; SemrushBot/7~bl; +http://www.semrush.com/bot.html)"
66.249.68.36 - - [14/Nov/2024:17:36:23 +0530] "GET /211216950.phtml HTTP/1.1" 404 - "-" "Mozilla/5.0 (Linux; Android 6.0.1; Nexus 5X Build/MMB29P) AppleWebKit/537.36 (KHTML, like Gecko) Chrome/130.0.6723.116 Mobile Safari/537.36 (compatible; Googlebot/2.1; +http://www.google.com/bot.html)"
66.249.68.35 - - [14/Nov/2024:17:36:24 +0530] "GET /191259684.phtml HTTP/1.1" 404 - "-" "Mozilla/5.0 (Linux; Android 6.0.1; Nexus 5X Build/MMB29P) AppleWebKit/537.36 (KHTML, like Gecko) Chrome/130.0.6723.116 Mobile Safari/537.36 (compatible; Googlebot/2.1; +http://www.google.com/bot.html)"
66.249.68.36 - - [14/Nov/2024:17:36:24 +0530] "GET /195496308.phtml HTTP/1.1" 404 - "-" "Mozilla/5.0 (Linux; Android 6.0.1; Nexus 5X Build/MMB29P) AppleWebKit/537.36 (KHTML, like Gecko) Chrome/130.0.6723.116 Mobile Safari/537.36 (compatible; Googlebot/2.1; +http://www.google.com/bot.html)"
85.208.96.211 - - [14/Nov/2024:17:36:30 +0530] "GET /product/J531865?c=368&keyword=perforce HTTP/1.1" 200 77380 "-" "Mozilla/5.0 (compatible; SemrushBot/7~bl; +http://www.semrush.com/bot.html)"
185.191.171.19 - - [14/Nov/2024:17:36:38 +0530] "GET /product/S466510?c=549&keyword=rouge HTTP/1.1" 200 77380 "-" "Mozilla/5.0 (compatible; SemrushBot/7~bl; +http://www.semrush.com/bot.html)"
85.208.96.209 - - [14/Nov/2024:17:36:42 +0530] "GET /product/E72856?c=82&keyword=freshman HTTP/1.1" 200 77380 "-" "Mozilla/5.0 (compatible; SemrushBot/7~bl; +http://www.semrush.com/bot.html)"
185.191.171.19 - - [14/Nov/2024:17:36:44 +0530] "GET /product/G813156?c=413&keyword=freshman HTTP/1.1" 200 77380 "-" "Mozilla/5.0 (compatible; SemrushBot/7~bl; +http://www.semrush.com/bot.html)"
185.191.171.10 - - [14/Nov/2024:17:36:49 +0530] "GET /product/L695329?c=974&keyword=seamless HTTP/1.1" 200 77380 "-" "Mozilla/5.0 (compatible; SemrushBot/7~bl; +http://www.semrush.com/bot.html)"
54.36.149.59 - - [14/Nov/2024:17:36:49 +0530] "GET /product/silver-earring-with-gemstone-12 HTTP/1.1" 200 1077033 "-" "Mozilla/5.0 (compatible; AhrefsBot/7.0; +http://ahrefs.com/robot/)"
85.208.96.197 - - [14/Nov/2024:17:36:51 +0530] "GET /121208373.phtml HTTP/1.1" 404 - "-" "Mozilla/5.0 (compatible; SemrushBot/7~bl; +http://www.semrush.com/bot.html)"
66.249.68.34 - - [14/Nov/2024:17:36:52 +0530] "GET /155243196.phtml HTTP/1.1" 404 - "-" "Mozilla/5.0 (Linux; Android 6.0.1; Nexus 5X Build/MMB29P) AppleWebKit/537.36 (KHTML, like Gecko) Chrome/130.0.6723.116 Mobile Safari/537.36 (compatible; Googlebot/2.1; +http://www.google.com/bot.html)"
85.208.96.196 - - [14/Nov/2024:17:36:55 +0530] "GET /product/D373935?c=869&keyword=mythic HTTP/1.1" 200 77380 "-" "Mozilla/5.0 (compatible; SemrushBot/7~bl; +http://www.semrush.com/bot.html)"
85.208.96.204 - - [14/Nov/2024:17:36:58 +0530] "GET /product/P353589?c=670&keyword=enquire HTTP/1.1" 200 77380 "-" "Mozilla/5.0 (compatible; SemrushBot/7~bl; +http://www.semrush.com/bot.html)"
185.191.171.16 - - [14/Nov/2024:17:37:04 +0530] "GET /product/T174115?c=342&keyword=peroration HTTP/1.1" 200 77380 "-" "Mozilla/5.0 (compatible; SemrushBot/7~bl; +http://www.semrush.com/bot.html)"
185.191.171.19 - - [14/Nov/2024:17:37:20 +0530] "GET /product/V474209?c=46&keyword=housekeeper HTTP/1.1" 200 77380 "-" "Mozilla/5.0 (compatible; SemrushBot/7~bl; +http://www.semrush.com/bot.html)"
185.191.171.9 - - [14/Nov/2024:17:37:32 +0530] "GET /product/E984910?c=97&keyword=rouge HTTP/1.1" 200 77380 "-" "Mozilla/5.0 (compatible; SemrushBot/7~bl; +http://www.semrush.com/bot.html)"
85.208.96.197 - - [14/Nov/2024:17:38:01 +0530] "GET /product/T102693?c=845&keyword=influenza HTTP/1.1" 200 77380 "-" "Mozilla/5.0 (compatible; SemrushBot/7~bl; +http://www.semrush.com/bot.html)"
85.208.96.200 - - [14/Nov/2024:17:38:08 +0530] "GET /product/I386914?c=459&keyword=recycling HTTP/1.1" 200 77380 "-" "Mozilla/5.0 (compatible; SemrushBot/7~bl; +http://www.semrush.com/bot.html)"
185.191.171.14 - - [14/Nov/2024:17:38:12 +0530] "GET /131915682.phtml HTTP/1.1" 404 - "-" "Mozilla/5.0 (compatible; SemrushBot/7~bl; +http://www.semrush.com/bot.html)"
85.208.96.194 - - [14/Nov/2024:17:38:17 +0530] "GET /robots.txt HTTP/1.1" 404 - "-" "Mozilla/5.0 (compatible; SemrushBot/7~bl; +http://www.semrush.com/bot.html)"
185.191.171.12 - - [14/Nov/2024:17:38:19 +0530] "GET /product/D64457?c=521&keyword=conception HTTP/1.1" 200 77380 "-" "Mozilla/5.0 (compatible; SemrushBot/7~bl; +http://www.semrush.com/bot.html)"
66.249.68.35 - - [14/Nov/2024:17:38:27 +0530] "GET /119243556.phtml HTTP/1.1" 404 - "-" "Mozilla/5.0 (Linux; Android 6.0.1; Nexus 5X Build/MMB29P) AppleWebKit/537.36 (KHTML, like Gecko) Chrome/130.0.6723.116 Mobile Safari/537.36 (compatible; GoogleOther)"
85.208.96.206 - - [14/Nov/2024:17:38:33 +0530] "GET /product/J907565?c=576&keyword=perforce HTTP/1.1" 200 77380 "-" "Mozilla/5.0 (compatible; SemrushBot/7~bl; +http://www.semrush.com/bot.html)"
85.208.96.204 - - [14/Nov/2024:17:39:09 +0530] "GET /224047431.phtml HTTP/1.1" 404 - "-" "Mozilla/5.0 (compatible; SemrushBot/7~bl; +http://www.semrush.com/bot.html)"
185.191.171.5 - - [14/Nov/2024:17:39:34 +0530] "GET /product/Y315950?c=119&keyword=calling HTTP/1.1" 200 77380 "-" "Mozilla/5.0 (compatible; SemrushBot/7~bl; +http://www.semrush.com/bot.html)"
66.249.68.34 - - [14/Nov/2024:17:39:36 +0530] "GET /168080319.phtml HTTP/1.1" 404 - "-" "Mozilla/5.0 (Linux; Android 6.0.1; Nexus 5X Build/MMB29P) AppleWebKit/537.36 (KHTML, like Gecko) Chrome/130.0.6723.116 Mobile Safari/537.36 (compatible; Googlebot/2.1; +http://www.google.com/bot.html)"
54.36.149.100 - - [14/Nov/2024:17:39:57 +0530] "GET /product/square-silver-cufflinks-with-gemstone-2 HTTP/1.1" 200 403738 "-" "Mozilla/5.0 (compatible; AhrefsBot/7.0; +http://ahrefs.com/robot/)"
185.191.171.6 - - [14/Nov/2024:17:40:02 +0530] "GET /product/K857230?c=192&keyword=navigate HTTP/1.1" 200 77380 "-" "Mozilla/5.0 (compatible; SemrushBot/7~bl; +http://www.semrush.com/bot.html)"
66.249.68.34 - - [14/Nov/2024:17:40:04 +0530] "GET /30589380.phtml HTTP/1.1" 404 - "-" "Mozilla/5.0 (Linux; Android 6.0.1; Nexus 5X Build/MMB29P) AppleWebKit/537.36 (KHTML, like Gecko) Chrome/130.0.6723.116 Mobile Safari/537.36 (compatible; Googlebot/2.1; +http://www.google.com/bot.html)"
185.191.171.19 - - [14/Nov/2024:17:40:07 +0530] "GET /product/C868584?c=884&keyword=hesitantly HTTP/1.1" 200 77380 "-" "Mozilla/5.0 (compatible; SemrushBot/7~bl; +http://www.semrush.com/bot.html)"
85.208.96.207 - - [14/Nov/2024:17:40:10 +0530] "GET /product/I617040?c=790&keyword=sucrose HTTP/1.1" 200 77380 "-" "Mozilla/5.0 (compatible; SemrushBot/7~bl; +http://www.semrush.com/bot.html)"
85.208.96.196 - - [14/Nov/2024:17:40:12 +0530] "GET /209378331.phtml HTTP/1.1" 404 - "-" "Mozilla/5.0 (compatible; SemrushBot/7~bl; +http://www.semrush.com/bot.html)"
185.191.171.12 - - [14/Nov/2024:17:40:31 +0530] "GET /244024380.phtml HTTP/1.1" 404 - "-" "Mozilla/5.0 (compatible; SemrushBot/7~bl; +http://www.semrush.com/bot.html)"
66.249.68.34 - - [14/Nov/2024:17:40:32 +0530] "GET /141700239.phtml HTTP/1.1" 404 - "-" "Mozilla/5.0 (Linux; Android 6.0.1; Nexus 5X Build/MMB29P) AppleWebKit/537.36 (KHTML, like Gecko) Chrome/130.0.6723.116 Mobile Safari/537.36 (compatible; Googlebot/2.1; +http://www.google.com/bot.html)"
85.208.96.212 - - [14/Nov/2024:17:40:54 +0530] "GET /product/F947471?c=28&keyword=Taipei HTTP/1.1" 200 77380 "-" "Mozilla/5.0 (compatible; SemrushBot/7~bl; +http://www.semrush.com/bot.html)"
185.191.171.14 - - [14/Nov/2024:17:40:58 +0530] "GET /product/T618793?c=247&keyword=influenza HTTP/1.1" 200 77380 "-" "Mozilla/5.0 (compatible; SemrushBot/7~bl; +http://www.semrush.com/bot.html)"
66.249.68.34 - - [14/Nov/2024:17:41:00 +0530] "GET /143174682.phtml HTTP/1.1" 404 - "-" "Mozilla/5.0 (Linux; Android 6.0.1; Nexus 5X Build/MMB29P) AppleWebKit/537.36 (KHTML, like Gecko) Chrome/130.0.6723.116 Mobile Safari/537.36 (compatible; Googlebot/2.1; +http://www.google.com/bot.html)"
66.249.68.35 - - [14/Nov/2024:17:41:01 +0530] "GET /136853847.phtml HTTP/1.1" 404 - "-" "Mozilla/5.0 (Linux; Android 6.0.1; Nexus 5X Build/MMB29P) AppleWebKit/537.36 (KHTML, like Gecko) Chrome/130.0.6723.116 Mobile Safari/537.36 (compatible; Googlebot/2.1; +http://www.google.com/bot.html)"
185.191.171.5 - - [14/Nov/2024:17:41:03 +0530] "GET /product/A403364?c=322&keyword=reflector HTTP/1.1" 200 77380 "-" "Mozilla/5.0 (compatible; SemrushBot/7~bl; +http://www.semrush.com/bot.html)"
85.208.96.212 - - [14/Nov/2024:17:41:06 +0530] "GET /product/L687503?c=855&keyword=assessor HTTP/1.1" 200 77380 "-" "Mozilla/5.0 (compatible; SemrushBot/7~bl; +http://www.semrush.com/bot.html)"
185.191.171.3 - - [14/Nov/2024:17:41:09 +0530] "GET /product/S375900?c=16&keyword=stair HTTP/1.1" 200 77380 "-" "Mozilla/5.0 (compatible; SemrushBot/7~bl; +http://www.semrush.com/bot.html)"
85.208.96.206 - - [14/Nov/2024:17:41:13 +0530] "GET /product/V936411?c=481&keyword=troupe HTTP/1.1" 200 77380 "-" "Mozilla/5.0 (compatible; SemrushBot/7~bl; +http://www.semrush.com/bot.html)"
185.191.171.13 - - [14/Nov/2024:17:41:16 +0530] "GET /product/R988017?c=866&keyword=waveform HTTP/1.1" 200 77380 "-" "Mozilla/5.0 (compatible; SemrushBot/7~bl; +http://www.semrush.com/bot.html)"
114.119.156.133 - - [14/Nov/2024:17:41:18 +0530] "GET /product/silver-ring-claddagh HTTP/1.1" 200 858427 "https://www.krishnamexports.com/product/silver-cz-rings-line" "Mozilla/5.0 (Linux; Android 7.0;) AppleWebKit/537.36 (KHTML, like Gecko) Mobile Safari/537.36 (compatible; PetalBot;+https://webmaster.petalsearch.com/site/petalbot)"
185.191.171.14 - - [14/Nov/2024:17:41:27 +0530] "GET /product/C70982?c=351&keyword=insignificant HTTP/1.1" 200 77380 "-" "Mozilla/5.0 (compatible; SemrushBot/7~bl; +http://www.semrush.com/bot.html)"
66.249.68.35 - - [14/Nov/2024:17:41:29 +0530] "GET /88654635.phtml HTTP/1.1" 404 - "-" "Mozilla/5.0 (Linux; Android 6.0.1; Nexus 5X Build/MMB29P) AppleWebKit/537.36 (KHTML, like Gecko) Chrome/130.0.6723.116 Mobile Safari/537.36 (compatible; Googlebot/2.1; +http://www.google.com/bot.html)"
66.249.68.35 - - [14/Nov/2024:17:41:30 +0530] "GET /55584198.phtml HTTP/1.1" 404 - "-" "Mozilla/5.0 (Linux; Android 6.0.1; Nexus 5X Build/MMB29P) AppleWebKit/537.36 (KHTML, like Gecko) Chrome/130.0.6723.116 Mobile Safari/537.36 (compatible; Googlebot/2.1; +http://www.google.com/bot.html)"
185.191.171.11 - - [14/Nov/2024:17:41:32 +0530] "GET /product/N208585?c=248&keyword=choice HTTP/1.1" 200 77380 "-" "Mozilla/5.0 (compatible; SemrushBot/7~bl; +http://www.semrush.com/bot.html)"
185.191.171.19 - - [14/Nov/2024:17:41:37 +0530] "GET /product/W747574?c=794&keyword=unusable HTTP/1.1" 200 77380 "-" "Mozilla/5.0 (compatible; SemrushBot/7~bl; +http://www.semrush.com/bot.html)"
66.249.68.34 - - [14/Nov/2024:17:41:58 +0530] "GET /85977261.phtml HTTP/1.1" 404 - "-" "Mozilla/5.0 (Linux; Android 6.0.1; Nexus 5X Build/MMB29P) AppleWebKit/537.36 (KHTML, like Gecko) Chrome/130.0.6723.116 Mobile Safari/537.36 (compatible; Googlebot/2.1; +http://www.google.com/bot.html)"
66.249.68.34 - - [14/Nov/2024:17:41:58 +0530] "GET /58833432.phtml HTTP/1.1" 404 - "-" "Mozilla/5.0 (Linux; Android 6.0.1; Nexus 5X Build/MMB29P) AppleWebKit/537.36 (KHTML, like Gecko) Chrome/130.0.6723.116 Mobile Safari/537.36 (compatible; Googlebot/2.1; +http://www.google.com/bot.html)"
85.208.96.212 - - [14/Nov/2024:17:42:09 +0530] "GET /product/W840134?c=891&keyword=protein HTTP/1.1" 200 77380 "-" "Mozilla/5.0 (compatible; SemrushBot/7~bl; +http://www.semrush.com/bot.html)"
185.191.171.4 - - [14/Nov/2024:17:42:32 +0530] "GET /22789647.phtml HTTP/1.1" 404 - "-" "Mozilla/5.0 (compatible; SemrushBot/7~bl; +http://www.semrush.com/bot.html)"
85.208.96.207 - - [14/Nov/2024:17:42:35 +0530] "GET /product/B735411?c=692&keyword=troupe HTTP/1.1" 200 77380 "-" "Mozilla/5.0 (compatible; SemrushBot/7~bl; +http://www.semrush.com/bot.html)"
185.191.171.8 - - [14/Nov/2024:17:42:45 +0530] "GET /product/O954318?c=502&keyword=Addict HTTP/1.1" 200 77380 "-" "Mozilla/5.0 (compatible; SemrushBot/7~bl; +http://www.semrush.com/bot.html)"
66.249.68.36 - - [14/Nov/2024:17:42:53 +0530] "GET /157109274.phtml HTTP/1.1" 404 - "-" "Mozilla/5.0 (Linux; Android 6.0.1; Nexus 5X Build/MMB29P) AppleWebKit/537.36 (KHTML, like Gecko) Chrome/130.0.6723.116 Mobile Safari/537.36 (compatible; Googlebot/2.1; +http://www.google.com/bot.html)"
54.36.148.99 - - [14/Nov/2024:17:42:54 +0530] "GET /product/-silver-ring-with-gemstone HTTP/1.1" 200 859070 "-" "Mozilla/5.0 (compatible; AhrefsBot/7.0; +http://ahrefs.com/robot/)"
66.249.68.36 - - [14/Nov/2024:17:43:10 +0530] "GET /180988317.phtml HTTP/1.1" 404 - "-" "Mozilla/5.0 (Linux; Android 6.0.1; Nexus 5X Build/MMB29P) AppleWebKit/537.36 (KHTML, like Gecko) Chrome/131.0.6778.69 Mobile Safari/537.36 (compatible; Googlebot/2.1; +http://www.google.com/bot.html)"
66.249.68.35 - - [14/Nov/2024:17:43:21 +0530] "GET /124727094.phtml HTTP/1.1" 404 - "-" "Mozilla/5.0 (Linux; Android 6.0.1; Nexus 5X Build/MMB29P) AppleWebKit/537.36 (KHTML, like Gecko) Chrome/130.0.6723.116 Mobile Safari/537.36 (compatible; Googlebot/2.1; +http://www.google.com/bot.html)"
185.191.171.19 - - [14/Nov/2024:17:43:34 +0530] "GET /product/D550215?c=38&keyword=peroration HTTP/1.1" 200 77380 "-" "Mozilla/5.0 (compatible; SemrushBot/7~bl; +http://www.semrush.com/bot.html)"
185.191.171.18 - - [14/Nov/2024:17:43:44 +0530] "GET /product/D392369?c=456&keyword=moisture HTTP/1.1" 200 77380 "-" "Mozilla/5.0 (compatible; SemrushBot/7~bl; +http://www.semrush.com/bot.html)"
66.249.68.34 - - [14/Nov/2024:17:43:49 +0530] "GET /186205770.phtml HTTP/1.1" 404 - "-" "Mozilla/5.0 (Linux; Android 6.0.1; Nexus 5X Build/MMB29P) AppleWebKit/537.36 (KHTML, like Gecko) Chrome/130.0.6723.116 Mobile Safari/537.36 (compatible; Googlebot/2.1; +http://www.google.com/bot.html)"
66.249.68.34 - - [14/Nov/2024:17:43:50 +0530] "GET /58309767.phtml HTTP/1.1" 404 - "-" "Mozilla/5.0 (Linux; Android 6.0.1; Nexus 5X Build/MMB29P) AppleWebKit/537.36 (KHTML, like Gecko) Chrome/130.0.6723.116 Mobile Safari/537.36 (compatible; Googlebot/2.1; +http://www.google.com/bot.html)"
185.191.171.15 - - [14/Nov/2024:17:44:26 +0530] "GET /product/V379855?c=87&keyword=reproduce HTTP/1.1" 200 77380 "-" "Mozilla/5.0 (compatible; SemrushBot/7~bl; +http://www.semrush.com/bot.html)"
185.191.171.16 - - [14/Nov/2024:17:44:30 +0530] "GET /product/U779630?c=861&keyword=navigate HTTP/1.1" 200 77380 "-" "Mozilla/5.0 (compatible; SemrushBot/7~bl; +http://www.semrush.com/bot.html)"
185.191.171.8 - - [14/Nov/2024:17:44:38 +0530] "GET /product/H870435?c=529&keyword=mythic HTTP/1.1" 200 77380 "-" "Mozilla/5.0 (compatible; SemrushBot/7~bl; +http://www.semrush.com/bot.html)"
66.249.68.36 - - [14/Nov/2024:17:44:45 +0530] "GET /180995445.phtml HTTP/1.1" 404 - "-" "Mozilla/5.0 (Linux; Android 6.0.1; Nexus 5X Build/MMB29P) AppleWebKit/537.36 (KHTML, like Gecko) Chrome/130.0.6723.116 Mobile Safari/537.36 (compatible; Googlebot/2.1; +http://www.google.com/bot.html)"
185.191.171.6 - - [14/Nov/2024:17:44:55 +0530] "GET /product/Y655328?c=718&keyword=flight HTTP/1.1" 200 77380 "-" "Mozilla/5.0 (compatible; SemrushBot/7~bl; +http://www.semrush.com/bot.html)"
185.191.171.5 - - [14/Nov/2024:17:44:56 +0530] "GET /137898990.phtml HTTP/1.1" 404 - "-" "Mozilla/5.0 (compatible; SemrushBot/7~bl; +http://www.semrush.com/bot.html)"
85.208.96.207 - - [14/Nov/2024:17:45:00 +0530] "GET /product/Z939431?c=880&keyword=displease HTTP/1.1" 200 77380 "-" "Mozilla/5.0 (compatible; SemrushBot/7~bl; +http://www.semrush.com/bot.html)"
85.208.96.209 - - [14/Nov/2024:17:45:04 +0530] "GET /product/22.html?product_id=812 HTTP/1.1" 200 77380 "-" "Mozilla/5.0 (compatible; SemrushBot/7~bl; +http://www.semrush.com/bot.html)"
